207.46.199.185 - - [24/Nov/2010:15:04:10 -0800] "GET / HTTP/1.1" 200 6179 "-" "Mozilla/5.0 (compatible; bingbot/2.0; +http://www.bing.com/bingbot.htm)"
66.249.67.141 - - [24/Nov/2010:15:13:51 -0800] "GET /robots.txt HTTP/1.1" 302 357 "-" "Mozilla/5.0 (compatible; Googlebot/2.1; +http://www.google.com/bot.html)"
66.249.67.141 - - [24/Nov/2010:15:13:51 -0800] "GET / HTTP/1.1" 200 6179 "-" "Mozilla/5.0 (compatible; Googlebot/2.1; +http://www.google.com/bot.html)"
66.249.67.141 - - [24/Nov/2010:15:13:52 -0800] "GET /2girls4lokos-access.log HTTP/1.1" 200 53771 "-" "Mozilla/5.0 (compatible; Googlebot/2.1; +http://www.google.com/bot.html)"
123.125.71.84 - - [24/Nov/2010:15:22:06 -0800] "GET / HTTP/1.1" 200 6179 "-" "Baiduspider+(+http://www.baidu.com/search/spider.htm)"
123.125.71.73 - - [24/Nov/2010:15:25:54 -0800] "GET /ferality-access.log HTTP/1.1" 200 40297 "-" "Baiduspider+(+http://www.baidu.com/search/spider.htm)"
123.125.71.84 - - [24/Nov/2010:15:29:46 -0800] "GET /dustinharley-access.log HTTP/1.1" 200 35528 "-" "Baiduspider+(+http://www.baidu.com/search/spider.htm)"
91.144.147.99 - - [24/Nov/2010:15:32:09 -0800] "GET //index.php?option=com_jcalpro&view=../../../../../../../../../../../../../../../proc/self/environ%00 HTTP/1.1" 302 360 "-" "libwww-perl/5.816"
91.144.147.99 - - [24/Nov/2010:15:32:10 -0800] "GET / HTTP/1.1" 200 6179 "-" "libwww-perl/5.816"
209.216.189.146 - - [24/Nov/2010:16:16:15 -0800] "GET / HTTP/1.1" 200 6180 "-" "Mozilla/5.0 (Windows; U; Windows NT 5.1; en-US; rv:1.9.2.12) Gecko/20101026 Firefox/3.6.12 ( .NET CLR 3.5.30729)"
209.216.189.146 - - [24/Nov/2010:16:16:15 -0800] "GET /icons/blank.gif HTTP/1.1" 200 148 "http://logs.sharkbomb.com/" "Mozilla/5.0 (Windows; U; Windows NT 5.1; en-US; rv:1.9.2.12) Gecko/20101026 Firefox/3.6.12 ( .NET CLR 3.5.30729)"
209.216.189.146 - - [24/Nov/2010:16:16:15 -0800] "GET /icons/text.gif HTTP/1.1" 200 229 "http://logs.sharkbomb.com/" "Mozilla/5.0 (Windows; U; Windows NT 5.1; en-US; rv:1.9.2.12) Gecko/20101026 Firefox/3.6.12 ( .NET CLR 3.5.30729)"
209.216.189.146 - - [24/Nov/2010:16:16:16 -0800] "GET /icons/folder.gif HTTP/1.1" 200 225 "http://logs.sharkbomb.com/" "Mozilla/5.0 (Windows; U; Windows NT 5.1; en-US; rv:1.9.2.12) Gecko/20101026 Firefox/3.6.12 ( .NET CLR 3.5.30729)"
209.216.189.146 - - [24/Nov/2010:16:16:16 -0800] "GET /favicon.ico HTTP/1.1" 302 358 "-" "Mozilla/5.0 (Windows; U; Windows NT 5.1; en-US; rv:1.9.2.12) Gecko/20101026 Firefox/3.6.12 ( .NET CLR 3.5.30729)"
209.216.189.146 - - [24/Nov/2010:16:16:17 -0800] "GET / HTTP/1.1" 200 6179 "-" "Mozilla/5.0 (Windows; U; Windows NT 5.1; en-US; rv:1.9.2.12) Gecko/20101026 Firefox/3.6.12 ( .NET CLR 3.5.30729)"
209.216.189.146 - - [24/Nov/2010:16:16:21 -0800] "GET /2girls4lokos-access.log HTTP/1.1" 200 53771 "http://logs.sharkbomb.com/" "Mozilla/5.0 (Windows; U; Windows NT 5.1; en-US; rv:1.9.2.12) Gecko/20101026 Firefox/3.6.12 ( .NET CLR 3.5.30729)"
209.216.189.146 - - [24/Nov/2010:16:16:23 -0800] "GET / HTTP/1.1" 200 6179 "-" "Mozilla/5.0 (Windows; U; Windows NT 5.1; en-US; rv:1.9.2.12) Gecko/20101026 Firefox/3.6.12 ( .NET CLR 3.5.30729)"
209.216.189.146 - - [24/Nov/2010:16:16:35 -0800] "GET / HTTP/1.1" 200 6179 "-" "Mozilla/5.0 (Windows; U; Windows NT 5.1; en-US; rv:1.9.2.12) Gecko/20101026 Firefox/3.6.12 ( .NET CLR 3.5.30729)"
209.216.189.146 - - [24/Nov/2010:16:16:38 -0800] "GET /2girls4lokos-error.log HTTP/1.1" 200 12122 "http://logs.sharkbomb.com/" "Mozilla/5.0 (Windows; U; Windows NT 5.1; en-US; rv:1.9.2.12) Gecko/20101026 Firefox/3.6.12 ( .NET CLR 3.5.30729)"
209.216.189.146 - - [24/Nov/2010:16:16:39 -0800] "GET / HTTP/1.1" 200 6179 "-" "Mozilla/5.0 (Windows; U; Windows NT 5.1; en-US; rv:1.9.2.12) Gecko/20101026 Firefox/3.6.12 ( .NET CLR 3.5.30729)"
209.216.189.146 - - [24/Nov/2010:16:16:53 -0800] "GET / HTTP/1.1" 200 6179 "-" "Mozilla/5.0 (Windows; U; Windows NT 5.1; en-US; rv:1.9.2.12) Gecko/20101026 Firefox/3.6.12 ( .NET CLR 3.5.30729)"
209.216.189.146 - - [24/Nov/2010:16:16:56 -0800] "GET /ferality-access.log HTTP/1.1" 200 40467 "http://logs.sharkbomb.com/" "Mozilla/5.0 (Windows; U; Windows NT 5.1; en-US; rv:1.9.2.12) Gecko/20101026 Firefox/3.6.12 ( .NET CLR 3.5.30729)"
209.216.189.146 - - [24/Nov/2010:16:16:58 -0800] "GET / HTTP/1.1" 200 6179 "-" "Mozilla/5.0 (Windows; U; Windows NT 5.1; en-US; rv:1.9.2.12) Gecko/20101026 Firefox/3.6.12 ( .NET CLR 3.5.30729)"
91.201.66.28 - - [24/Nov/2010:16:49:13 -0800] "GET / HTTP/1.0" 200 6181 "http://casinoguideblog.com/" "Mozilla/4.0 (compatible; MSIE 5.5; Windows NT 5.0)"
91.201.66.28 - - [24/Nov/2010:16:49:13 -0800] "GET / HTTP/1.0" 200 6181 "http://casinoguideblog.com/" "Mozilla/4.0 (compatible; MSIE 6.0; Windows NT 5.0; Avant Browser [avantbrowser.com]; Hotbar 4.4.5.0)"
91.201.66.28 - - [24/Nov/2010:16:49:14 -0800] "GET / HTTP/1.0" 200 6181 "http://casinoguideblog.com/" "Mozilla/4.0 (compatible; MSIE 6.0; Windows NT 5.1; en) Opera 8.00"
91.201.66.28 - - [24/Nov/2010:16:49:15 -0800] "GET / HTTP/1.0" 200 6181 "http://casinoguideblog.com/" "Mozilla/4.0 (compatible; MSIE 6.0; Windows NT 5.1; FREE; .NET CLR 1.1.4322)"
91.201.66.28 - - [24/Nov/2010:16:49:15 -0800] "GET / HTTP/1.0" 200 6181 "http://casinoguideblog.com/" "Mozilla/4.0 (compatible; MSIE 5.5; Windows NT 4.0; .NET CLR 1.0.2914)"
41.154.88.45 - - [24/Nov/2010:17:15:34 -0800] "HEAD /sharkbomb-error.log HTTP/1.0" 200 - "http://storesite.biz/blog/" "Mozilla/5.0 (Windows; U; Windows NT 5.1; en-US; rv:1.9.0.14) Gecko/2009082707 Firefox/3.0.14 (.NET CLR 3.5.30729)"
220.181.108.183 - - [24/Nov/2010:17:18:16 -0800] "GET / HTTP/1.1" 200 6182 "-" "Baiduspider+(+http://www.baidu.com/search/spider.htm)"
91.201.66.28 - - [24/Nov/2010:18:13:33 -0800] "GET / HTTP/1.0" 200 6181 "http://casinoguideblog.com/" "Mozilla/4.0 (compatible; MSIE 6.0; Windows NT 5.1; en) Opera 8.00"
91.201.66.28 - - [24/Nov/2010:18:13:34 -0800] "GET / HTTP/1.0" 200 6181 "http://casinoguideblog.com/" "Mozilla/4.0 (compatible; MSIE 5.5; Windows NT 5.0)"
91.201.66.28 - - [24/Nov/2010:18:13:34 -0800] "GET / HTTP/1.0" 200 6181 "http://casinoguideblog.com/" "Mozilla/4.0 (compatible; MSIE 6.0; Windows 98; Win 9x 4.90)"
91.201.66.28 - - [24/Nov/2010:18:13:35 -0800] "GET / HTTP/1.0" 200 6181 "http://casinoguideblog.com/" "Mozilla/1.22 (compatible; MSIE 2.0d; Windows NT)"
91.201.66.28 - - [24/Nov/2010:18:13:35 -0800] "GET / HTTP/1.0" 200 6181 "http://casinoguideblog.com/" "Opera/9.01 (Windows NT 5.1; U; en)"
71.196.54.19 - - [24/Nov/2010:18:16:21 -0800] "GET /log-error.log HTTP/1.1" 200 23054 "http://www.google.com/search?q=71.196.54.19&ie=utf-8&oe=utf-8&aq=t&rls=org.mozilla:en-US:official&client=firefox-a" "Mozilla/5.0 (Macintosh; U; PPC Mac OS X 10.5; en-US; rv:1.9.2.12) Gecko/20101026 Firefox/3.6.12"
71.196.54.19 - - [24/Nov/2010:18:16:22 -0800] "GET /favicon.ico HTTP/1.1" 302 360 "-" "Mozilla/5.0 (Macintosh; U; PPC Mac OS X 10.5; en-US; rv:1.9.2.12) Gecko/20101026 Firefox/3.6.12"
71.196.54.19 - - [24/Nov/2010:18:16:22 -0800] "GET / HTTP/1.1" 200 6179 "-" "Mozilla/5.0 (Macintosh; U; PPC Mac OS X 10.5; en-US; rv:1.9.2.12) Gecko/20101026 Firefox/3.6.12"
71.196.54.19 - - [24/Nov/2010:18:16:25 -0800] "GET /favicon.ico HTTP/1.1" 302 360 "-" "Mozilla/5.0 (Macintosh; U; PPC Mac OS X 10.5; en-US; rv:1.9.2.12) Gecko/20101026 Firefox/3.6.12"
71.196.54.19 - - [24/Nov/2010:18:16:25 -0800] "GET / HTTP/1.1" 200 6179 "-" "Mozilla/5.0 (Macintosh; U; PPC Mac OS X 10.5; en-US; rv:1.9.2.12) Gecko/20101026 Firefox/3.6.12"
220.181.108.184 - - [24/Nov/2010:18:17:32 -0800] "GET / HTTP/1.1" 200 6182 "-" "Baiduspider+(+http://www.baidu.com/search/spider.htm)"
66.249.67.229 - - [24/Nov/2010:18:34:50 -0800] "GET /robots.txt HTTP/1.1" 302 360 "-" "Mozilla/5.0 (compatible; Googlebot/2.1; +http://www.google.com/bot.html)"
66.249.67.229 - - [24/Nov/2010:18:34:51 -0800] "GET /dustinharley-access.log HTTP/1.1" 200 35711 "-" "Mozilla/5.0 (compatible; Googlebot/2.1; +http://www.google.com/bot.html)"
119.123.253.131 - - [24/Nov/2010:19:00:32 -0800] "GET / HTTP/1.1" 200 6177 "-" "Microsoft URL Control - 6.01.9782"
67.195.114.28 - - [24/Nov/2010:19:02:02 -0800] "GET / HTTP/1.0" 200 6182 "-" "Mozilla/5.0 (compatible; Yahoo! Slurp; http://help.yahoo.com/help/us/ysearch/slurp)"
220.181.108.183 - - [24/Nov/2010:19:24:09 -0800] "GET / HTTP/1.1" 200 6179 "-" "Baiduspider+(+http://www.baidu.com/search/spider.htm)"
207.46.204.182 - - [24/Nov/2010:19:28:46 -0800] "GET /robots.txt HTTP/1.1" 302 360 "-" "Mozilla/5.0 (compatible; bingbot/2.0; +http://www.bing.com/bingbot.htm)"
207.46.204.182 - - [24/Nov/2010:19:28:47 -0800] "GET / HTTP/1.1" 200 6179 "-" "Mozilla/5.0 (compatible; bingbot/2.0; +http://www.bing.com/bingbot.htm)"
207.46.204.182 - - [24/Nov/2010:19:38:31 -0800] "GET / HTTP/1.1" 200 6182 "-" "Mozilla/5.0 (compatible; bingbot/2.0; +http://www.bing.com/bingbot.htm)"
66.249.67.229 - - [24/Nov/2010:19:44:25 -0800] "GET /nov2010/sharkbomb-access.log HTTP/1.1" 304 - "-" "Mozilla/5.0 (compatible; Googlebot/2.1; +http://www.google.com/bot.html)"
220.181.108.184 - - [24/Nov/2010:20:24:11 -0800] "GET / HTTP/1.1" 200 6179 "-" "Baiduspider+(+http://www.baidu.com/search/spider.htm)"
91.201.66.28 - - [24/Nov/2010:20:43:30 -0800] "GET / HTTP/1.0" 200 6181 "http://casinoguideblog.com/" "Mozilla/1.22 (compatible; MSIE 2.0; Windows 95)"
91.201.66.28 - - [24/Nov/2010:20:43:31 -0800] "GET / HTTP/1.0" 200 6181 "http://casinoguideblog.com/" "Mozilla/2.0 (compatible; MSIE 3.02; Windows CE; 240x320)"
91.201.66.28 - - [24/Nov/2010:20:43:31 -0800] "GET / HTTP/1.0" 200 6181 "http://casinoguideblog.com/" "Mozilla/4.0 (compatible; MSIE 5.5; Windows NT 5.0)"
91.201.66.28 - - [24/Nov/2010:20:43:32 -0800] "GET / HTTP/1.0" 200 6181 "http://casinoguideblog.com/" "Mozilla/4.0 (compatible; MSIE 5.0; Windows 95) Opera 6.01 [en]"
91.201.66.28 - - [24/Nov/2010:20:43:32 -0800] "GET / HTTP/1.0" 200 6181 "http://casinoguideblog.com/" "Opera/7.60 (Windows NT 5.2; U) [en] (IBM EVV/3.0/EAK01AG9/LE)"
123.125.71.90 - - [24/Nov/2010:20:57:12 -0800] "GET / HTTP/1.1" 200 6182 "-" "Baiduspider+(+http://www.baidu.com/search/spider.htm)"
123.125.71.79 - - [24/Nov/2010:21:01:01 -0800] "GET /log-access.log HTTP/1.1" 200 159846 "-" "Baiduspider+(+http://www.baidu.com/search/spider.htm)"
67.195.114.28 - - [24/Nov/2010:21:01:34 -0800] "GET /robots.txt HTTP/1.0" 302 360 "-" "Mozilla/5.0 (compatible; Yahoo! Slurp; http://help.yahoo.com/help/us/ysearch/slurp)"
67.195.114.28 - - [24/Nov/2010:21:01:35 -0800] "GET / HTTP/1.0" 200 6179 "-" "Mozilla/5.0 (compatible; Yahoo! Slurp; http://help.yahoo.com/help/us/ysearch/slurp)"
67.195.114.28 - - [24/Nov/2010:21:01:36 -0800] "GET /2girls4lokos-access.log HTTP/1.0" 200 53932 "-" "Mozilla/5.0 (compatible; Yahoo! Slurp; http://help.yahoo.com/help/us/ysearch/slurp)"
70.38.64.196 - - [24/Nov/2010:21:11:02 -0800] "GET /log-access.log HTTP/1.1" 200 160517 "/" "Mozilla/5.0 (Windows; U; Windows NT 5.1; ru; rv:1.9.2.3) Gecko/20100401 Firefox/3.6.3 (.NET CLR 3.5.30729)"
74.125.63.33 - - [24/Nov/2010:21:18:11 -0800] "GET /log-access.log HTTP/1.1" 200 160718 "-" "Mozilla/5.0 (X11; U; Linux x86_64; en-US) AppleWebKit/534.10 (KHTML, like Gecko) Chrome/8.0.552.200 Safari/534.10"
74.125.63.33 - - [24/Nov/2010:21:18:16 -0800] "GET /favicon.ico HTTP/1.1" 302 360 "-" "Mozilla/5.0 (X11; U; Linux x86_64; en-US) AppleWebKit/534.10 (KHTML, like Gecko) Chrome/8.0.552.200 Safari/534.10"
74.125.63.33 - - [24/Nov/2010:21:18:18 -0800] "GET / HTTP/1.1" 200 6179 "-" "Mozilla/5.0 (X11; U; Linux x86_64; en-US) AppleWebKit/534.10 (KHTML, like Gecko) Chrome/8.0.552.200 Safari/534.10"
66.249.67.229 - - [24/Nov/2010:22:03:49 -0800] "GET /2girls4lokos-error.log HTTP/1.1" 200 12234 "-" "Mozilla/5.0 (compatible; Googlebot/2.1; +http://www.google.com/bot.html)"
66.249.67.12 - - [24/Nov/2010:23:16:37 -0800] "GET /robots.txt HTTP/1.1" 302 359 "-" "Mozilla/5.0 (compatible; Googlebot/2.1; +http://www.google.com/bot.html)"
66.249.67.12 - - [24/Nov/2010:23:16:37 -0800] "GET / HTTP/1.1" 200 6181 "-" "Mozilla/5.0 (compatible; Googlebot/2.1; +http://www.google.com/bot.html)"
91.201.66.28 - - [25/Nov/2010:00:22:40 -0800] "GET / HTTP/1.0" 200 6181 "http://casinoguideblog.com/" "Mozilla/4.0 (compatible; MSIE 6.0; Windows NT 5.1; SV1; InfoPath.1)"
91.201.66.28 - - [25/Nov/2010:00:22:41 -0800] "GET / HTTP/1.0" 200 6181 "http://casinoguideblog.com/" "Mozilla/4.0 (compatible; MSIE 6.0; Windows NT 5.1; SV1; FunWebProducts)"
91.201.66.28 - - [25/Nov/2010:00:22:41 -0800] "GET / HTTP/1.0" 200 6181 "http://casinoguideblog.com/" "Mozilla/4.0 (compatible; Powermarks/3.5; Windows 95/98/2000/NT)"
91.201.66.28 - - [25/Nov/2010:00:22:42 -0800] "GET / HTTP/1.0" 200 6181 "http://casinoguideblog.com/" "Mozilla/4.0 (compatible; MSIE 6.0; Windows NT 5.1; ru) Opera 8.01"
91.201.66.28 - - [25/Nov/2010:00:22:42 -0800] "GET / HTTP/1.0" 200 6181 "http://casinoguideblog.com/" "Mozilla/4.0 (compatible; MSIE 6.0; Windows NT 5.0; .NET CLR 1.0.3705; .NET CLR 1.1.4322)"
66.249.68.177 - - [25/Nov/2010:00:22:57 -0800] "GET /robots.txt HTTP/1.1" 302 360 "-" "Mozilla/5.0 (compatible; Googlebot/2.1; +http://www.google.com/bot.html)"
66.249.68.177 - - [25/Nov/2010:00:22:57 -0800] "GET / HTTP/1.1" 200 6182 "-" "Mozilla/5.0 (compatible; Googlebot/2.1; +http://www.google.com/bot.html)"
66.249.67.12 - - [25/Nov/2010:01:03:52 -0800] "GET /icons/folder.gif HTTP/1.1" 200 225 "-" "Googlebot-Image/1.0"
66.249.67.229 - - [25/Nov/2010:01:32:46 -0800] "GET /robots.txt HTTP/1.1" 302 360 "-" "Mozilla/5.0 (compatible; Googlebot/2.1; +http://www.google.com/bot.html)"
66.249.67.229 - - [25/Nov/2010:01:32:46 -0800] "GET /2girls4lokos-access.log HTTP/1.1" 200 53932 "-" "Mozilla/5.0 (compatible; Googlebot/2.1; +http://www.google.com/bot.html)"
220.181.108.184 - - [25/Nov/2010:02:17:33 -0800] "GET / HTTP/1.1" 200 6182 "-" "Baiduspider+(+http://www.baidu.com/search/spider.htm)"
66.249.67.12 - - [25/Nov/2010:02:26:55 -0800] "GET /log-error.log HTTP/1.1" 200 23981 "-" "Mozilla/5.0 (compatible; Googlebot/2.1; +http://www.google.com/bot.html)"
66.249.67.12 - - [25/Nov/2010:02:27:01 -0800] "GET /nov2010/ HTTP/1.1" 200 6155 "-" "Mozilla/5.0 (compatible; Googlebot/2.1; +http://www.google.com/bot.html)"
61.19.30.166 - - [25/Nov/2010:02:38:06 -0800] "GET //phpmyadmin/ HTTP/1.1" 302 355 "-" "Made by ZmEu @ WhiteHat Team - www.whitehat.ro"
61.19.30.166 - - [25/Nov/2010:02:38:07 -0800] "GET //phpMyAdmin/ HTTP/1.1" 302 355 "-" "Made by ZmEu @ WhiteHat Team - www.whitehat.ro"
61.19.30.166 - - [25/Nov/2010:02:38:07 -0800] "GET //pma/ HTTP/1.1" 302 355 "-" "Made by ZmEu @ WhiteHat Team - www.whitehat.ro"
61.19.30.166 - - [25/Nov/2010:02:38:08 -0800] "GET //admin/ HTTP/1.1" 302 355 "-" "Made by ZmEu @ WhiteHat Team - www.whitehat.ro"
61.19.30.166 - - [25/Nov/2010:02:38:08 -0800] "GET / HTTP/1.1" 200 6177 "-" "Made by ZmEu @ WhiteHat Team - www.whitehat.ro"
66.249.67.12 - - [25/Nov/2010:02:38:16 -0800] "GET /2girls4lokos-error.log HTTP/1.1" 200 12234 "-" "Mozilla/5.0 (compatible; Googlebot/2.1; +http://www.google.com/bot.html)"
66.249.67.229 - - [25/Nov/2010:02:42:33 -0800] "GET /vaginacide-access.log HTTP/1.1" 302 360 "-" "Mozilla/5.0 (compatible; Googlebot/2.1; +http://www.google.com/bot.html)"
66.249.67.141 - - [25/Nov/2010:02:42:34 -0800] "GET / HTTP/1.1" 200 6179 "-" "Mozilla/5.0 (compatible; Googlebot/2.1; +http://www.google.com/bot.html)"
67.195.114.28 - - [25/Nov/2010:02:46:34 -0800] "GET /nov2010/ HTTP/1.0" 200 6156 "-" "Mozilla/5.0 (compatible; Yahoo! Slurp; http://help.yahoo.com/help/us/ysearch/slurp)"
66.249.67.12 - - [25/Nov/2010:02:56:19 -0800] "GET /2girls4lokos-access.log HTTP/1.1" 200 53932 "-" "Mozilla/5.0 (compatible; Googlebot/2.1; +http://www.google.com/bot.html)"
66.249.68.177 - - [25/Nov/2010:03:03:12 -0800] "GET /icons/folder.gif HTTP/1.1" 200 225 "-" "Googlebot-Image/1.0"
66.249.67.229 - - [25/Nov/2010:03:52:03 -0800] "GET /nov2010/ HTTP/1.1" 200 6156 "-" "Mozilla/5.0 (compatible; Googlebot/2.1; +http://www.google.com/bot.html)"
66.249.68.177 - - [25/Nov/2010:03:55:26 -0800] "GET /paxnihilo-error.log HTTP/1.1" 200 437 "-" "Mozilla/5.0 (compatible; Googlebot/2.1; +http://www.google.com/bot.html)"
66.249.68.177 - - [25/Nov/2010:03:55:27 -0800] "GET /2girls4lokos-error.log HTTP/1.1" 200 12234 "-" "Mozilla/5.0 (compatible; Googlebot/2.1; +http://www.google.com/bot.html)"
66.249.68.177 - - [25/Nov/2010:03:55:27 -0800] "GET /2girls4lokos-access.log HTTP/1.1" 200 53932 "-" "Mozilla/5.0 (compatible; Googlebot/2.1; +http://www.google.com/bot.html)"
84.54.231.74 - - [25/Nov/2010:03:55:58 -0800] "GET /cube/README HTTP/1.1" 302 355 "-" "Morfeus strikes again."
84.54.231.74 - - [25/Nov/2010:03:55:58 -0800] "GET /round/README HTTP/1.1" 302 355 "-" "Morfeus strikes again."
84.54.231.74 - - [25/Nov/2010:03:55:59 -0800] "GET /roundcube-0.2/README HTTP/1.1" 302 355 "-" "Morfeus strikes again."
84.54.231.74 - - [25/Nov/2010:03:55:59 -0800] "GET /roundcube-0.1/README HTTP/1.1" 302 355 "-" "Morfeus strikes again."
84.54.231.74 - - [25/Nov/2010:03:56:00 -0800] "GET /roundcubemail-0.1/README HTTP/1.1" 302 355 "-" "Morfeus strikes again."
84.54.231.74 - - [25/Nov/2010:03:56:00 -0800] "GET /roundcubemail-0.2/README HTTP/1.1" 302 355 "-" "Morfeus strikes again."
84.54.231.74 - - [25/Nov/2010:03:56:01 -0800] "GET /wm/README HTTP/1.1" 302 355 "-" "Morfeus strikes again."
84.54.231.74 - - [25/Nov/2010:03:56:02 -0800] "GET /webmail2/README HTTP/1.1" 302 355 "-" "Morfeus strikes again."
84.54.231.74 - - [25/Nov/2010:03:56:02 -0800] "GET /rms/README HTTP/1.1" 302 355 "-" "Morfeus strikes again."
84.54.231.74 - - [25/Nov/2010:03:56:03 -0800] "GET /mail2/README HTTP/1.1" 302 355 "-" "Morfeus strikes again."
84.54.231.74 - - [25/Nov/2010:03:56:03 -0800] "GET /mss2/README HTTP/1.1" 302 355 "-" "Morfeus strikes again."
84.54.231.74 - - [25/Nov/2010:03:56:04 -0800] "GET /mss/README HTTP/1.1" 302 355 "-" "Morfeus strikes again."
84.54.231.74 - - [25/Nov/2010:03:56:04 -0800] "GET /roundcubemail/README HTTP/1.1" 302 355 "-" "Morfeus strikes again."
84.54.231.74 - - [25/Nov/2010:03:56:05 -0800] "GET /rc/README HTTP/1.1" 302 355 "-" "Morfeus strikes again."
84.54.231.74 - - [25/Nov/2010:03:56:05 -0800] "GET /webmail/README HTTP/1.1" 302 355 "-" "Morfeus strikes again."
84.54.231.74 - - [25/Nov/2010:03:56:06 -0800] "GET /roundcube/README HTTP/1.1" 302 355 "-" "Morfeus strikes again."
84.54.231.74 - - [25/Nov/2010:03:56:06 -0800] "GET /mail/README HTTP/1.1" 302 355 "-" "Morfeus strikes again."
84.54.231.74 - - [25/Nov/2010:03:56:07 -0800] "GET /README HTTP/1.1" 302 355 "-" "Morfeus strikes again."
66.249.68.177 - - [25/Nov/2010:04:16:18 -0800] "GET /nov2010/ HTTP/1.1" 200 6156 "-" "Mozilla/5.0 (compatible; Googlebot/2.1; +http://www.google.com/bot.html)"
220.181.108.168 - - [25/Nov/2010:04:24:22 -0800] "GET / HTTP/1.1" 200 6179 "-" "Baiduspider+(+http://www.baidu.com/search/spider.htm)"
112.156.100.29 - - [25/Nov/2010:04:38:12 -0800] "GET //index.php?option=com_fabrik&controller=../../../../../../../../../../../../../../../proc/self/environ%00 HTTP/1.1" 302 360 "-" "libwww-perl/5.805"
112.156.100.29 - - [25/Nov/2010:04:38:14 -0800] "GET / HTTP/1.1" 200 6179 "-" "libwww-perl/5.805"
66.249.68.176 - - [25/Nov/2010:05:01:39 -0800] "GET /robots.txt HTTP/1.1" 302 361 "-" "Mozilla/5.0 (compatible; Googlebot/2.1; +http://www.google.com/bot.html)"
66.249.68.176 - - [25/Nov/2010:05:01:39 -0800] "GET /nov2010/ HTTP/1.1" 200 6157 "-" "Mozilla/5.0 (compatible; Googlebot/2.1; +http://www.google.com/bot.html)"
121.78.118.123 - - [25/Nov/2010:05:10:39 -0800] "GET //index.php?option=com_gcalendar&controller=../../../../../../../../../../../../../../../proc/self/environ%00 HTTP/1.1" 302 360 "-" "libwww-perl/5.805"
121.78.118.123 - - [25/Nov/2010:05:10:41 -0800] "GET / HTTP/1.1" 200 6179 "-" "libwww-perl/5.805"
66.249.67.12 - - [25/Nov/2010:05:27:58 -0800] "GET /robots.txt HTTP/1.1" 302 359 "-" "Mozilla/5.0 (compatible; Googlebot/2.1; +http://www.google.com/bot.html)"
66.249.67.12 - - [25/Nov/2010:05:27:58 -0800] "GET /nov2010/terhanian-error.log HTTP/1.1" 200 - "-" "Mozilla/5.0 (compatible; Googlebot/2.1; +http://www.google.com/bot.html)"
66.249.67.12 - - [25/Nov/2010:05:27:58 -0800] "GET /nov2010/log-error.log HTTP/1.1" 200 2419677 "-" "Mozilla/5.0 (compatible; Googlebot/2.1; +http://www.google.com/bot.html)"
66.249.67.12 - - [25/Nov/2010:05:29:05 -0800] "GET /nov2010/log-access.log HTTP/1.1" 200 6206155 "-" "Mozilla/5.0 (compatible; Googlebot/2.1; +http://www.google.com/bot.html)"
66.249.67.12 - - [25/Nov/2010:05:30:55 -0800] "GET /nov2010/orbsucks-error.log HTTP/1.1" 200 163396 "-" "Mozilla/5.0 (compatible; Googlebot/2.1; +http://www.google.com/bot.html)"
66.249.67.12 - - [25/Nov/2010:05:31:18 -0800] "GET /nov2010/gorgeworld-error.log HTTP/1.1" 200 148355 "-" "Mozilla/5.0 (compatible; Googlebot/2.1; +http://www.google.com/bot.html)"
66.249.67.12 - - [25/Nov/2010:05:31:38 -0800] "GET /nov2010/sharkbomb-error.log HTTP/1.1" 200 104679 "-" "Mozilla/5.0 (compatible; Googlebot/2.1; +http://www.google.com/bot.html)"
66.249.67.12 - - [25/Nov/2010:05:32:56 -0800] "GET /nov2010/ferality-error.log HTTP/1.1" 200 293986 "-" "Mozilla/5.0 (compatible; Googlebot/2.1; +http://www.google.com/bot.html)"
66.249.67.12 - - [25/Nov/2010:05:34:56 -0800] "GET /nov2010/ferality-access.log HTTP/1.1" 200 3132544 "-" "Mozilla/5.0 (compatible; Googlebot/2.1; +http://www.google.com/bot.html)"
66.249.67.12 - - [25/Nov/2010:05:36:57 -0800] "GET /nov2010/paxnihilo-error.log HTTP/1.1" 200 21130 "-" "Mozilla/5.0 (compatible; Googlebot/2.1; +http://www.google.com/bot.html)"
66.249.67.12 - - [25/Nov/2010:05:38:57 -0800] "GET /nov2010/orbsucks-access.log HTTP/1.1" 200 1025768 "-" "Mozilla/5.0 (compatible; Googlebot/2.1; +http://www.google.com/bot.html)"
66.249.67.12 - - [25/Nov/2010:05:40:58 -0800] "GET /nov2010/sharkbomb-access.log HTTP/1.1" 200 1521665 "-" "Mozilla/5.0 (compatible; Googlebot/2.1; +http://www.google.com/bot.html)"
66.249.67.12 - - [25/Nov/2010:05:42:58 -0800] "GET /nov2010/clownjuice-error.log HTTP/1.1" 200 287600 "-" "Mozilla/5.0 (compatible; Googlebot/2.1; +http://www.google.com/bot.html)"
66.249.67.12 - - [25/Nov/2010:05:44:59 -0800] "GET /nov2010/vaginacide-error.log HTTP/1.1" 200 36671 "-" "Mozilla/5.0 (compatible; Googlebot/2.1; +http://www.google.com/bot.html)"
66.249.67.12 - - [25/Nov/2010:05:46:59 -0800] "GET /nov2010/paxnihilo-access.log HTTP/1.1" 200 89293 "-" "Mozilla/5.0 (compatible; Googlebot/2.1; +http://www.google.com/bot.html)"
66.249.67.12 - - [25/Nov/2010:05:49:00 -0800] "GET /nov2010/terhanian-access.log HTTP/1.1" 200 - "-" "Mozilla/5.0 (compatible; Googlebot/2.1; +http://www.google.com/bot.html)"
66.249.67.12 - - [25/Nov/2010:05:51:00 -0800] "GET /nov2010/browserbomb-error.log HTTP/1.1" 200 125313 "-" "Mozilla/5.0 (compatible; Googlebot/2.1; +http://www.google.com/bot.html)"
66.249.67.12 - - [25/Nov/2010:05:53:01 -0800] "GET /nov2010/gorgeworld-access.log HTTP/1.1" 200 468902 "-" "Mozilla/5.0 (compatible; Googlebot/2.1; +http://www.google.com/bot.html)"
66.249.67.12 - - [25/Nov/2010:05:55:02 -0800] "GET /nov2010/evilfuckers-error.log HTTP/1.1" 200 275117 "-" "Mozilla/5.0 (compatible; Googlebot/2.1; +http://www.google.com/bot.html)"
66.249.67.12 - - [25/Nov/2010:05:57:02 -0800] "GET /nov2010/vaginacide-access.log HTTP/1.1" 200 115342 "-" "Mozilla/5.0 (compatible; Googlebot/2.1; +http://www.google.com/bot.html)"
66.249.67.12 - - [25/Nov/2010:05:59:03 -0800] "GET /nov2010/clownjuice-access.log HTTP/1.1" 200 566552 "-" "Mozilla/5.0 (compatible; Googlebot/2.1; +http://www.google.com/bot.html)"
66.249.67.12 - - [25/Nov/2010:06:01:03 -0800] "GET /nov2010/browserbomb-access.log HTTP/1.1" 200 202321 "-" "Mozilla/5.0 (compatible; Googlebot/2.1; +http://www.google.com/bot.html)"
66.249.67.12 - - [25/Nov/2010:06:03:04 -0800] "GET /nov2010/jasoncmartin-error.log HTTP/1.1" 200 956989 "-" "Mozilla/5.0 (compatible; Googlebot/2.1; +http://www.google.com/bot.html)"
66.249.67.12 - - [25/Nov/2010:06:05:05 -0800] "GET /nov2010/evilfuckers-access.log HTTP/1.1" 200 1030253 "-" "Mozilla/5.0 (compatible; Googlebot/2.1; +http://www.google.com/bot.html)"
66.249.67.12 - - [25/Nov/2010:06:07:06 -0800] "GET /nov2010/dustinharley-error.log HTTP/1.1" 200 545791 "-" "Mozilla/5.0 (compatible; Googlebot/2.1; +http://www.google.com/bot.html)"
66.249.67.12 - - [25/Nov/2010:06:09:06 -0800] "GET /nov2010/dustinharley-access.log HTTP/1.1" 200 4230194 "-" "Mozilla/5.0 (compatible; Googlebot/2.1; +http://www.google.com/bot.html)"
66.249.67.12 - - [25/Nov/2010:06:11:17 -0800] "GET /nov2010/jasoncmartin-access.log HTTP/1.1" 200 2690013 "-" "Mozilla/5.0 (compatible; Googlebot/2.1; +http://www.google.com/bot.html)"
66.249.67.229 - - [25/Nov/2010:06:11:54 -0800] "GET /dustinharley-error.log HTTP/1.1" 200 7058 "-" "Mozilla/5.0 (compatible; Googlebot/2.1; +http://www.google.com/bot.html)"
220.181.108.175 - - [25/Nov/2010:06:17:53 -0800] "GET / HTTP/1.1" 200 6182 "-" "Baiduspider+(+http://www.baidu.com/search/spider.htm)"
109.72.208.208 - - [25/Nov/2010:06:49:51 -0800] "GET /log-access.log HTTP/1.1" 200 174643 "http://www.google.co.uk/url?sa=t&source=web&cd=1&sqi=2&ved=0CBYQFjAA&url=http%3A%2F%2Funusualdischarge.com%2Flog-access.log&rct=j&q=%22GET%20http%3A%2F%2Fwww.yahoo.com%2F%20HTTP%2F1.1%22%20200%206720%20%22-%22%20%22Mozilla%2F4.0%20(compatible%3B%20MSIE%204.01%3B%20Windows%2095)%22&ei=m4XuTKnFOYjJswaTvZ3zCg&usg=AFQjCNEmMzxgCb2MbLyXZXXCSxyG-WC9Nw" "Mozilla/5.0 (Windows; U; Windows NT 6.1; en-GB; rv:1.9.2.12) Gecko/20101026 Firefox/3.6.12"
109.72.208.208 - - [25/Nov/2010:06:49:55 -0800] "GET /favicon.ico HTTP/1.1" 302 360 "-" "Mozilla/5.0 (Windows; U; Windows NT 6.1; en-GB; rv:1.9.2.12) Gecko/20101026 Firefox/3.6.12"
109.72.208.208 - - [25/Nov/2010:06:49:55 -0800] "GET /favicon.ico HTTP/1.1" 302 360 "-" "Mozilla/5.0 (Windows; U; Windows NT 6.1; en-GB; rv:1.9.2.12) Gecko/20101026 Firefox/3.6.12"
109.72.208.208 - - [25/Nov/2010:06:49:56 -0800] "GET / HTTP/1.1" 200 6179 "-" "Mozilla/5.0 (Windows; U; Windows NT 6.1; en-GB; rv:1.9.2.12) Gecko/20101026 Firefox/3.6.12"
109.72.208.208 - - [25/Nov/2010:06:49:57 -0800] "GET / HTTP/1.1" 200 6179 "-" "Mozilla/5.0 (Windows; U; Windows NT 6.1; en-GB; rv:1.9.2.12) Gecko/20101026 Firefox/3.6.12"
109.72.208.208 - - [25/Nov/2010:06:49:58 -0800] "GET /favicon.ico HTTP/1.1" 302 360 "-" "Mozilla/5.0 (Windows; U; Windows NT 6.1; en-GB; rv:1.9.2.12) Gecko/20101026 Firefox/3.6.12"
109.72.208.208 - - [25/Nov/2010:06:49:58 -0800] "GET / HTTP/1.1" 200 6179 "-" "Mozilla/5.0 (Windows; U; Windows NT 6.1; en-GB; rv:1.9.2.12) Gecko/20101026 Firefox/3.6.12"
66.249.68.177 - - [25/Nov/2010:06:57:56 -0800] "GET /robots.txt HTTP/1.1" 302 360 "-" "Mozilla/5.0 (compatible; Googlebot/2.1; +http://www.google.com/bot.html)"
66.249.68.177 - - [25/Nov/2010:06:57:56 -0800] "GET /nov2010/orbsucks-access.log HTTP/1.1" 200 1025768 "-" "Mozilla/5.0 (compatible; Googlebot/2.1; +http://www.google.com/bot.html)"
66.249.68.177 - - [25/Nov/2010:06:58:08 -0800] "GET /nov2010/paxnihilo-error.log HTTP/1.1" 200 21130 "-" "Mozilla/5.0 (compatible; Googlebot/2.1; +http://www.google.com/bot.html)"
66.249.68.177 - - [25/Nov/2010:06:58:19 -0800] "GET /nov2010/log-access.log HTTP/1.1" 200 6206155 "-" "Mozilla/5.0 (compatible; Googlebot/2.1; +http://www.google.com/bot.html)"
66.249.68.177 - - [25/Nov/2010:06:59:16 -0800] "GET /nov2010/clownjuice-access.log HTTP/1.1" 200 566552 "-" "Mozilla/5.0 (compatible; Googlebot/2.1; +http://www.google.com/bot.html)"
66.249.68.177 - - [25/Nov/2010:06:59:47 -0800] "GET /nov2010/log-error.log HTTP/1.1" 200 2419677 "-" "Mozilla/5.0 (compatible; Googlebot/2.1; +http://www.google.com/bot.html)"
66.249.68.177 - - [25/Nov/2010:07:00:28 -0800] "GET /nov2010/ferality-error.log HTTP/1.1" 200 293986 "-" "Mozilla/5.0 (compatible; Googlebot/2.1; +http://www.google.com/bot.html)"
66.249.68.177 - - [25/Nov/2010:07:01:38 -0800] "GET /nov2010/orbsucks-error.log HTTP/1.1" 200 163396 "-" "Mozilla/5.0 (compatible; Googlebot/2.1; +http://www.google.com/bot.html)"
66.249.68.177 - - [25/Nov/2010:07:03:43 -0800] "GET /nov2010/ferality-access.log HTTP/1.1" 200 3132544 "-" "Mozilla/5.0 (compatible; Googlebot/2.1; +http://www.google.com/bot.html)"
66.249.68.177 - - [25/Nov/2010:07:05:47 -0800] "GET /nov2010/terhanian-error.log HTTP/1.1" 200 - "-" "Mozilla/5.0 (compatible; Googlebot/2.1; +http://www.google.com/bot.html)"
66.249.68.177 - - [25/Nov/2010:07:09:56 -0800] "GET /nov2010/vaginacide-error.log HTTP/1.1" 200 36671 "-" "Mozilla/5.0 (compatible; Googlebot/2.1; +http://www.google.com/bot.html)"
66.249.68.177 - - [25/Nov/2010:07:12:01 -0800] "GET /nov2010/gorgeworld-error.log HTTP/1.1" 200 148355 "-" "Mozilla/5.0 (compatible; Googlebot/2.1; +http://www.google.com/bot.html)"
66.249.68.177 - - [25/Nov/2010:07:14:05 -0800] "GET /nov2010/paxnihilo-access.log HTTP/1.1" 200 89293 "-" "Mozilla/5.0 (compatible; Googlebot/2.1; +http://www.google.com/bot.html)"
66.249.68.177 - - [25/Nov/2010:07:16:10 -0800] "GET /nov2010/clownjuice-error.log HTTP/1.1" 200 287600 "-" "Mozilla/5.0 (compatible; Googlebot/2.1; +http://www.google.com/bot.html)"
66.249.68.177 - - [25/Nov/2010:07:18:14 -0800] "GET /nov2010/sharkbomb-access.log HTTP/1.1" 200 1521665 "-" "Mozilla/5.0 (compatible; Googlebot/2.1; +http://www.google.com/bot.html)"
77.221.145.35 - - [25/Nov/2010:07:18:46 -0800] "GET /index.php?option=com_fabrik&=../../../../../../../../../../../../../../../proc/self/environ%00 HTTP/1.1" 302 360 "-" "libwww-perl/5.834"
77.221.145.35 - - [25/Nov/2010:07:18:51 -0800] "GET / HTTP/1.1" 200 6179 "-" "libwww-perl/5.834"
77.221.145.35 - - [25/Nov/2010:07:19:18 -0800] "GET /index.php?option=com_fabrik&=../../../../../../../../../../../../../../../proc/self/environ%00 HTTP/1.1" 302 360 "-" "libwww-perl/5.834"
77.221.145.35 - - [25/Nov/2010:07:19:18 -0800] "GET / HTTP/1.1" 200 6179 "-" "libwww-perl/5.834"
66.249.68.177 - - [25/Nov/2010:07:20:19 -0800] "GET /nov2010/terhanian-access.log HTTP/1.1" 200 - "-" "Mozilla/5.0 (compatible; Googlebot/2.1; +http://www.google.com/bot.html)"
77.221.145.35 - - [25/Nov/2010:07:20:22 -0800] "GET /index.php?option=com_fabrik&=../../../../../../../../../../../../../../../proc/self/environ%00 HTTP/1.1" 302 360 "-" "libwww-perl/5.834"
77.221.145.35 - - [25/Nov/2010:07:20:23 -0800] "GET / HTTP/1.1" 200 6179 "-" "libwww-perl/5.834"
66.249.67.141 - - [25/Nov/2010:07:20:59 -0800] "GET /2girls4lokos-error.log HTTP/1.1" 200 12458 "-" "Mozilla/5.0 (compatible; Googlebot/2.1; +http://www.google.com/bot.html)"
66.249.68.177 - - [25/Nov/2010:07:22:31 -0800] "GET /nov2010/vaginacide-access.log HTTP/1.1" 200 115342 "-" "Mozilla/5.0 (compatible; Googlebot/2.1; +http://www.google.com/bot.html)"
66.249.68.177 - - [25/Nov/2010:07:24:27 -0800] "GET /nov2010/browserbomb-error.log HTTP/1.1" 200 125313 "-" "Mozilla/5.0 (compatible; Googlebot/2.1; +http://www.google.com/bot.html)"
66.249.68.177 - - [25/Nov/2010:07:26:31 -0800] "GET /nov2010/gorgeworld-access.log HTTP/1.1" 200 468902 "-" "Mozilla/5.0 (compatible; Googlebot/2.1; +http://www.google.com/bot.html)"
66.249.68.177 - - [25/Nov/2010:07:28:36 -0800] "GET /nov2010/evilfuckers-error.log HTTP/1.1" 200 275117 "-" "Mozilla/5.0 (compatible; Googlebot/2.1; +http://www.google.com/bot.html)"
66.249.68.177 - - [25/Nov/2010:07:30:40 -0800] "GET /nov2010/jasoncmartin-error.log HTTP/1.1" 200 956989 "-" "Mozilla/5.0 (compatible; Googlebot/2.1; +http://www.google.com/bot.html)"
66.249.68.177 - - [25/Nov/2010:07:32:45 -0800] "GET /nov2010/evilfuckers-access.log HTTP/1.1" 200 1030253 "-" "Mozilla/5.0 (compatible; Googlebot/2.1; +http://www.google.com/bot.html)"
66.249.68.177 - - [25/Nov/2010:07:34:50 -0800] "GET /nov2010/dustinharley-error.log HTTP/1.1" 200 545791 "-" "Mozilla/5.0 (compatible; Googlebot/2.1; +http://www.google.com/bot.html)"
66.249.68.177 - - [25/Nov/2010:07:36:54 -0800] "GET /nov2010/browserbomb-access.log HTTP/1.1" 200 202321 "-" "Mozilla/5.0 (compatible; Googlebot/2.1; +http://www.google.com/bot.html)"
66.249.68.177 - - [25/Nov/2010:07:38:59 -0800] "GET /nov2010/jasoncmartin-access.log HTTP/1.1" 200 2690013 "-" "Mozilla/5.0 (compatible; Googlebot/2.1; +http://www.google.com/bot.html)"
66.249.68.177 - - [25/Nov/2010:07:41:16 -0800] "GET /nov2010/dustinharley-access.log HTTP/1.1" 200 4230194 "-" "Mozilla/5.0 (compatible; Googlebot/2.1; +http://www.google.com/bot.html)"
66.249.68.176 - - [25/Nov/2010:07:44:24 -0800] "GET /nov2010/clownjuice-access.log HTTP/1.1" 200 566552 "-" "Mozilla/5.0 (compatible; Googlebot/2.1; +http://www.google.com/bot.html)"
82.194.78.110 - - [25/Nov/2010:08:03:57 -0800] "GET /index.php?option=com_fabrik&controller=../../../../../../../../../../../../../../../proc/self/environ%00 HTTP/1.1" 302 360 "-" "libwww-perl/5.808"
82.194.78.110 - - [25/Nov/2010:08:03:58 -0800] "GET / HTTP/1.1" 200 6179 "-" "libwww-perl/5.808"
94.216.126.249 - - [25/Nov/2010:08:13:03 -0800] "GET /log-access.log HTTP/1.1" 200 182460 "http://www.google.com/search?q=filetype:+log+inurl:%22access.log%22+%2Bintext:%22HTTP/1.1%22" "Opera/9.80 (Windows NT 6.1; U; de) Presto/2.6.30 Version/10.63"
94.216.126.249 - - [25/Nov/2010:08:13:48 -0800] "GET //nov2010/clownjuice-access.log HTTP/1.1" 200 566552 "-" "Opera/9.80 (Windows NT 6.1; U; de) Presto/2.6.30 Version/10.63"
94.216.126.249 - - [25/Nov/2010:08:13:51 -0800] "GET /nov2010/clownjuice-access.log HTTP/1.1" 200 566552 "-" "Opera/9.80 (Windows NT 6.1; U; de) Presto/2.6.30 Version/10.63"
94.216.126.249 - - [25/Nov/2010:08:14:03 -0800] "GET /nov2010/ HTTP/1.1" 200 6156 "-" "Opera/9.80 (Windows NT 6.1; U; de) Presto/2.6.30 Version/10.63"
94.216.126.249 - - [25/Nov/2010:08:14:04 -0800] "GET /icons/back.gif HTTP/1.1" 200 216 "http://unusualdischarge.com/nov2010/" "Opera/9.80 (Windows NT 6.1; U; de) Presto/2.6.30 Version/10.63"
94.216.126.249 - - [25/Nov/2010:08:14:04 -0800] "GET /icons/blank.gif HTTP/1.1" 200 148 "http://unusualdischarge.com/nov2010/" "Opera/9.80 (Windows NT 6.1; U; de) Presto/2.6.30 Version/10.63"
94.216.126.249 - - [25/Nov/2010:08:14:04 -0800] "GET /icons/text.gif HTTP/1.1" 200 229 "http://unusualdischarge.com/nov2010/" "Opera/9.80 (Windows NT 6.1; U; de) Presto/2.6.30 Version/10.63"
94.216.126.249 - - [25/Nov/2010:08:14:04 -0800] "GET /favicon.ico HTTP/1.1" 302 360 "http://unusualdischarge.com/nov2010/" "Opera/9.80 (Windows NT 6.1; U; de) Presto/2.6.30 Version/10.63"
94.216.126.249 - - [25/Nov/2010:08:14:10 -0800] "GET /nov2010/log-error.log HTTP/1.1" 200 2419677 "http://unusualdischarge.com/nov2010/" "Opera/9.80 (Windows NT 6.1; U; de) Presto/2.6.30 Version/10.63"
94.216.126.249 - - [25/Nov/2010:08:14:31 -0800] "GET /nov2010/ferality-error.log HTTP/1.1" 200 293986 "http://unusualdischarge.com/nov2010/" "Opera/9.80 (Windows NT 6.1; U; de) Presto/2.6.30 Version/10.63"
94.216.126.249 - - [25/Nov/2010:08:14:39 -0800] "GET / HTTP/1.1" 200 6182 "http://unusualdischarge.com/nov2010/" "Opera/9.80 (Windows NT 6.1; U; de) Presto/2.6.30 Version/10.63"
94.216.126.249 - - [25/Nov/2010:08:14:40 -0800] "GET /icons/folder.gif HTTP/1.1" 200 225 "http://unusualdischarge.com/" "Opera/9.80 (Windows NT 6.1; U; de) Presto/2.6.30 Version/10.63"
220.181.108.185 - - [25/Nov/2010:08:24:24 -0800] "GET / HTTP/1.1" 200 6179 "-" "Baiduspider+(+http://www.baidu.com/search/spider.htm)"
66.249.68.38 - - [25/Nov/2010:08:30:40 -0800] "GET /robots.txt HTTP/1.1" 302 364 "-" "Mozilla/5.0 (compatible; Googlebot/2.1; +http://www.google.com/bot.html)"
66.249.68.38 - - [25/Nov/2010:08:30:40 -0800] "GET / HTTP/1.1" 200 6186 "-" "Mozilla/5.0 (compatible; Googlebot/2.1; +http://www.google.com/bot.html)"
82.194.78.110 - - [25/Nov/2010:08:37:57 -0800] "GET /index.php?option=com_fabrik&controller=../../../../../../../../../../../../../../../proc/self/environ%00 HTTP/1.1" 302 360 "-" "libwww-perl/5.808"
82.194.78.110 - - [25/Nov/2010:08:37:58 -0800] "GET / HTTP/1.1" 200 6179 "-" "libwww-perl/5.808"
94.76.229.159 - - [25/Nov/2010:09:31:56 -0800] "GET //phpmyadmin/ HTTP/1.1" 302 355 "-" "Made by ZmEu @ WhiteHat Team - www.whitehat.ro"
94.76.229.159 - - [25/Nov/2010:09:31:57 -0800] "GET //phpMyAdmin/ HTTP/1.1" 302 355 "-" "Made by ZmEu @ WhiteHat Team - www.whitehat.ro"
94.76.229.159 - - [25/Nov/2010:09:31:57 -0800] "GET //pma/ HTTP/1.1" 302 355 "-" "Made by ZmEu @ WhiteHat Team - www.whitehat.ro"
94.76.229.159 - - [25/Nov/2010:09:31:57 -0800] "GET //admin/ HTTP/1.1" 302 355 "-" "Made by ZmEu @ WhiteHat Team - www.whitehat.ro"
94.76.229.159 - - [25/Nov/2010:09:31:58 -0800] "GET / HTTP/1.1" 200 6177 "-" "Made by ZmEu @ WhiteHat Team - www.whitehat.ro"
81.155.151.173 - - [25/Nov/2010:09:37:36 -0800] "GET /log-access.log HTTP/1.1" 200 186148 "http://www.google.com/search?q=filetype:+log+inurl:%22access.log%22+%2Bintext:%22HTTP/1.1%22" "Mozilla/5.0 (Windows; U; Windows NT 6.1; en-GB; rv:1.9.2.12) Gecko/20101026 FireAW/1.3.1 Firefox/3.6.12 ( .NET CLR 3.5.30729; .NET4.0E)"
81.155.151.173 - - [25/Nov/2010:09:37:40 -0800] "GET /favicon.ico HTTP/1.1" 302 360 "-" "Mozilla/5.0 (Windows; U; Windows NT 6.1; en-GB; rv:1.9.2.12) Gecko/20101026 FireAW/1.3.1 Firefox/3.6.12 ( .NET CLR 3.5.30729; .NET4.0E)"
81.155.151.173 - - [25/Nov/2010:09:37:40 -0800] "GET /favicon.ico HTTP/1.1" 302 360 "-" "Mozilla/5.0 (Windows; U; Windows NT 6.1; en-GB; rv:1.9.2.12) Gecko/20101026 FireAW/1.3.1 Firefox/3.6.12 ( .NET CLR 3.5.30729; .NET4.0E)"
81.155.151.173 - - [25/Nov/2010:09:37:40 -0800] "GET / HTTP/1.1" 200 6179 "-" "Mozilla/5.0 (Windows; U; Windows NT 6.1; en-GB; rv:1.9.2.12) Gecko/20101026 FireAW/1.3.1 Firefox/3.6.12 ( .NET CLR 3.5.30729; .NET4.0E)"
81.155.151.173 - - [25/Nov/2010:09:37:41 -0800] "GET / HTTP/1.1" 200 6179 "-" "Mozilla/5.0 (Windows; U; Windows NT 6.1; en-GB; rv:1.9.2.12) Gecko/20101026 FireAW/1.3.1 Firefox/3.6.12 ( .NET CLR 3.5.30729; .NET4.0E)"
81.155.151.173 - - [25/Nov/2010:09:37:43 -0800] "GET /favicon.ico HTTP/1.1" 302 360 "-" "Mozilla/5.0 (Windows; U; Windows NT 6.1; en-GB; rv:1.9.2.12) Gecko/20101026 FireAW/1.3.1 Firefox/3.6.12 ( .NET CLR 3.5.30729; .NET4.0E)"
81.155.151.173 - - [25/Nov/2010:09:37:43 -0800] "GET / HTTP/1.1" 200 6179 "-" "Mozilla/5.0 (Windows; U; Windows NT 6.1; en-GB; rv:1.9.2.12) Gecko/20101026 FireAW/1.3.1 Firefox/3.6.12 ( .NET CLR 3.5.30729; .NET4.0E)"
66.249.68.176 - - [25/Nov/2010:09:40:41 -0800] "GET /nov2010/clownjuice-error.log HTTP/1.1" 304 - "-" "Mozilla/5.0 (compatible; Googlebot/2.1; +http://www.google.com/bot.html)"
123.125.71.92 - - [25/Nov/2010:09:48:53 -0800] "GET /evilfuckers-access.log HTTP/1.1" 200 21830 "-" "Baiduspider+(+http://www.baidu.com/search/spider.htm)"
93.149.65.223 - - [25/Nov/2010:10:10:18 -0800] "GET /log-access.log HTTP/1.1" 200 188130 "http://www.google.com/search?q=filetype:+log+inurl:%22access.log%22+%2Bintext:%22HTTP/1.1%22" "Mozilla/5.0 (X11; U; Linux x86_64; en-US) AppleWebKit/534.7 (KHTML, like Gecko) Chrome/7.0.517.44 Safari/534.7"
93.149.65.223 - - [25/Nov/2010:10:10:21 -0800] "GET /favicon.ico HTTP/1.1" 302 360 "-" "Mozilla/5.0 (X11; U; Linux x86_64; en-US) AppleWebKit/534.7 (KHTML, like Gecko) Chrome/7.0.517.44 Safari/534.7"
93.149.65.223 - - [25/Nov/2010:10:10:21 -0800] "GET / HTTP/1.1" 200 6179 "-" "Mozilla/5.0 (X11; U; Linux x86_64; en-US) AppleWebKit/534.7 (KHTML, like Gecko) Chrome/7.0.517.44 Safari/534.7"
66.249.68.38 - - [25/Nov/2010:10:30:16 -0800] "GET /icons/folder.gif HTTP/1.1" 200 225 "-" "Googlebot-Image/1.0"
66.249.67.12 - - [25/Nov/2010:10:50:36 -0800] "GET /browserbomb-error.log HTTP/1.1" 200 999 "-" "Mozilla/5.0 (compatible; Googlebot/2.1; +http://www.google.com/bot.html)"
220.181.108.172 - - [25/Nov/2010:11:25:07 -0800] "GET / HTTP/1.1" 200 6179 "-" "Baiduspider+(+http://www.baidu.com/search/spider.htm)"
65.52.53.245 - - [25/Nov/2010:12:14:18 -0800] "GET /robots.txt HTTP/1.1" 302 360 "-" "Mozilla/5.0 (compatible; bingbot/2.0; +http://www.bing.com/bingbot.htm)"
65.52.53.245 - - [25/Nov/2010:12:14:18 -0800] "GET / HTTP/1.1" 200 6179 "-" "Mozilla/5.0 (compatible; bingbot/2.0; +http://www.bing.com/bingbot.htm)"
220.181.108.180 - - [25/Nov/2010:12:24:50 -0800] "GET / HTTP/1.1" 200 6179 "-" "Baiduspider+(+http://www.baidu.com/search/spider.htm)"
66.249.68.177 - - [25/Nov/2010:13:09:20 -0800] "GET /robots.txt HTTP/1.1" 302 360 "-" "Mozilla/5.0 (compatible; Googlebot/2.1; +http://www.google.com/bot.html)"
66.249.68.177 - - [25/Nov/2010:13:09:20 -0800] "GET /log-error.log HTTP/1.1" 200 29819 "-" "Mozilla/5.0 (compatible; Googlebot/2.1; +http://www.google.com/bot.html)"
220.181.108.170 - - [25/Nov/2010:13:16:39 -0800] "GET / HTTP/1.1" 200 6182 "-" "Baiduspider+(+http://www.baidu.com/search/spider.htm)"
87.231.248.252 - - [25/Nov/2010:14:36:40 -0800] "GET /browserbomb-access.log HTTP/1.0" 200 3589 "-" "Mozilla/5.0 (compatible; Googlebot/2.1; +http://www.google.com/bot.html)"
88.131.106.22 - - [25/Nov/2010:14:45:07 -0800] "GET /robots.txt HTTP/1.0" 302 360 "-" "Mozilla/5.0 (Windows; U; Windows NT 5.1; en-US) Speedy Spider (http://www.entireweb.com/about/search_tech/speedy_spider/)"
88.131.106.22 - - [25/Nov/2010:14:45:10 -0800] "GET / HTTP/1.0" 200 6182 "-" "Mozilla/5.0 (Windows; U; Windows NT 5.1; en-US) Speedy Spider (http://www.entireweb.com/about/search_tech/speedy_spider/)"
66.249.67.141 - - [25/Nov/2010:15:28:53 -0800] "GET /robots.txt HTTP/1.1" 302 357 "-" "Mozilla/5.0 (compatible; Googlebot/2.1; +http://www.google.com/bot.html)"
66.249.67.141 - - [25/Nov/2010:15:28:53 -0800] "GET / HTTP/1.1" 200 6179 "-" "Mozilla/5.0 (compatible; Googlebot/2.1; +http://www.google.com/bot.html)"
66.249.67.141 - - [25/Nov/2010:15:28:53 -0800] "GET /nov2010/browserbomb-access.log HTTP/1.1" 304 - "-" "Mozilla/5.0 (compatible; Googlebot/2.1; +http://www.google.com/bot.html)"
66.249.68.177 - - [25/Nov/2010:16:05:14 -0800] "GET /nov2010/sharkbomb-error.log HTTP/1.1" 200 104679 "-" "Mozilla/5.0 (compatible; Googlebot/2.1; +http://www.google.com/bot.html)"
208.115.111.249 - - [25/Nov/2010:16:12:48 -0800] "GET /robots.txt HTTP/1.1" 302 360 "-" "Mozilla/5.0 (compatible; DotBot/1.1; http://www.dotnetdotcom.org/, crawler@dotnetdotcom.org)"
208.115.111.249 - - [25/Nov/2010:16:12:48 -0800] "GET / HTTP/1.1" 200 6179 "-" "Mozilla/5.0 (compatible; DotBot/1.1; http://www.dotnetdotcom.org/, crawler@dotnetdotcom.org)"
220.181.108.186 - - [25/Nov/2010:16:25:09 -0800] "GET / HTTP/1.1" 200 6179 "-" "Baiduspider+(+http://www.baidu.com/search/spider.htm)"
188.133.194.246 - - [25/Nov/2010:16:32:18 -0800] "GET /log-access.log HTTP/1.1" 200 191893 "http://www.google.ru/url?sa=t&source=web&cd=6&ved=0CEMQFjAF&url=http%3A%2F%2Funusualdischarge.com%2Flog-access.log&rct=j&q=POST%20http%3A%2F%2F194.109.153.5%3A11111%2F%20HTTP%2F1.0&ei=Aw7vTJ7GKYODOu2Azc8K&usg=AFQjCNEmMzxgCb2MbLyXZXXCSxyG-WC9Nw&cad=rjt" "Mozilla/5.0 (Windows; U; Windows NT 5.1; ru; rv:1.9.2.12) Gecko/20101026 Firefox/3.6.12"
188.133.194.246 - - [25/Nov/2010:16:32:21 -0800] "GET /favicon.ico HTTP/1.1" 302 360 "-" "Mozilla/5.0 (Windows; U; Windows NT 5.1; ru; rv:1.9.2.12) Gecko/20101026 Firefox/3.6.12"
188.133.194.246 - - [25/Nov/2010:16:32:23 -0800] "GET / HTTP/1.1" 200 6179 "-" "Mozilla/5.0 (Windows; U; Windows NT 5.1; ru; rv:1.9.2.12) Gecko/20101026 Firefox/3.6.12"
188.133.194.246 - - [25/Nov/2010:16:32:24 -0800] "GET /favicon.ico HTTP/1.1" 302 360 "-" "Mozilla/5.0 (Windows; U; Windows NT 5.1; ru; rv:1.9.2.12) Gecko/20101026 Firefox/3.6.12"
188.133.194.246 - - [25/Nov/2010:16:32:25 -0800] "GET / HTTP/1.1" 200 6179 "-" "Mozilla/5.0 (Windows; U; Windows NT 5.1; ru; rv:1.9.2.12) Gecko/20101026 Firefox/3.6.12"
194.44.152.115 - - [25/Nov/2010:17:28:46 -0800] "GET //index.php?option=com_fabrik&controller=../../../../../../../../../../../../../../../proc/self/environ%00 HTTP/1.1" 302 360 "-" "libwww-perl/5.805"
194.44.152.115 - - [25/Nov/2010:17:28:47 -0800] "GET / HTTP/1.1" 200 6179 "-" "libwww-perl/5.805"
125.215.205.180 - - [25/Nov/2010:17:29:42 -0800] "GET //phpmyadmin/ HTTP/1.1" 302 355 "-" "Made by ZmEu @ WhiteHat Team - www.whitehat.ro"
125.215.205.180 - - [25/Nov/2010:17:29:43 -0800] "GET //phpMyAdmin/ HTTP/1.1" 302 355 "-" "Made by ZmEu @ WhiteHat Team - www.whitehat.ro"
66.249.67.229 - - [25/Nov/2010:17:35:12 -0800] "GET /robots.txt HTTP/1.1" 302 360 "-" "Mozilla/5.0 (compatible; Googlebot/2.1; +http://www.google.com/bot.html)"
66.249.67.229 - - [25/Nov/2010:17:35:12 -0800] "GET /log-access.log HTTP/1.1" 200 193763 "-" "Mozilla/5.0 (compatible; Googlebot/2.1; +http://www.google.com/bot.html)"
66.249.67.229 - - [25/Nov/2010:18:22:03 -0800] "GET /xzuyixldq.html HTTP/1.1" 302 360 "-" "Mozilla/5.0 (compatible; Googlebot/2.1; +http://www.google.com/bot.html)"
66.249.68.176 - - [25/Nov/2010:18:49:52 -0800] "GET /robots.txt HTTP/1.1" 302 361 "-" "Mozilla/5.0 (compatible; Googlebot/2.1; +http://www.google.com/bot.html)"
66.249.68.176 - - [25/Nov/2010:18:49:52 -0800] "GET / HTTP/1.1" 200 6183 "-" "Mozilla/5.0 (compatible; Googlebot/2.1; +http://www.google.com/bot.html)"
208.115.111.249 - - [25/Nov/2010:19:50:37 -0800] "GET /robots.txt HTTP/1.1" 302 360 "-" "Mozilla/5.0 (compatible; DotBot/1.1; http://www.dotnetdotcom.org/, crawler@dotnetdotcom.org)"
208.115.111.249 - - [25/Nov/2010:19:50:38 -0800] "GET / HTTP/1.1" 200 6179 "-" "Mozilla/5.0 (compatible; DotBot/1.1; http://www.dotnetdotcom.org/, crawler@dotnetdotcom.org)"
66.249.67.141 - - [25/Nov/2010:19:55:21 -0800] "GET /sharkbomb-error.log HTTP/1.1" 200 3295 "-" "Mozilla/5.0 (compatible; Googlebot/2.1; +http://www.google.com/bot.html)"
66.249.67.229 - - [25/Nov/2010:20:05:14 -0800] "GET /nov2010/gorgeworld-access.log HTTP/1.1" 304 - "-" "Mozilla/5.0 (compatible; Googlebot/2.1; +http://www.google.com/bot.html)"
208.115.111.249 - - [25/Nov/2010:20:31:32 -0800] "GET /?C=D;O=A HTTP/1.1" 200 6182 "-" "Mozilla/5.0 (compatible; DotBot/1.1; http://www.dotnetdotcom.org/, crawler@dotnetdotcom.org)"
208.115.111.249 - - [25/Nov/2010:20:31:36 -0800] "GET /?C=D;O=D HTTP/1.1" 200 6182 "-" "Mozilla/5.0 (compatible; DotBot/1.1; http://www.dotnetdotcom.org/, crawler@dotnetdotcom.org)"
208.115.111.249 - - [25/Nov/2010:20:31:41 -0800] "GET /?C=M;O=A HTTP/1.1" 200 6182 "-" "Mozilla/5.0 (compatible; DotBot/1.1; http://www.dotnetdotcom.org/, crawler@dotnetdotcom.org)"
208.115.111.249 - - [25/Nov/2010:20:31:46 -0800] "GET /?C=M;O=D HTTP/1.1" 200 6182 "-" "Mozilla/5.0 (compatible; DotBot/1.1; http://www.dotnetdotcom.org/, crawler@dotnetdotcom.org)"
208.115.111.249 - - [25/Nov/2010:20:31:51 -0800] "GET /?C=N;O=A HTTP/1.1" 200 6182 "-" "Mozilla/5.0 (compatible; DotBot/1.1; http://www.dotnetdotcom.org/, crawler@dotnetdotcom.org)"
208.115.111.249 - - [25/Nov/2010:20:31:56 -0800] "GET /?C=N;O=D HTTP/1.1" 200 6182 "-" "Mozilla/5.0 (compatible; DotBot/1.1; http://www.dotnetdotcom.org/, crawler@dotnetdotcom.org)"
208.115.111.249 - - [25/Nov/2010:20:32:01 -0800] "GET /?C=S;O=A HTTP/1.1" 200 6182 "-" "Mozilla/5.0 (compatible; DotBot/1.1; http://www.dotnetdotcom.org/, crawler@dotnetdotcom.org)"
208.115.111.249 - - [25/Nov/2010:20:32:06 -0800] "GET /?C=S;O=D HTTP/1.1" 200 6182 "-" "Mozilla/5.0 (compatible; DotBot/1.1; http://www.dotnetdotcom.org/, crawler@dotnetdotcom.org)"
208.115.111.249 - - [25/Nov/2010:20:32:11 -0800] "GET /dustinharley-access.log HTTP/1.1" 200 41487 "-" "Mozilla/5.0 (compatible; DotBot/1.1; http://www.dotnetdotcom.org/, crawler@dotnetdotcom.org)"
207.46.204.170 - - [25/Nov/2010:20:40:53 -0800] "GET /clownjuice-access.log HTTP/1.1" 200 7224 "-" "Mozilla/4.0 (compatible; MSIE 6.0; Windows NT 5.2; SLCC1; .NET CLR 1.1.4325; .NET CLR 2.0.50727; .NET CLR 3.0.30729)"
41.217.164.56 - - [25/Nov/2010:21:07:05 -0800] "GET /log-access.log HTTP/1.1" 200 196991 "http://www.google.com/search?q=filetype:+log+inurl:%22access.log%22+%2Bintext:%22HTTP/1.1%22" "Mozilla/5.0 (Windows; U; Windows NT 6.1; en-US; rv:1.9.2.12) Gecko/20101026 AskTbFXTV5/3.9.1.14019 Firefox/3.6.12"
41.217.164.56 - - [25/Nov/2010:21:07:09 -0800] "GET /favicon.ico HTTP/1.1" 302 360 "-" "Mozilla/5.0 (Windows; U; Windows NT 6.1; en-US; rv:1.9.2.12) Gecko/20101026 AskTbFXTV5/3.9.1.14019 Firefox/3.6.12"
41.217.164.56 - - [25/Nov/2010:21:07:10 -0800] "GET / HTTP/1.1" 200 6179 "-" "Mozilla/5.0 (Windows; U; Windows NT 6.1; en-US; rv:1.9.2.12) Gecko/20101026 AskTbFXTV5/3.9.1.14019 Firefox/3.6.12"
41.217.164.56 - - [25/Nov/2010:21:07:11 -0800] "GET /favicon.ico HTTP/1.1" 302 360 "-" "Mozilla/5.0 (Windows; U; Windows NT 6.1; en-US; rv:1.9.2.12) Gecko/20101026 AskTbFXTV5/3.9.1.14019 Firefox/3.6.12"
41.217.164.56 - - [25/Nov/2010:21:07:11 -0800] "GET / HTTP/1.1" 200 6179 "-" "Mozilla/5.0 (Windows; U; Windows NT 6.1; en-US; rv:1.9.2.12) Gecko/20101026 AskTbFXTV5/3.9.1.14019 Firefox/3.6.12"
41.217.164.56 - - [25/Nov/2010:21:07:13 -0800] "GET /favicon.ico HTTP/1.1" 302 360 "-" "Mozilla/5.0 (Windows; U; Windows NT 6.1; en-US; rv:1.9.2.12) Gecko/20101026 AskTbFXTV5/3.9.1.14019 Firefox/3.6.12"
41.217.164.56 - - [25/Nov/2010:21:07:13 -0800] "GET / HTTP/1.1" 200 6179 "-" "Mozilla/5.0 (Windows; U; Windows NT 6.1; en-US; rv:1.9.2.12) Gecko/20101026 AskTbFXTV5/3.9.1.14019 Firefox/3.6.12"
66.249.67.229 - - [25/Nov/2010:21:20:15 -0800] "GET /2girls4lokos-error.log HTTP/1.1" 200 12682 "-" "Mozilla/5.0 (compatible; Googlebot/2.1; +http://www.google.com/bot.html)"
66.249.68.176 - - [25/Nov/2010:22:35:33 -0800] "GET /clownjuice-error.log HTTP/1.1" 200 3103 "-" "Mozilla/5.0 (compatible; Googlebot/2.1; +http://www.google.com/bot.html)"
208.80.194.36 - - [25/Nov/2010:22:54:06 -0800] "GET / HTTP/1.0" 200 6182 "-" "Mozilla/4.0 (compatible; MSIE 6.0; Windows NT 5.1; SV1; snprtz|T05042820260253#1012|isdn)"
208.115.111.249 - - [25/Nov/2010:23:32:09 -0800] "GET /robots.txt HTTP/1.1" 302 360 "-" "Mozilla/5.0 (compatible; DotBot/1.1; http://www.dotnetdotcom.org/, crawler@dotnetdotcom.org)"
208.115.111.249 - - [25/Nov/2010:23:32:09 -0800] "GET / HTTP/1.1" 200 6179 "-" "Mozilla/5.0 (compatible; DotBot/1.1; http://www.dotnetdotcom.org/, crawler@dotnetdotcom.org)"
66.249.68.177 - - [25/Nov/2010:23:50:42 -0800] "GET /robots.txt HTTP/1.1" 302 360 "-" "Mozilla/5.0 (compatible; Googlebot/2.1; +http://www.google.com/bot.html)"
66.249.68.177 - - [25/Nov/2010:23:50:42 -0800] "GET /jasoncmartin-access.log HTTP/1.1" 200 19221 "-" "Mozilla/5.0 (compatible; Googlebot/2.1; +http://www.google.com/bot.html)"
123.125.71.72 - - [26/Nov/2010:00:06:56 -0800] "GET / HTTP/1.1" 200 6182 "-" "Baiduspider+(+http://www.baidu.com/search/spider.htm)"
