208.115.111.249 - - [26/Nov/2010:00:16:29 -0800] "GET /browserbomb-access.log HTTP/1.1" 200 3589 "-" "Mozilla/5.0 (compatible; DotBot/1.1; http://www.dotnetdotcom.org/, crawler@dotnetdotcom.org)"
208.115.111.249 - - [26/Nov/2010:00:16:33 -0800] "GET /browserbomb-error.log HTTP/1.1" 200 999 "-" "Mozilla/5.0 (compatible; DotBot/1.1; http://www.dotnetdotcom.org/, crawler@dotnetdotcom.org)"
208.115.111.249 - - [26/Nov/2010:00:16:37 -0800] "GET /clownjuice-access.log HTTP/1.1" 200 7412 "-" "Mozilla/5.0 (compatible; DotBot/1.1; http://www.dotnetdotcom.org/, crawler@dotnetdotcom.org)"
208.115.111.249 - - [26/Nov/2010:00:16:42 -0800] "GET /dustinharley-error.log HTTP/1.1" 200 7058 "-" "Mozilla/5.0 (compatible; DotBot/1.1; http://www.dotnetdotcom.org/, crawler@dotnetdotcom.org)"
208.115.111.249 - - [26/Nov/2010:00:16:47 -0800] "GET /evilfuckers-access.log HTTP/1.1" 200 23313 "-" "Mozilla/5.0 (compatible; DotBot/1.1; http://www.dotnetdotcom.org/, crawler@dotnetdotcom.org)"
208.115.111.249 - - [26/Nov/2010:00:16:52 -0800] "GET /evilfuckers-error.log HTTP/1.1" 200 3456 "-" "Mozilla/5.0 (compatible; DotBot/1.1; http://www.dotnetdotcom.org/, crawler@dotnetdotcom.org)"
208.115.111.249 - - [26/Nov/2010:00:16:57 -0800] "GET /gorgeworld-access.log HTTP/1.1" 200 5375 "-" "Mozilla/5.0 (compatible; DotBot/1.1; http://www.dotnetdotcom.org/, crawler@dotnetdotcom.org)"
208.115.111.249 - - [26/Nov/2010:00:17:02 -0800] "GET /jasoncmartin-access.log HTTP/1.1" 200 19221 "-" "Mozilla/5.0 (compatible; DotBot/1.1; http://www.dotnetdotcom.org/, crawler@dotnetdotcom.org)"
208.115.111.249 - - [26/Nov/2010:00:17:07 -0800] "GET /jasoncmartin-error.log HTTP/1.1" 200 5640 "-" "Mozilla/5.0 (compatible; DotBot/1.1; http://www.dotnetdotcom.org/, crawler@dotnetdotcom.org)"
208.115.111.249 - - [26/Nov/2010:00:17:12 -0800] "GET /vaginacide-access.log HTTP/1.1" 302 360 "-" "Mozilla/5.0 (compatible; DotBot/1.1; http://www.dotnetdotcom.org/, crawler@dotnetdotcom.org)"
220.181.108.171 - - [26/Nov/2010:00:25:23 -0800] "GET / HTTP/1.1" 200 6179 "-" "Baiduspider+(+http://www.baidu.com/search/spider.htm)"
66.249.67.141 - - [26/Nov/2010:01:06:09 -0800] "GET /nov2010/ HTTP/1.1" 200 6153 "-" "Mozilla/5.0 (compatible; Googlebot/2.1; +http://www.google.com/bot.html)"
67.211.36.158 - - [26/Nov/2010:01:09:04 -0800] "GET //admin/phpmyadmin/ HTTP/1.1" 302 355 "-" "Made by ZmEu @ WhiteHat Team - www.whitehat.ro"
67.211.36.158 - - [26/Nov/2010:01:09:04 -0800] "GET //phpmyadmin/ HTTP/1.1" 302 355 "-" "Made by ZmEu @ WhiteHat Team - www.whitehat.ro"
67.211.36.158 - - [26/Nov/2010:01:09:04 -0800] "GET //pma/ HTTP/1.1" 302 355 "-" "Made by ZmEu @ WhiteHat Team - www.whitehat.ro"
67.211.36.158 - - [26/Nov/2010:01:09:04 -0800] "GET //admin/ HTTP/1.1" 302 355 "-" "Made by ZmEu @ WhiteHat Team - www.whitehat.ro"
67.211.36.158 - - [26/Nov/2010:01:09:05 -0800] "GET //dbadmin/ HTTP/1.1" 302 355 "-" "Made by ZmEu @ WhiteHat Team - www.whitehat.ro"
67.211.36.158 - - [26/Nov/2010:01:09:05 -0800] "GET //mysql/ HTTP/1.1" 302 355 "-" "Made by ZmEu @ WhiteHat Team - www.whitehat.ro"
67.211.36.158 - - [26/Nov/2010:01:09:05 -0800] "GET //myadmin/ HTTP/1.1" 302 355 "-" "Made by ZmEu @ WhiteHat Team - www.whitehat.ro"
67.211.36.158 - - [26/Nov/2010:01:09:05 -0800] "GET //PHPMYADMIN/ HTTP/1.1" 302 355 "-" "Made by ZmEu @ WhiteHat Team - www.whitehat.ro"
67.211.36.158 - - [26/Nov/2010:01:09:05 -0800] "GET //phpMyAdmin/ HTTP/1.1" 302 355 "-" "Made by ZmEu @ WhiteHat Team - www.whitehat.ro"
67.211.36.158 - - [26/Nov/2010:01:09:06 -0800] "GET //phpmya/ HTTP/1.1" 302 355 "-" "Made by ZmEu @ WhiteHat Team - www.whitehat.ro"
67.211.36.158 - - [26/Nov/2010:01:09:06 -0800] "GET //phpMyAdmin/ HTTP/1.1" 302 355 "-" "Made by ZmEu @ WhiteHat Team - www.whitehat.ro"
67.211.36.158 - - [26/Nov/2010:01:09:06 -0800] "GET //pma/ HTTP/1.1" 302 355 "-" "Made by ZmEu @ WhiteHat Team - www.whitehat.ro"
67.211.36.158 - - [26/Nov/2010:01:09:06 -0800] "GET //PMA/ HTTP/1.1" 302 355 "-" "Made by ZmEu @ WhiteHat Team - www.whitehat.ro"
67.211.36.158 - - [26/Nov/2010:01:09:06 -0800] "GET //sqlweb/ HTTP/1.1" 302 355 "-" "Made by ZmEu @ WhiteHat Team - www.whitehat.ro"
67.211.36.158 - - [26/Nov/2010:01:09:06 -0800] "GET //SSLMySQLAdmin/ HTTP/1.1" 302 355 "-" "Made by ZmEu @ WhiteHat Team - www.whitehat.ro"
67.211.36.158 - - [26/Nov/2010:01:09:06 -0800] "GET //webadmin/ HTTP/1.1" 302 355 "-" "Made by ZmEu @ WhiteHat Team - www.whitehat.ro"
67.211.36.158 - - [26/Nov/2010:01:09:07 -0800] "GET //admin/ HTTP/1.1" 302 355 "-" "Made by ZmEu @ WhiteHat Team - www.whitehat.ro"
67.211.36.158 - - [26/Nov/2010:01:09:07 -0800] "GET //Admin/ HTTP/1.1" 302 355 "-" "Made by ZmEu @ WhiteHat Team - www.whitehat.ro"
67.211.36.158 - - [26/Nov/2010:01:09:07 -0800] "GET //cpanelsql/ HTTP/1.1" 302 355 "-" "Made by ZmEu @ WhiteHat Team - www.whitehat.ro"
67.211.36.158 - - [26/Nov/2010:01:09:07 -0800] "GET //db/ HTTP/1.1" 302 355 "-" "Made by ZmEu @ WhiteHat Team - www.whitehat.ro"
67.211.36.158 - - [26/Nov/2010:01:09:07 -0800] "GET //dbadmin/ HTTP/1.1" 302 355 "-" "Made by ZmEu @ WhiteHat Team - www.whitehat.ro"
67.211.36.158 - - [26/Nov/2010:01:09:08 -0800] "GET //myadmin/ HTTP/1.1" 302 355 "-" "Made by ZmEu @ WhiteHat Team - www.whitehat.ro"
67.211.36.158 - - [26/Nov/2010:01:09:08 -0800] "GET //phpMyAdmins/ HTTP/1.1" 302 355 "-" "Made by ZmEu @ WhiteHat Team - www.whitehat.ro"
67.211.36.158 - - [26/Nov/2010:01:09:08 -0800] "GET // HTTP/1.1" 200 6177 "-" "Made by ZmEu @ WhiteHat Team - www.whitehat.ro"
67.211.36.158 - - [26/Nov/2010:01:09:08 -0800] "GET //phpMyAdmin-2.2.3/ HTTP/1.1" 302 355 "-" "Made by ZmEu @ WhiteHat Team - www.whitehat.ro"
67.211.36.158 - - [26/Nov/2010:01:09:08 -0800] "GET //phpMyAdmin-2.2.6/ HTTP/1.1" 302 355 "-" "Made by ZmEu @ WhiteHat Team - www.whitehat.ro"
67.211.36.158 - - [26/Nov/2010:01:09:08 -0800] "GET //phpMyAdmin-2.5.1/ HTTP/1.1" 302 355 "-" "Made by ZmEu @ WhiteHat Team - www.whitehat.ro"
67.211.36.158 - - [26/Nov/2010:01:09:08 -0800] "GET //phpMyAdmin-2.5.4/ HTTP/1.1" 302 355 "-" "Made by ZmEu @ WhiteHat Team - www.whitehat.ro"
67.211.36.158 - - [26/Nov/2010:01:09:09 -0800] "GET //pMA/ HTTP/1.1" 302 355 "-" "Made by ZmEu @ WhiteHat Team - www.whitehat.ro"
127.0.0.1 - - [26/Nov/2010:01:09:10 -0800] "OPTIONS * HTTP/1.0" 200 - "-" "Apache/2.2.11 (FreeBSD) mod_ssl/2.2.11 OpenSSL/0.9.8e DAV/2 PHP/5.2.9 with Suhosin-Patch (internal dummy connection)"
127.0.0.1 - - [26/Nov/2010:01:09:11 -0800] "OPTIONS * HTTP/1.0" 200 - "-" "Apache/2.2.11 (FreeBSD) mod_ssl/2.2.11 OpenSSL/0.9.8e DAV/2 PHP/5.2.9 with Suhosin-Patch (internal dummy connection)"
67.211.36.158 - - [26/Nov/2010:01:09:12 -0800] "GET //phpMyAdmin-2.5.5-rc1 HTTP/1.1" 302 355 "-" "Made by ZmEu @ WhiteHat Team - www.whitehat.ro"
67.211.36.158 - - [26/Nov/2010:01:09:12 -0800] "GET //phpMyAdmin-2.5.5-rc2/ HTTP/1.1" 302 355 "-" "Made by ZmEu @ WhiteHat Team - www.whitehat.ro"
67.211.36.158 - - [26/Nov/2010:01:09:12 -0800] "GET //phpMyAdmin-2.5.5/ HTTP/1.1" 302 355 "-" "Made by ZmEu @ WhiteHat Team - www.whitehat.ro"
67.211.36.158 - - [26/Nov/2010:01:09:12 -0800] "GET //phpMyAdmin-2.5.6-rc1/ HTTP/1.1" 302 355 "-" "Made by ZmEu @ WhiteHat Team - www.whitehat.ro"
127.0.0.1 - - [26/Nov/2010:01:09:12 -0800] "OPTIONS * HTTP/1.0" 200 - "-" "Apache/2.2.11 (FreeBSD) mod_ssl/2.2.11 OpenSSL/0.9.8e DAV/2 PHP/5.2.9 with Suhosin-Patch (internal dummy connection)"
67.211.36.158 - - [26/Nov/2010:01:09:12 -0800] "GET //phpMyAdmin-2.5.6-rc2/ HTTP/1.1" 302 355 "-" "Made by ZmEu @ WhiteHat Team - www.whitehat.ro"
127.0.0.1 - - [26/Nov/2010:01:09:14 -0800] "OPTIONS * HTTP/1.0" 200 - "-" "Apache/2.2.11 (FreeBSD) mod_ssl/2.2.11 OpenSSL/0.9.8e DAV/2 PHP/5.2.9 with Suhosin-Patch (internal dummy connection)"
127.0.0.1 - - [26/Nov/2010:01:09:15 -0800] "OPTIONS * HTTP/1.0" 200 - "-" "Apache/2.2.11 (FreeBSD) mod_ssl/2.2.11 OpenSSL/0.9.8e DAV/2 PHP/5.2.9 with Suhosin-Patch (internal dummy connection)"
67.211.36.158 - - [26/Nov/2010:01:09:15 -0800] "GET //phpMyAdmin-2.5.7-pl1/ HTTP/1.1" 302 355 "-" "Made by ZmEu @ WhiteHat Team - www.whitehat.ro"
67.211.36.158 - - [26/Nov/2010:01:09:16 -0800] "GET //phpMyAdmin-2.5.7/ HTTP/1.1" 302 355 "-" "Made by ZmEu @ WhiteHat Team - www.whitehat.ro"
67.211.36.158 - - [26/Nov/2010:01:09:16 -0800] "GET //phpMyAdmin-2.6.0-alpha/ HTTP/1.1" 302 355 "-" "Made by ZmEu @ WhiteHat Team - www.whitehat.ro"
67.211.36.158 - - [26/Nov/2010:01:09:16 -0800] "GET //phpMyAdmin-2.6.0-alpha2/ HTTP/1.1" 302 355 "-" "Made by ZmEu @ WhiteHat Team - www.whitehat.ro"
67.211.36.158 - - [26/Nov/2010:01:09:16 -0800] "GET //phpMyAdmin-2.6.0-beta1/ HTTP/1.1" 302 355 "-" "Made by ZmEu @ WhiteHat Team - www.whitehat.ro"
67.211.36.158 - - [26/Nov/2010:01:09:16 -0800] "GET //phpMyAdmin-2.6.0-beta2/ HTTP/1.1" 302 355 "-" "Made by ZmEu @ WhiteHat Team - www.whitehat.ro"
67.211.36.158 - - [26/Nov/2010:01:09:16 -0800] "GET //phpMyAdmin-2.6.0-pl1/ HTTP/1.1" 302 355 "-" "Made by ZmEu @ WhiteHat Team - www.whitehat.ro"
67.211.36.158 - - [26/Nov/2010:01:09:17 -0800] "GET //phpMyAdmin-2.6.0-pl2/ HTTP/1.1" 302 355 "-" "Made by ZmEu @ WhiteHat Team - www.whitehat.ro"
67.211.36.158 - - [26/Nov/2010:01:09:17 -0800] "GET //phpMyAdmin-2.6.0-pl3/ HTTP/1.1" 302 355 "-" "Made by ZmEu @ WhiteHat Team - www.whitehat.ro"
67.211.36.158 - - [26/Nov/2010:01:09:17 -0800] "GET //phpMyAdmin-2.6.0-rc1/ HTTP/1.1" 302 355 "-" "Made by ZmEu @ WhiteHat Team - www.whitehat.ro"
67.211.36.158 - - [26/Nov/2010:01:09:17 -0800] "GET //phpMyAdmin-2.6.0-rc2/ HTTP/1.1" 302 355 "-" "Made by ZmEu @ WhiteHat Team - www.whitehat.ro"
67.211.36.158 - - [26/Nov/2010:01:09:17 -0800] "GET //phpMyAdmin-2.6.0-rc3/ HTTP/1.1" 302 355 "-" "Made by ZmEu @ WhiteHat Team - www.whitehat.ro"
67.211.36.158 - - [26/Nov/2010:01:09:17 -0800] "GET //phpMyAdmin-2.6.0/ HTTP/1.1" 302 355 "-" "Made by ZmEu @ WhiteHat Team - www.whitehat.ro"
67.211.36.158 - - [26/Nov/2010:01:09:18 -0800] "GET //phpMyAdmin-2.6.1-pl1/ HTTP/1.1" 302 355 "-" "Made by ZmEu @ WhiteHat Team - www.whitehat.ro"
67.211.36.158 - - [26/Nov/2010:01:09:18 -0800] "GET //phpMyAdmin-2.6.1-pl2/ HTTP/1.1" 302 355 "-" "Made by ZmEu @ WhiteHat Team - www.whitehat.ro"
67.211.36.158 - - [26/Nov/2010:01:09:18 -0800] "GET //phpMyAdmin-2.6.1-pl3/ HTTP/1.1" 302 355 "-" "Made by ZmEu @ WhiteHat Team - www.whitehat.ro"
67.211.36.158 - - [26/Nov/2010:01:09:18 -0800] "GET //phpMyAdmin-2.6.1-rc1/ HTTP/1.1" 302 355 "-" "Made by ZmEu @ WhiteHat Team - www.whitehat.ro"
67.211.36.158 - - [26/Nov/2010:01:09:18 -0800] "GET //phpMyAdmin-2.6.1-rc2/ HTTP/1.1" 302 355 "-" "Made by ZmEu @ WhiteHat Team - www.whitehat.ro"
67.211.36.158 - - [26/Nov/2010:01:09:18 -0800] "GET //phpMyAdmin-2.6.1/ HTTP/1.1" 302 355 "-" "Made by ZmEu @ WhiteHat Team - www.whitehat.ro"
67.211.36.158 - - [26/Nov/2010:01:09:19 -0800] "GET //phpMyAdmin-2.6.2-beta1/ HTTP/1.1" 302 355 "-" "Made by ZmEu @ WhiteHat Team - www.whitehat.ro"
67.211.36.158 - - [26/Nov/2010:01:09:19 -0800] "GET //phpMyAdmin-2.6.2-pl1/ HTTP/1.1" 302 355 "-" "Made by ZmEu @ WhiteHat Team - www.whitehat.ro"
67.211.36.158 - - [26/Nov/2010:01:09:19 -0800] "GET //phpMyAdmin-2.6.2-rc1/ HTTP/1.1" 302 355 "-" "Made by ZmEu @ WhiteHat Team - www.whitehat.ro"
67.211.36.158 - - [26/Nov/2010:01:09:19 -0800] "GET //phpMyAdmin-2.6.2/ HTTP/1.1" 302 355 "-" "Made by ZmEu @ WhiteHat Team - www.whitehat.ro"
67.211.36.158 - - [26/Nov/2010:01:09:19 -0800] "GET //phpMyAdmin-2.6.3-pl1/ HTTP/1.1" 302 355 "-" "Made by ZmEu @ WhiteHat Team - www.whitehat.ro"
67.211.36.158 - - [26/Nov/2010:01:09:19 -0800] "GET //phpMyAdmin-2.6.3-rc1/ HTTP/1.1" 302 355 "-" "Made by ZmEu @ WhiteHat Team - www.whitehat.ro"
67.211.36.158 - - [26/Nov/2010:01:09:20 -0800] "GET //phpMyAdmin-2.6.3/ HTTP/1.1" 302 355 "-" "Made by ZmEu @ WhiteHat Team - www.whitehat.ro"
127.0.0.1 - - [26/Nov/2010:01:09:20 -0800] "OPTIONS * HTTP/1.0" 200 - "-" "Apache/2.2.11 (FreeBSD) mod_ssl/2.2.11 OpenSSL/0.9.8e DAV/2 PHP/5.2.9 with Suhosin-Patch (internal dummy connection)"
127.0.0.1 - - [26/Nov/2010:01:09:21 -0800] "OPTIONS * HTTP/1.0" 200 - "-" "Apache/2.2.11 (FreeBSD) mod_ssl/2.2.11 OpenSSL/0.9.8e DAV/2 PHP/5.2.9 with Suhosin-Patch (internal dummy connection)"
127.0.0.1 - - [26/Nov/2010:01:09:22 -0800] "OPTIONS * HTTP/1.0" 200 - "-" "Apache/2.2.11 (FreeBSD) mod_ssl/2.2.11 OpenSSL/0.9.8e DAV/2 PHP/5.2.9 with Suhosin-Patch (internal dummy connection)"
67.211.36.158 - - [26/Nov/2010:01:09:23 -0800] "GET //phpMyAdmin-2.6.4-pl2/ HTTP/1.1" 302 355 "-" "Made by ZmEu @ WhiteHat Team - www.whitehat.ro"
67.211.36.158 - - [26/Nov/2010:01:09:23 -0800] "GET //phpMyAdmin-2.6.4-pl3/ HTTP/1.1" 302 355 "-" "Made by ZmEu @ WhiteHat Team - www.whitehat.ro"
67.211.36.158 - - [26/Nov/2010:01:09:23 -0800] "GET //phpMyAdmin-2.6.4-pl4/ HTTP/1.1" 302 355 "-" "Made by ZmEu @ WhiteHat Team - www.whitehat.ro"
67.211.36.158 - - [26/Nov/2010:01:09:23 -0800] "GET //phpMyAdmin-2.6.4-rc1/ HTTP/1.1" 302 355 "-" "Made by ZmEu @ WhiteHat Team - www.whitehat.ro"
67.211.36.158 - - [26/Nov/2010:01:09:23 -0800] "GET //phpMyAdmin-2.6.4/ HTTP/1.1" 302 355 "-" "Made by ZmEu @ WhiteHat Team - www.whitehat.ro"
127.0.0.1 - - [26/Nov/2010:01:09:24 -0800] "OPTIONS * HTTP/1.0" 200 - "-" "Apache/2.2.11 (FreeBSD) mod_ssl/2.2.11 OpenSSL/0.9.8e DAV/2 PHP/5.2.9 with Suhosin-Patch (internal dummy connection)"
67.211.36.158 - - [26/Nov/2010:01:09:24 -0800] "GET //phpMyAdmin-2.7.0-beta1/ HTTP/1.1" 302 355 "-" "Made by ZmEu @ WhiteHat Team - www.whitehat.ro"
127.0.0.1 - - [26/Nov/2010:01:09:26 -0800] "OPTIONS * HTTP/1.0" 200 - "-" "Apache/2.2.11 (FreeBSD) mod_ssl/2.2.11 OpenSSL/0.9.8e DAV/2 PHP/5.2.9 with Suhosin-Patch (internal dummy connection)"
127.0.0.1 - - [26/Nov/2010:01:09:27 -0800] "OPTIONS * HTTP/1.0" 200 - "-" "Apache/2.2.11 (FreeBSD) mod_ssl/2.2.11 OpenSSL/0.9.8e DAV/2 PHP/5.2.9 with Suhosin-Patch (internal dummy connection)"
67.211.36.158 - - [26/Nov/2010:01:09:27 -0800] "GET //phpMyAdmin-2.7.0-pl2/ HTTP/1.1" 302 355 "-" "Made by ZmEu @ WhiteHat Team - www.whitehat.ro"
67.211.36.158 - - [26/Nov/2010:01:09:27 -0800] "GET //phpMyAdmin-2.7.0-rc1/ HTTP/1.1" 302 355 "-" "Made by ZmEu @ WhiteHat Team - www.whitehat.ro"
67.211.36.158 - - [26/Nov/2010:01:09:27 -0800] "GET //phpMyAdmin-2.7.0/ HTTP/1.1" 302 355 "-" "Made by ZmEu @ WhiteHat Team - www.whitehat.ro"
67.211.36.158 - - [26/Nov/2010:01:09:27 -0800] "GET //phpMyAdmin-2.8.0-beta1/ HTTP/1.1" 302 355 "-" "Made by ZmEu @ WhiteHat Team - www.whitehat.ro"
67.211.36.158 - - [26/Nov/2010:01:09:27 -0800] "GET //phpMyAdmin-2.8.0-rc1/ HTTP/1.1" 302 355 "-" "Made by ZmEu @ WhiteHat Team - www.whitehat.ro"
67.211.36.158 - - [26/Nov/2010:01:09:27 -0800] "GET //phpMyAdmin-2.8.0-rc2/ HTTP/1.1" 302 355 "-" "Made by ZmEu @ WhiteHat Team - www.whitehat.ro"
67.211.36.158 - - [26/Nov/2010:01:09:27 -0800] "GET //phpMyAdmin-2.8.0.1/ HTTP/1.1" 302 355 "-" "Made by ZmEu @ WhiteHat Team - www.whitehat.ro"
67.211.36.158 - - [26/Nov/2010:01:09:28 -0800] "GET //phpMyAdmin-2.8.0.2/ HTTP/1.1" 302 355 "-" "Made by ZmEu @ WhiteHat Team - www.whitehat.ro"
67.211.36.158 - - [26/Nov/2010:01:09:28 -0800] "GET //phpMyAdmin-2.8.0.3/ HTTP/1.1" 302 355 "-" "Made by ZmEu @ WhiteHat Team - www.whitehat.ro"
67.211.36.158 - - [26/Nov/2010:01:09:28 -0800] "GET //phpMyAdmin-2.8.0.4/ HTTP/1.1" 302 355 "-" "Made by ZmEu @ WhiteHat Team - www.whitehat.ro"
67.211.36.158 - - [26/Nov/2010:01:09:28 -0800] "GET //phpMyAdmin-2.8.0/ HTTP/1.1" 302 355 "-" "Made by ZmEu @ WhiteHat Team - www.whitehat.ro"
67.211.36.158 - - [26/Nov/2010:01:09:28 -0800] "GET //phpMyAdmin-2.8.1-rc1/ HTTP/1.1" 302 355 "-" "Made by ZmEu @ WhiteHat Team - www.whitehat.ro"
67.211.36.158 - - [26/Nov/2010:01:09:28 -0800] "GET //phpMyAdmin-2.8.1/ HTTP/1.1" 302 355 "-" "Made by ZmEu @ WhiteHat Team - www.whitehat.ro"
67.211.36.158 - - [26/Nov/2010:01:09:29 -0800] "GET //phpMyAdmin-2.8.2/ HTTP/1.1" 302 355 "-" "Made by ZmEu @ WhiteHat Team - www.whitehat.ro"
67.211.36.158 - - [26/Nov/2010:01:09:29 -0800] "GET //roundcube/ HTTP/1.1" 302 355 "-" "Made by ZmEu @ WhiteHat Team - www.whitehat.ro"
67.211.36.158 - - [26/Nov/2010:01:09:29 -0800] "GET //typo3/phpmyadmin/ HTTP/1.1" 302 355 "-" "Made by ZmEu @ WhiteHat Team - www.whitehat.ro"
67.211.36.158 - - [26/Nov/2010:01:09:29 -0800] "GET //web/ HTTP/1.1" 302 355 "-" "Made by ZmEu @ WhiteHat Team - www.whitehat.ro"
67.211.36.158 - - [26/Nov/2010:01:09:29 -0800] "GET / HTTP/1.1" 200 6177 "-" "Made by ZmEu @ WhiteHat Team - www.whitehat.ro"
127.0.0.1 - - [26/Nov/2010:01:09:30 -0800] "OPTIONS * HTTP/1.0" 200 - "-" "Apache/2.2.11 (FreeBSD) mod_ssl/2.2.11 OpenSSL/0.9.8e DAV/2 PHP/5.2.9 with Suhosin-Patch (internal dummy connection)"
127.0.0.1 - - [26/Nov/2010:01:09:31 -0800] "OPTIONS * HTTP/1.0" 200 - "-" "Apache/2.2.11 (FreeBSD) mod_ssl/2.2.11 OpenSSL/0.9.8e DAV/2 PHP/5.2.9 with Suhosin-Patch (internal dummy connection)"
127.0.0.1 - - [26/Nov/2010:01:09:32 -0800] "OPTIONS * HTTP/1.0" 200 - "-" "Apache/2.2.11 (FreeBSD) mod_ssl/2.2.11 OpenSSL/0.9.8e DAV/2 PHP/5.2.9 with Suhosin-Patch (internal dummy connection)"
127.0.0.1 - - [26/Nov/2010:01:09:33 -0800] "OPTIONS * HTTP/1.0" 200 - "-" "Apache/2.2.11 (FreeBSD) mod_ssl/2.2.11 OpenSSL/0.9.8e DAV/2 PHP/5.2.9 with Suhosin-Patch (internal dummy connection)"
184.72.214.215 - - [26/Nov/2010:01:13:52 -0800] "HEAD / HTTP/1.1" 200 - "http://www.netcraft.com/survey/" "Mozilla/4.0 (compatible; Netcraft Web Server Survey)"
77.10.241.51 - - [26/Nov/2010:01:49:04 -0800] "GET /log-access.log HTTP/1.1" 200 217041 "http://www.google.com/search?q=filetype:+log+inurl:%22access.log%22+%2Bintext:%22HTTP/1.1%22" "Mozilla/5.0 (X11; U; Linux i686; en-US; rv:1.9.0.15) Gecko/2009102814 Ubuntu/8.10 (intrepid) Firefox/3.0.15"
77.10.241.51 - - [26/Nov/2010:01:49:07 -0800] "GET /favicon.ico HTTP/1.1" 302 360 "-" "Mozilla/5.0 (X11; U; Linux i686; en-US; rv:1.9.0.15) Gecko/2009102814 Ubuntu/8.10 (intrepid) Firefox/3.0.15"
77.10.241.51 - - [26/Nov/2010:01:49:07 -0800] "GET /favicon.ico HTTP/1.1" 302 360 "-" "Mozilla/5.0 (X11; U; Linux i686; en-US; rv:1.9.0.15) Gecko/2009102814 Ubuntu/8.10 (intrepid) Firefox/3.0.15"
77.10.241.51 - - [26/Nov/2010:01:49:07 -0800] "GET / HTTP/1.1" 200 6179 "-" "Mozilla/5.0 (X11; U; Linux i686; en-US; rv:1.9.0.15) Gecko/2009102814 Ubuntu/8.10 (intrepid) Firefox/3.0.15"
77.10.241.51 - - [26/Nov/2010:01:49:08 -0800] "GET / HTTP/1.1" 200 6179 "-" "Mozilla/5.0 (X11; U; Linux i686; en-US; rv:1.9.0.15) Gecko/2009102814 Ubuntu/8.10 (intrepid) Firefox/3.0.15"
208.53.157.241 - - [26/Nov/2010:02:03:30 -0800] "GET /log-access.log HTTP/1.0" 200 218098 "-" "Mozilla/5.0 (Windows; U; Windows NT 6.1; en-US; rv:1.9.2.3) Gecko/20100401 Firefox/3.6.3"
82.110.218.145 - - [26/Nov/2010:02:47:52 -0800] "GET /log-error.log HTTP/1.0" 200 40913 "http://www.google.co.uk/search?q=217.7.51.74&ie=utf-8&oe=utf-8&aq=t&rls=org.mozilla:en-GB:official&client=firefox-a&safe=strict" "Mozilla/5.0 (Windows; U; Windows NT 5.1; en-GB; rv:1.9.2.12) Gecko/20101026 Firefox/3.6.12"
82.110.218.145 - - [26/Nov/2010:02:47:55 -0800] "GET /favicon.ico HTTP/1.0" 302 361 "-" "Mozilla/5.0 (Windows; U; Windows NT 5.1; en-GB; rv:1.9.2.12) Gecko/20101026 Firefox/3.6.12"
82.110.218.145 - - [26/Nov/2010:02:47:56 -0800] "GET / HTTP/1.0" 200 6179 "-" "Mozilla/5.0 (Windows; U; Windows NT 5.1; en-GB; rv:1.9.2.12) Gecko/20101026 Firefox/3.6.12"
82.110.218.145 - - [26/Nov/2010:02:47:58 -0800] "GET /favicon.ico HTTP/1.0" 302 361 "-" "Mozilla/5.0 (Windows; U; Windows NT 5.1; en-GB; rv:1.9.2.12) Gecko/20101026 Firefox/3.6.12"
82.110.218.145 - - [26/Nov/2010:02:47:59 -0800] "GET / HTTP/1.0" 200 6179 "-" "Mozilla/5.0 (Windows; U; Windows NT 5.1; en-GB; rv:1.9.2.12) Gecko/20101026 Firefox/3.6.12"
82.110.218.145 - - [26/Nov/2010:02:48:11 -0800] "GET /favicon.ico HTTP/1.0" 302 361 "-" "Mozilla/5.0 (Windows; U; Windows NT 5.1; en-GB; rv:1.9.2.12) Gecko/20101026 Firefox/3.6.12"
82.110.218.145 - - [26/Nov/2010:02:48:12 -0800] "GET / HTTP/1.0" 200 6179 "-" "Mozilla/5.0 (Windows; U; Windows NT 5.1; en-GB; rv:1.9.2.12) Gecko/20101026 Firefox/3.6.12"
82.110.218.145 - - [26/Nov/2010:02:52:21 -0800] "GET /favicon.ico HTTP/1.0" 302 361 "-" "Mozilla/5.0 (Windows; U; Windows NT 5.1; en-GB; rv:1.9.2.12) Gecko/20101026 Firefox/3.6.12"
82.110.218.145 - - [26/Nov/2010:02:52:22 -0800] "GET / HTTP/1.0" 200 6179 "-" "Mozilla/5.0 (Windows; U; Windows NT 5.1; en-GB; rv:1.9.2.12) Gecko/20101026 Firefox/3.6.12"
82.110.218.145 - - [26/Nov/2010:02:52:28 -0800] "GET / HTTP/1.0" 200 6183 "-" "Mozilla/5.0 (Windows; U; Windows NT 5.1; en-GB; rv:1.9.2.12) Gecko/20101026 Firefox/3.6.12"
82.110.218.145 - - [26/Nov/2010:02:52:29 -0800] "GET /icons/folder.gif HTTP/1.0" 200 225 "http://sticky.clownjuice.com/" "Mozilla/5.0 (Windows; U; Windows NT 5.1; en-GB; rv:1.9.2.12) Gecko/20101026 Firefox/3.6.12"
82.110.218.145 - - [26/Nov/2010:02:52:29 -0800] "GET /icons/text.gif HTTP/1.0" 200 229 "http://sticky.clownjuice.com/" "Mozilla/5.0 (Windows; U; Windows NT 5.1; en-GB; rv:1.9.2.12) Gecko/20101026 Firefox/3.6.12"
82.110.218.145 - - [26/Nov/2010:02:52:29 -0800] "GET /icons/blank.gif HTTP/1.0" 200 148 "http://sticky.clownjuice.com/" "Mozilla/5.0 (Windows; U; Windows NT 5.1; en-GB; rv:1.9.2.12) Gecko/20101026 Firefox/3.6.12"
82.110.218.145 - - [26/Nov/2010:02:52:44 -0800] "GET /favicon.ico HTTP/1.0" 302 361 "-" "Mozilla/5.0 (Windows; U; Windows NT 5.1; en-GB; rv:1.9.2.12) Gecko/20101026 Firefox/3.6.12"
82.110.218.145 - - [26/Nov/2010:02:52:44 -0800] "GET / HTTP/1.0" 200 6179 "-" "Mozilla/5.0 (Windows; U; Windows NT 5.1; en-GB; rv:1.9.2.12) Gecko/20101026 Firefox/3.6.12"
82.110.218.145 - - [26/Nov/2010:02:53:13 -0800] "GET /favicon.ico HTTP/1.0" 302 361 "-" "Mozilla/5.0 (Windows; U; Windows NT 5.1; en-GB; rv:1.9.2.12) Gecko/20101026 Firefox/3.6.12"
82.110.218.145 - - [26/Nov/2010:02:53:13 -0800] "GET / HTTP/1.0" 200 6179 "-" "Mozilla/5.0 (Windows; U; Windows NT 5.1; en-GB; rv:1.9.2.12) Gecko/20101026 Firefox/3.6.12"
82.110.218.145 - - [26/Nov/2010:02:54:02 -0800] "GET /favicon.ico HTTP/1.0" 302 361 "-" "Mozilla/5.0 (Windows; U; Windows NT 5.1; en-GB; rv:1.9.2.12) Gecko/20101026 Firefox/3.6.12"
82.110.218.145 - - [26/Nov/2010:02:54:02 -0800] "GET / HTTP/1.0" 200 6179 "-" "Mozilla/5.0 (Windows; U; Windows NT 5.1; en-GB; rv:1.9.2.12) Gecko/20101026 Firefox/3.6.12"
82.110.218.145 - - [26/Nov/2010:02:58:36 -0800] "GET /favicon.ico HTTP/1.0" 302 361 "-" "Mozilla/5.0 (Windows; U; Windows NT 5.1; en-GB; rv:1.9.2.12) Gecko/20101026 Firefox/3.6.12"
82.110.218.145 - - [26/Nov/2010:02:58:36 -0800] "GET / HTTP/1.0" 200 6179 "-" "Mozilla/5.0 (Windows; U; Windows NT 5.1; en-GB; rv:1.9.2.12) Gecko/20101026 Firefox/3.6.12"
207.46.199.191 - - [26/Nov/2010:03:12:46 -0800] "GET /robots.txt HTTP/1.1" 302 360 "-" "Mozilla/5.0 (compatible; bingbot/2.0; +http://www.bing.com/bingbot.htm)"
207.46.199.191 - - [26/Nov/2010:03:12:46 -0800] "GET / HTTP/1.1" 200 6179 "-" "Mozilla/5.0 (compatible; bingbot/2.0; +http://www.bing.com/bingbot.htm)"
208.115.111.249 - - [26/Nov/2010:03:20:36 -0800] "GET /robots.txt HTTP/1.1" 302 360 "-" "Mozilla/5.0 (compatible; DotBot/1.1; http://www.dotnetdotcom.org/, crawler@dotnetdotcom.org)"
208.115.111.249 - - [26/Nov/2010:03:20:36 -0800] "GET / HTTP/1.1" 200 6179 "-" "Mozilla/5.0 (compatible; DotBot/1.1; http://www.dotnetdotcom.org/, crawler@dotnetdotcom.org)"
220.181.108.168 - - [26/Nov/2010:03:25:51 -0800] "GET / HTTP/1.1" 200 6179 "-" "Baiduspider+(+http://www.baidu.com/search/spider.htm)"
66.249.67.229 - - [26/Nov/2010:03:36:38 -0800] "GET /robots.txt HTTP/1.1" 302 360 "-" "Mozilla/5.0 (compatible; Googlebot/2.1; +http://www.google.com/bot.html)"
66.249.67.229 - - [26/Nov/2010:03:36:38 -0800] "GET /2girls4lokos-access.log HTTP/1.1" 200 55818 "-" "Mozilla/5.0 (compatible; Googlebot/2.1; +http://www.google.com/bot.html)"
208.115.111.249 - - [26/Nov/2010:04:03:54 -0800] "GET /clownjuice-error.log HTTP/1.1" 200 3103 "-" "Mozilla/5.0 (compatible; DotBot/1.1; http://www.dotnetdotcom.org/, crawler@dotnetdotcom.org)"
208.115.111.249 - - [26/Nov/2010:04:03:59 -0800] "GET /ferality-access.log HTTP/1.1" 200 46859 "-" "Mozilla/5.0 (compatible; DotBot/1.1; http://www.dotnetdotcom.org/, crawler@dotnetdotcom.org)"
208.115.111.249 - - [26/Nov/2010:04:04:03 -0800] "GET /gorgeworld-error.log HTTP/1.1" 200 1481 "-" "Mozilla/5.0 (compatible; DotBot/1.1; http://www.dotnetdotcom.org/, crawler@dotnetdotcom.org)"
208.115.111.249 - - [26/Nov/2010:04:04:08 -0800] "GET /orbsucks-access.log HTTP/1.1" 200 - "-" "Mozilla/5.0 (compatible; DotBot/1.1; http://www.dotnetdotcom.org/, crawler@dotnetdotcom.org)"
208.115.111.249 - - [26/Nov/2010:04:04:13 -0800] "GET /paxnihilo-access.log HTTP/1.1" 200 1984 "-" "Mozilla/5.0 (compatible; DotBot/1.1; http://www.dotnetdotcom.org/, crawler@dotnetdotcom.org)"
208.115.111.249 - - [26/Nov/2010:04:04:18 -0800] "GET /paxnihilo-error.log HTTP/1.1" 200 437 "-" "Mozilla/5.0 (compatible; DotBot/1.1; http://www.dotnetdotcom.org/, crawler@dotnetdotcom.org)"
208.115.111.249 - - [26/Nov/2010:04:04:23 -0800] "GET /sharkbomb-access.log HTTP/1.1" 200 34085 "-" "Mozilla/5.0 (compatible; DotBot/1.1; http://www.dotnetdotcom.org/, crawler@dotnetdotcom.org)"
208.115.111.249 - - [26/Nov/2010:04:04:28 -0800] "GET /sharkbomb-error.log HTTP/1.1" 200 3501 "-" "Mozilla/5.0 (compatible; DotBot/1.1; http://www.dotnetdotcom.org/, crawler@dotnetdotcom.org)"
208.115.111.249 - - [26/Nov/2010:04:04:33 -0800] "GET /terhanian-access.log HTTP/1.1" 200 - "-" "Mozilla/5.0 (compatible; DotBot/1.1; http://www.dotnetdotcom.org/, crawler@dotnetdotcom.org)"
208.115.111.249 - - [26/Nov/2010:04:04:38 -0800] "GET /vaginacide-error.log HTTP/1.1" 302 360 "-" "Mozilla/5.0 (compatible; DotBot/1.1; http://www.dotnetdotcom.org/, crawler@dotnetdotcom.org)"
220.181.108.165 - - [26/Nov/2010:04:24:26 -0800] "GET / HTTP/1.1" 200 6179 "-" "Baiduspider+(+http://www.baidu.com/search/spider.htm)"
66.249.67.229 - - [26/Nov/2010:04:51:52 -0800] "GET /nov2010/clownjuice-error.log HTTP/1.1" 304 - "-" "Mozilla/5.0 (compatible; Googlebot/2.1; +http://www.google.com/bot.html)"
66.249.67.229 - - [26/Nov/2010:06:06:58 -0800] "GET /nov2010/paxnihilo-error.log HTTP/1.1" 304 - "-" "Mozilla/5.0 (compatible; Googlebot/2.1; +http://www.google.com/bot.html)"
91.215.216.14 - - [26/Nov/2010:06:07:59 -0800] "POST /contact.php HTTP/1.1" 302 361 "-" "Mozilla/4.76 [ru] (X11; U; SunOS 5.7 sun4u)"
91.215.216.14 - - [26/Nov/2010:06:08:08 -0800] "POST /contact.php HTTP/1.1" 302 361 "-" "Mozilla/4.76 [ru] (X11; U; SunOS 5.7 sun4u)"
220.181.108.186 - - [26/Nov/2010:06:17:35 -0800] "GET / HTTP/1.1" 200 6182 "-" "Baiduspider+(+http://www.baidu.com/search/spider.htm)"
174.129.73.202 - - [26/Nov/2010:06:45:38 -0800] "GET / HTTP/1.1" 200 6182 "-" "Mozilla/4.0 (compatible; MSIE 8.0; Windows NT 5.1; Trident/4.0; .NET CLR 1.0.3705; .NET CLR 1.1.4322; .NET CLR 2.0.50727; .NET CLR 3.0.4506.2152; .NET CLR 3.5.30729; .NET4.0C; .NET4.0E)"
119.63.198.44 - - [26/Nov/2010:06:49:38 -0800] "GET /robots.txt HTTP/1.1" 302 360 "-" "Baiduspider+(+http://www.baidu.com/search/spider.htm)"
119.63.198.17 - - [26/Nov/2010:06:49:38 -0800] "GET / HTTP/1.1" 200 6179 "-" "Baiduspider+(+http://www.baidu.com/search/spider.htm)"
24.200.185.98 - - [26/Nov/2010:07:32:26 -0800] "GET /log-access.log HTTP/1.1" 200 226724 "http://www.google.com/search?q=filetype:+log+inurl:%22access.log%22+%2Bintext:%22HTTP/1.1%22" "Mozilla/5.0 (Windows; U; Windows NT 5.1; en-US; rv:1.9.2.12) Gecko/20101026 Firefox/3.6.12 (.NET CLR 3.5.30729)"
24.200.185.98 - - [26/Nov/2010:07:32:29 -0800] "GET /favicon.ico HTTP/1.1" 302 360 "-" "Mozilla/5.0 (Windows; U; Windows NT 5.1; en-US; rv:1.9.2.12) Gecko/20101026 Firefox/3.6.12 (.NET CLR 3.5.30729)"
24.200.185.98 - - [26/Nov/2010:07:32:33 -0800] "GET / HTTP/1.1" 200 6179 "-" "Mozilla/5.0 (Windows; U; Windows NT 5.1; en-US; rv:1.9.2.12) Gecko/20101026 Firefox/3.6.12 (.NET CLR 3.5.30729)"
220.181.108.184 - - [26/Nov/2010:07:35:20 -0800] "GET / HTTP/1.1" 200 6179 "-" "Baiduspider+(+http://www.baidu.com/search/spider.htm)"
208.115.111.249 - - [26/Nov/2010:07:55:20 -0800] "GET / HTTP/1.1" 200 6182 "-" "Mozilla/5.0 (compatible; DotBot/1.1; http://www.dotnetdotcom.org/, crawler@dotnetdotcom.org)"
208.115.111.249 - - [26/Nov/2010:07:55:24 -0800] "GET /ferality-error.log HTTP/1.1" 200 1961 "-" "Mozilla/5.0 (compatible; DotBot/1.1; http://www.dotnetdotcom.org/, crawler@dotnetdotcom.org)"
208.115.111.249 - - [26/Nov/2010:07:55:29 -0800] "GET /log-access.log HTTP/1.1" 200 227915 "-" "Mozilla/5.0 (compatible; DotBot/1.1; http://www.dotnetdotcom.org/, crawler@dotnetdotcom.org)"
208.115.111.249 - - [26/Nov/2010:07:55:34 -0800] "GET /log-error.log HTTP/1.1" 200 42627 "-" "Mozilla/5.0 (compatible; DotBot/1.1; http://www.dotnetdotcom.org/, crawler@dotnetdotcom.org)"
208.115.111.249 - - [26/Nov/2010:07:55:40 -0800] "GET /orbsucks-error.log HTTP/1.1" 200 - "-" "Mozilla/5.0 (compatible; DotBot/1.1; http://www.dotnetdotcom.org/, crawler@dotnetdotcom.org)"
208.115.111.249 - - [26/Nov/2010:07:55:44 -0800] "GET /terhanian-error.log HTTP/1.1" 200 - "-" "Mozilla/5.0 (compatible; DotBot/1.1; http://www.dotnetdotcom.org/, crawler@dotnetdotcom.org)"
66.249.67.229 - - [26/Nov/2010:08:37:48 -0800] "GET /nov2010/ HTTP/1.1" 200 6156 "-" "Mozilla/5.0 (compatible; Googlebot/2.1; +http://www.google.com/bot.html)"
123.125.71.69 - - [26/Nov/2010:08:54:11 -0800] "GET / HTTP/1.1" 200 6179 "-" "Baiduspider+(+http://www.baidu.com/search/spider.htm)"
119.63.198.36 - - [26/Nov/2010:08:56:57 -0800] "GET /robots.txt HTTP/1.1" 302 357 "-" "Baiduspider+(+http://www.baidu.com/search/spider.htm)"
119.63.198.58 - - [26/Nov/2010:08:56:57 -0800] "GET / HTTP/1.1" 200 6179 "-" "Baiduspider+(+http://www.baidu.com/search/spider.htm)"
113.22.127.44 - - [26/Nov/2010:09:23:43 -0800] "GET /nov2010/ HTTP/1.1" 200 6156 "http://www.google.com.vn/search?q=Apache/2.2.11+(FreeBSD)+mod_ssl/2.2.11+OpenSSL/0.9.8e&hl=vi&client=firefox-a&rls=org.mozilla:vi:official&ei=BfvvTJf0JsOpcc-s_KUK&start=60&sa=N" "Mozilla/5.0 (Windows; U; Windows NT 6.1; vi; rv:1.9.2.12) Gecko/20101026 Firefox/3.6.12"
113.22.127.44 - - [26/Nov/2010:09:23:44 -0800] "GET /icons/blank.gif HTTP/1.1" 200 148 "http://unusualdischarge.com/nov2010/" "Mozilla/5.0 (Windows; U; Windows NT 6.1; vi; rv:1.9.2.12) Gecko/20101026 Firefox/3.6.12"
113.22.127.44 - - [26/Nov/2010:09:23:45 -0800] "GET /icons/back.gif HTTP/1.1" 200 216 "http://unusualdischarge.com/nov2010/" "Mozilla/5.0 (Windows; U; Windows NT 6.1; vi; rv:1.9.2.12) Gecko/20101026 Firefox/3.6.12"
113.22.127.44 - - [26/Nov/2010:09:23:45 -0800] "GET /icons/text.gif HTTP/1.1" 200 229 "http://unusualdischarge.com/nov2010/" "Mozilla/5.0 (Windows; U; Windows NT 6.1; vi; rv:1.9.2.12) Gecko/20101026 Firefox/3.6.12"
113.22.127.44 - - [26/Nov/2010:09:23:45 -0800] "GET /favicon.ico HTTP/1.1" 302 360 "-" "Mozilla/5.0 (Windows; U; Windows NT 6.1; vi; rv:1.9.2.12) Gecko/20101026 Firefox/3.6.12"
113.22.127.44 - - [26/Nov/2010:09:23:46 -0800] "GET / HTTP/1.1" 200 6179 "-" "Mozilla/5.0 (Windows; U; Windows NT 6.1; vi; rv:1.9.2.12) Gecko/20101026 Firefox/3.6.12"
113.22.127.44 - - [26/Nov/2010:09:23:48 -0800] "GET /favicon.ico HTTP/1.1" 302 360 "-" "Mozilla/5.0 (Windows; U; Windows NT 6.1; vi; rv:1.9.2.12) Gecko/20101026 Firefox/3.6.12"
113.22.127.44 - - [26/Nov/2010:09:23:48 -0800] "GET / HTTP/1.1" 200 6179 "-" "Mozilla/5.0 (Windows; U; Windows NT 6.1; vi; rv:1.9.2.12) Gecko/20101026 Firefox/3.6.12"
113.22.127.44 - - [26/Nov/2010:09:24:13 -0800] "GET /favicon.ico HTTP/1.1" 302 360 "-" "Mozilla/5.0 (Windows; U; Windows NT 6.1; vi; rv:1.9.2.12) Gecko/20101026 Firefox/3.6.12"
113.22.127.44 - - [26/Nov/2010:09:24:13 -0800] "GET / HTTP/1.1" 200 6179 "-" "Mozilla/5.0 (Windows; U; Windows NT 6.1; vi; rv:1.9.2.12) Gecko/20101026 Firefox/3.6.12"
113.22.127.44 - - [26/Nov/2010:09:25:29 -0800] "GET /favicon.ico HTTP/1.1" 302 360 "-" "Mozilla/5.0 (Windows; U; Windows NT 6.1; vi; rv:1.9.2.12) Gecko/20101026 Firefox/3.6.12"
113.22.127.44 - - [26/Nov/2010:09:25:29 -0800] "GET / HTTP/1.1" 200 6179 "-" "Mozilla/5.0 (Windows; U; Windows NT 6.1; vi; rv:1.9.2.12) Gecko/20101026 Firefox/3.6.12"
66.249.68.176 - - [26/Nov/2010:09:52:46 -0800] "GET /robots.txt HTTP/1.1" 302 361 "-" "Mozilla/5.0 (compatible; Googlebot/2.1; +http://www.google.com/bot.html)"
66.249.68.176 - - [26/Nov/2010:09:52:47 -0800] "GET /nov2010/gorgeworld-access.log HTTP/1.1" 304 - "-" "Mozilla/5.0 (compatible; Googlebot/2.1; +http://www.google.com/bot.html)"
220.181.108.176 - - [26/Nov/2010:10:16:28 -0800] "GET / HTTP/1.1" 200 6182 "-" "Baiduspider+(+http://www.baidu.com/search/spider.htm)"
66.249.67.12 - - [26/Nov/2010:11:08:07 -0800] "GET /robots.txt HTTP/1.1" 302 359 "-" "Mozilla/5.0 (compatible; Googlebot/2.1; +http://www.google.com/bot.html)"
66.249.67.12 - - [26/Nov/2010:11:08:07 -0800] "GET /vaginacide-error.log HTTP/1.1" 302 359 "-" "Mozilla/5.0 (compatible; Googlebot/2.1; +http://www.google.com/bot.html)"
66.249.67.141 - - [26/Nov/2010:11:08:08 -0800] "GET /robots.txt HTTP/1.1" 302 357 "-" "Mozilla/5.0 (compatible; Googlebot/2.1; +http://www.google.com/bot.html)"
66.249.67.141 - - [26/Nov/2010:11:08:08 -0800] "GET / HTTP/1.1" 200 6179 "-" "Mozilla/5.0 (compatible; Googlebot/2.1; +http://www.google.com/bot.html)"
66.249.67.141 - - [26/Nov/2010:11:08:08 -0800] "GET / HTTP/1.1" 200 6179 "-" "Mozilla/5.0 (compatible; Googlebot/2.1; +http://www.google.com/bot.html)"
93.158.148.31 - - [26/Nov/2010:11:35:13 -0800] "GET /robots.txt HTTP/1.1" 302 360 "-" "Mozilla/5.0 (compatible; YandexBot/3.0; +http://yandex.com/bots)"
88.131.106.22 - - [26/Nov/2010:12:18:20 -0800] "GET /robots.txt HTTP/1.0" 302 360 "-" "Mozilla/5.0 (Windows; U; Windows NT 5.1; en-US) Speedy Spider (http://www.entireweb.com/about/search_tech/speedy_spider/)"
88.131.106.22 - - [26/Nov/2010:12:18:21 -0800] "GET /?C=N;O=D HTTP/1.0" 200 6182 "-" "Mozilla/5.0 (Windows; U; Windows NT 5.1; en-US) Speedy Spider (http://www.entireweb.com/about/search_tech/speedy_spider/)"
220.181.108.175 - - [26/Nov/2010:12:24:20 -0800] "GET / HTTP/1.1" 200 6179 "-" "Baiduspider+(+http://www.baidu.com/search/spider.htm)"
66.249.67.141 - - [26/Nov/2010:12:24:27 -0800] "GET /nov2010/clownjuice-access.log HTTP/1.1" 304 - "-" "Mozilla/5.0 (compatible; Googlebot/2.1; +http://www.google.com/bot.html)"
66.249.67.141 - - [26/Nov/2010:12:30:08 -0800] "GET /icons/folder.gif HTTP/1.1" 200 225 "-" "Googlebot-Image/1.0"
93.158.148.31 - - [26/Nov/2010:13:45:12 -0800] "GET /log-error.log HTTP/1.1" 200 43906 "-" "Mozilla/5.0 (compatible; YandexBot/3.0; +http://yandex.com/bots)"
91.201.66.28 - - [26/Nov/2010:13:51:30 -0800] "GET /terhanian-error.log HTTP/1.0" 200 - "http://casinoguideblog.com/" "Mozilla/4.0 (compatible; MSIE 6.0; Windows NT 5.1; SV1; .NET CLR 1.1.4322) NS8/0.9.6"
91.201.66.28 - - [26/Nov/2010:13:51:30 -0800] "GET /terhanian-error.log HTTP/1.0" 200 - "http://casinoguideblog.com/" "Mozilla/4.0 (compatible; MSIE 6.0; Windows NT 5.1; SV1; FunWebProducts; .NET CLR 1.1.4322; PeoplePal 6.2)"
91.201.66.28 - - [26/Nov/2010:13:51:31 -0800] "GET /terhanian-error.log HTTP/1.0" 200 - "http://casinoguideblog.com/" "Mozilla/4.0 (compatible; MSIE 6.0; Windows NT 5.1; en) Opera 9.0"
91.201.66.28 - - [26/Nov/2010:13:51:31 -0800] "GET /terhanian-error.log HTTP/1.0" 200 - "http://casinoguideblog.com/" "Mozilla/4.0 (compatible; MSIE 6.0; Windows NT 5.1) Netscape/8.0.4"
91.201.66.28 - - [26/Nov/2010:13:51:32 -0800] "GET /terhanian-error.log HTTP/1.0" 200 - "http://casinoguideblog.com/" "Mozilla/4.0 (compatible; MSIE 6.0; Windows NT 5.1) Netscape/8.0.4"
87.231.248.252 - - [26/Nov/2010:14:37:06 -0800] "GET /browserbomb-access.log HTTP/1.0" 200 4098 "-" "Mozilla/5.0 (compatible; Googlebot/2.1; +http://www.google.com/bot.html)"
123.125.71.71 - - [26/Nov/2010:14:53:36 -0800] "GET /jasoncmartin-error.log HTTP/1.1" 200 5860 "-" "Baiduspider+(+http://www.baidu.com/search/spider.htm)"
66.249.67.12 - - [26/Nov/2010:14:54:07 -0800] "GET /log-error.log HTTP/1.1" 200 43906 "-" "Mozilla/5.0 (compatible; Googlebot/2.1; +http://www.google.com/bot.html)"
91.201.66.28 - - [26/Nov/2010:15:35:29 -0800] "GET /terhanian-error.log HTTP/1.0" 200 - "http://casinoguideblog.com/" "Mozilla/4.0 (compatible- MSIE 6.0- Windows NT 5.1- SV1- .NET CLR 1.1.4322"
91.201.66.28 - - [26/Nov/2010:15:35:29 -0800] "GET /terhanian-error.log HTTP/1.0" 200 - "http://casinoguideblog.com/" "Mozilla/4.79 [en] (Windows NT 5.0; U)"
91.201.66.28 - - [26/Nov/2010:15:35:30 -0800] "GET /terhanian-error.log HTTP/1.0" 200 - "http://casinoguideblog.com/" "Mozilla/4.0 (compatible; MSIE 6.0; Windows NT 5.1; MRA 4.3 (build 01218); .NET CLR 1.1.4322)"
91.201.66.28 - - [26/Nov/2010:15:35:30 -0800] "GET /terhanian-error.log HTTP/1.0" 200 - "http://casinoguideblog.com/" "Mozilla/1.22 (compatible; MSIE 2.0d; Windows NT)"
91.201.66.28 - - [26/Nov/2010:15:35:31 -0800] "GET /terhanian-error.log HTTP/1.0" 200 - "http://casinoguideblog.com/" "Mozilla/4.0 (compatible; MSIE 5.5; Windows NT 4.0; .NET CLR 1.0.2914)"
93.158.148.31 - - [26/Nov/2010:15:55:12 -0800] "GET /ferality-access.log HTTP/1.1" 200 47844 "-" "Mozilla/5.0 (compatible; YandexBot/3.0; +http://yandex.com/bots)"
220.181.108.186 - - [26/Nov/2010:16:24:35 -0800] "GET / HTTP/1.1" 200 6179 "-" "Baiduspider+(+http://www.baidu.com/search/spider.htm)"
66.249.68.176 - - [26/Nov/2010:16:38:05 -0800] "GET /robots.txt HTTP/1.1" 302 361 "-" "Mozilla/5.0 (compatible; Googlebot/2.1; +http://www.google.com/bot.html)"
66.249.68.176 - - [26/Nov/2010:16:38:05 -0800] "GET /log-error.log HTTP/1.1" 200 44009 "-" "Mozilla/5.0 (compatible; Googlebot/2.1; +http://www.google.com/bot.html)"
220.181.108.140 - - [26/Nov/2010:17:47:33 -0800] "GET /robots.txt HTTP/1.1" 302 357 "-" "Baiduspider+(+http://www.baidu.com/search/spider.htm)"
220.181.108.154 - - [26/Nov/2010:17:47:34 -0800] "GET / HTTP/1.1" 200 6179 "-" "Baiduspider+(+http://www.baidu.com/search/spider.htm)"
66.249.68.176 - - [26/Nov/2010:17:58:46 -0800] "GET /gorgeworld-error.log HTTP/1.1" 200 1808 "-" "Mozilla/5.0 (compatible; Googlebot/2.1; +http://www.google.com/bot.html)"
93.158.148.31 - - [26/Nov/2010:18:05:12 -0800] "GET /nov2010/ HTTP/1.1" 200 6156 "-" "Mozilla/5.0 (compatible; YandexBot/3.0; +http://yandex.com/bots)"
220.181.108.179 - - [26/Nov/2010:18:17:38 -0800] "GET / HTTP/1.1" 200 6182 "-" "Baiduspider+(+http://www.baidu.com/search/spider.htm)"
91.201.66.28 - - [26/Nov/2010:18:43:32 -0800] "GET /terhanian-error.log HTTP/1.0" 200 - "http://casinoguideblog.com/" "Mozilla/4.0 (compatible- MSIE 6.0- Windows NT 5.1- SV1- .NET CLR 1.1.4322"
91.201.66.28 - - [26/Nov/2010:18:43:32 -0800] "GET /terhanian-error.log HTTP/1.0" 200 - "http://casinoguideblog.com/" "Mozilla/4.0 (compatible; MSIE 5.5; Windows NT 4.0)"
91.201.66.28 - - [26/Nov/2010:18:43:33 -0800] "GET /terhanian-error.log HTTP/1.0" 200 - "http://casinoguideblog.com/" "Mozilla/4.0 (compatible; MSIE 6.0; Windows NT 5.1; MyIE2; Deepnet Explorer)"
91.201.66.28 - - [26/Nov/2010:18:43:33 -0800] "GET /terhanian-error.log HTTP/1.0" 200 - "http://casinoguideblog.com/" "Mozilla/4.0 (compatible; MSIE 6.0; Windows NT 5.0; Avant Browser [avantbrowser.com]; Hotbar 4.4.5.0)"
91.201.66.28 - - [26/Nov/2010:18:43:34 -0800] "GET /terhanian-error.log HTTP/1.0" 200 - "http://casinoguideblog.com/" "Mozilla/4.0 (compatible; MSIE 6.0; Update a; AOL 6.0; Windows 98)"
74.82.68.18 - - [26/Nov/2010:18:44:52 -0800] "GET / HTTP/1.0" 200 6182 "http://creepy.evilfuckers.org/index.html?detectflash=false" "BlackBerry9330/5.0.0.913 Profile/MIDP-2.1 Configuration/CLDC-1.1 VendorID/104"
74.82.68.18 - - [26/Nov/2010:18:44:52 -0800] "GET /icons/blank.gif HTTP/1.0" 200 148 "http://unusualdischarge.com/" "BlackBerry9330/5.0.0.913 Profile/MIDP-2.1 Configuration/CLDC-1.1 VendorID/104"
74.82.68.18 - - [26/Nov/2010:18:44:52 -0800] "GET /icons/text.gif HTTP/1.0" 200 229 "http://unusualdischarge.com/" "BlackBerry9330/5.0.0.913 Profile/MIDP-2.1 Configuration/CLDC-1.1 VendorID/104"
74.82.68.16 - - [26/Nov/2010:18:44:52 -0800] "GET /icons/folder.gif HTTP/1.0" 200 225 "http://unusualdischarge.com/" "BlackBerry9330/5.0.0.913 Profile/MIDP-2.1 Configuration/CLDC-1.1 VendorID/104"
74.82.68.17 - - [26/Nov/2010:18:44:52 -0800] "GET /favicon.ico HTTP/1.0" 302 360 "http://unusualdischarge.com/" "BlackBerry9330/5.0.0.913 Profile/MIDP-2.1 Configuration/CLDC-1.1 VendorID/104"
74.82.68.16 - - [26/Nov/2010:18:44:52 -0800] "GET / HTTP/1.0" 200 6179 "http://unusualdischarge.com/" "BlackBerry9330/5.0.0.913 Profile/MIDP-2.1 Configuration/CLDC-1.1 VendorID/104"
74.82.68.17 - - [26/Nov/2010:18:45:07 -0800] "GET /2girls4lokos-access.log HTTP/1.0" 200 58899 "http://unusualdischarge.com/" "BlackBerry9330/5.0.0.913 Profile/MIDP-2.1 Configuration/CLDC-1.1 VendorID/104"
66.249.67.229 - - [26/Nov/2010:19:20:04 -0800] "GET /robots.txt HTTP/1.1" 302 360 "-" "Mozilla/5.0 (compatible; Googlebot/2.1; +http://www.google.com/bot.html)"
66.249.67.229 - - [26/Nov/2010:19:20:04 -0800] "GET /log-access.log HTTP/1.1" 200 240318 "-" "Mozilla/5.0 (compatible; Googlebot/2.1; +http://www.google.com/bot.html)"
66.249.68.176 - - [26/Nov/2010:19:41:07 -0800] "GET /clownjuice-access.log HTTP/1.1" 200 8559 "-" "Mozilla/5.0 (compatible; Googlebot/2.1; +http://www.google.com/bot.html)"
220.181.108.152 - - [26/Nov/2010:19:52:35 -0800] "GET /robots.txt HTTP/1.1" 302 360 "-" "Baiduspider+(+http://www.baidu.com/search/spider.htm)"
220.181.108.157 - - [26/Nov/2010:19:52:36 -0800] "GET / HTTP/1.1" 200 6179 "-" "Baiduspider+(+http://www.baidu.com/search/spider.htm)"
93.158.148.31 - - [26/Nov/2010:20:15:11 -0800] "GET /paxnihilo-access.log HTTP/1.1" 200 1984 "-" "Mozilla/5.0 (compatible; YandexBot/3.0; +http://yandex.com/bots)"
66.249.67.229 - - [26/Nov/2010:22:02:48 -0800] "GET /nov2010/sharkbomb-access.log HTTP/1.1" 304 - "-" "Mozilla/5.0 (compatible; Googlebot/2.1; +http://www.google.com/bot.html)"
127.0.0.1 - - [26/Nov/2010:22:12:21 -0800] "OPTIONS * HTTP/1.0" 200 - "-" "Apache/2.2.11 (FreeBSD) mod_ssl/2.2.11 OpenSSL/0.9.8e DAV/2 PHP/5.2.9 with Suhosin-Patch (internal dummy connection)"
220.181.108.177 - - [26/Nov/2010:22:17:15 -0800] "GET / HTTP/1.1" 200 6182 "-" "Baiduspider+(+http://www.baidu.com/search/spider.htm)"
93.158.148.31 - - [26/Nov/2010:22:25:10 -0800] "GET /2girls4lokos-access.log HTTP/1.1" 200 59194 "-" "Mozilla/5.0 (compatible; YandexBot/3.0; +http://yandex.com/bots)"
66.249.68.176 - - [26/Nov/2010:23:24:00 -0800] "GET /robots.txt HTTP/1.1" 302 361 "-" "Mozilla/5.0 (compatible; Googlebot/2.1; +http://www.google.com/bot.html)"
66.249.68.176 - - [26/Nov/2010:23:24:00 -0800] "GET /nov2010/paxnihilo-error.log HTTP/1.1" 304 - "-" "Mozilla/5.0 (compatible; Googlebot/2.1; +http://www.google.com/bot.html)"
91.201.66.28 - - [26/Nov/2010:23:36:23 -0800] "GET /terhanian-error.log HTTP/1.0" 200 - "http://casinoguideblog.com/" "Mozilla/4.0 (compatible; MSIE 6.0; Windows NT 5.1; en) Opera 8.00"
91.201.66.28 - - [26/Nov/2010:23:36:23 -0800] "GET /terhanian-error.log HTTP/1.0" 200 - "http://casinoguideblog.com/" "Mozilla/4.0 (compatible; MSIE 5.5; Windows 98)"
91.201.66.28 - - [26/Nov/2010:23:36:24 -0800] "GET /terhanian-error.log HTTP/1.0" 200 - "http://casinoguideblog.com/" "Mozilla/4.0 (compatible; MSIE 6.0; Windows NT 5.1; ru) Opera 8.01"
91.201.66.28 - - [26/Nov/2010:23:36:24 -0800] "GET /terhanian-error.log HTTP/1.0" 200 - "http://casinoguideblog.com/" "Mozilla/4.0 (compatible; MSIE 6.0; Windows NT 5.1; FREE; .NET CLR 1.1.4322)"
91.201.66.28 - - [26/Nov/2010:23:36:25 -0800] "GET /terhanian-error.log HTTP/1.0" 200 - "http://casinoguideblog.com/" "Mozilla/4.0 (compatible; MSIE 5.0; Windows 2000) Opera 6.0 [en]"
174.37.61.43 - - [26/Nov/2010:23:37:18 -0800] "GET /log-access.log//Scripting/pipes.shtml//index.php?option=com_fabrik&controller=./../../../../../../../../etc/passwd%00 HTTP/1.1" 302 360 "-" "-"
174.37.61.43 - - [26/Nov/2010:23:37:18 -0800] "GET //Scripting/pipes.shtml//index.php?option=com_fabrik&controller=./../../../../../../../../etc/passwd%00 HTTP/1.1" 302 360 "-" "-"
174.37.61.43 - - [26/Nov/2010:23:37:19 -0800] "GET / HTTP/1.1" 200 6179 "-" "-"
174.37.61.43 - - [26/Nov/2010:23:37:19 -0800] "GET / HTTP/1.1" 200 6179 "-" "-"
174.37.61.43 - - [26/Nov/2010:23:37:19 -0800] "GET /log-access.log//Scripting/pipes.shtml//index.php?option=com_fabrik&controller=./../../../../../../../../etc/passwd HTTP/1.1" 302 360 "-" "-"
174.37.61.43 - - [26/Nov/2010:23:37:19 -0800] "GET //Scripting/pipes.shtml//index.php?option=com_fabrik&controller=./../../../../../../../../etc/passwd HTTP/1.1" 302 360 "-" "-"
174.37.61.43 - - [26/Nov/2010:23:37:19 -0800] "GET / HTTP/1.1" 200 6179 "-" "-"
174.37.61.43 - - [26/Nov/2010:23:37:19 -0800] "GET / HTTP/1.1" 200 6179 "-" "-"
220.181.108.79 - - [27/Nov/2010:00:25:52 -0800] "GET / HTTP/1.1" 200 6179 "-" "Baiduspider+(+http://www.baidu.com/search/spider.htm)"
93.158.148.31 - - [27/Nov/2010:00:35:09 -0800] "GET /vaginacide-access.log HTTP/1.1" 302 360 "-" "Mozilla/5.0 (compatible; YandexBot/3.0; +http://yandex.com/bots)"
66.249.67.229 - - [27/Nov/2010:00:45:26 -0800] "GET /nov2010/browserbomb-access.log HTTP/1.1" 304 - "-" "Mozilla/5.0 (compatible; Googlebot/2.1; +http://www.google.com/bot.html)"
218.213.130.89 - - [27/Nov/2010:01:00:40 -0800] "GET /robots.txt HTTP/1.1" 302 360 "-" "DoCoMo/2.0 P900i(c100;TB;W24H11)(compatible; ichiro/mobile goo;+http://help.goo.ne.jp/door/crawler.html)"
66.249.67.12 - - [27/Nov/2010:02:06:55 -0800] "GET /robots.txt HTTP/1.1" 302 359 "-" "Mozilla/5.0 (compatible; Googlebot/2.1; +http://www.google.com/bot.html)"
66.249.67.12 - - [27/Nov/2010:02:06:55 -0800] "GET /browserbomb-error.log HTTP/1.1" 200 1110 "-" "Mozilla/5.0 (compatible; Googlebot/2.1; +http://www.google.com/bot.html)"
69.28.58.26 - - [27/Nov/2010:02:10:32 -0800] "GET /robots.txt HTTP/1.0" 302 360 "-" "page_test (larbin2.6.3@unspecified.mail)"
69.28.58.26 - - [27/Nov/2010:02:10:32 -0800] "GET / HTTP/1.0" 200 6182 "-" "page_test larbin2.6.3@unspecified.mail"
220.181.108.186 - - [27/Nov/2010:02:17:25 -0800] "GET / HTTP/1.1" 200 6182 "-" "Baiduspider+(+http://www.baidu.com/search/spider.htm)"
93.158.148.31 - - [27/Nov/2010:02:45:07 -0800] "GET /jasoncmartin-access.log HTTP/1.1" 200 21686 "-" "Mozilla/5.0 (compatible; YandexBot/3.0; +http://yandex.com/bots)"
198.145.116.13 - - [27/Nov/2010:03:16:11 -0800] "GET / HTTP/1.0" 200 6182 "-" "Mozilla/4.0 (compatible; MSIE 6.0; Windows NT 5.0)"
220.181.108.182 - - [27/Nov/2010:03:23:39 -0800] "GET / HTTP/1.1" 200 6179 "-" "Baiduspider+(+http://www.baidu.com/search/spider.htm)"
66.249.67.141 - - [27/Nov/2010:03:28:17 -0800] "GET /2girls4lokos-access.log HTTP/1.1" 200 59194 "-" "Mozilla/5.0 (compatible; Googlebot/2.1; +http://www.google.com/bot.html)"
88.191.68.95 - - [27/Nov/2010:04:17:23 -0800] "GET /w00tw00t.at.blackhats.romanian.anti-sec:) HTTP/1.1" 302 355 "-" "ZmEu"
88.191.68.95 - - [27/Nov/2010:04:17:23 -0800] "GET /MyAdmin/scripts/setup.php HTTP/1.1" 302 355 "-" "ZmEu"
91.201.66.28 - - [27/Nov/2010:04:42:16 -0800] "GET / HTTP/1.0" 200 6181 "http://casinoguideblog.com/" "Mozilla/4.0 (compatible; MSIE 6.0; Windows NT 5.1; SV1; .NET CLR 1.1.4322; .NET CLR 2.0.50727)"
91.201.66.28 - - [27/Nov/2010:04:42:17 -0800] "GET / HTTP/1.0" 200 6181 "http://casinoguideblog.com/" "Mozilla/4.0 (compatible; MSIE 6.0; Windows NT 5.1; FREE; .NET CLR 1.1.4322)"
91.201.66.28 - - [27/Nov/2010:04:42:18 -0800] "GET / HTTP/1.0" 200 6181 "http://casinoguideblog.com/" "Mozilla/4.0 (compatible; MSIE 4.01; Digital AlphaServer 1000A 4/233; Windows NT; Powered By 64-Bit Alpha Processor)"
91.201.66.28 - - [27/Nov/2010:04:42:18 -0800] "GET / HTTP/1.0" 200 6181 "http://casinoguideblog.com/" "Mozilla/4.0 (compatible; MSIE 6.0; Windows NT 5.0; APC; .NET CLR 1.0.3705; .NET CLR 1.1.4322; .NET CLR 2.0.50215; InfoPath.1)"
91.201.66.28 - - [27/Nov/2010:04:42:19 -0800] "GET / HTTP/1.0" 200 6181 "http://casinoguideblog.com/" "Mozilla/4.0 (compatible; MSIE 6.0; Windows NT 5.0; KTXN)"
66.249.67.229 - - [27/Nov/2010:04:49:46 -0800] "GET /robots.txt HTTP/1.1" 302 360 "-" "Mozilla/5.0 (compatible; Googlebot/2.1; +http://www.google.com/bot.html)"
66.249.67.229 - - [27/Nov/2010:04:49:46 -0800] "GET /nov2010/clownjuice-access.log HTTP/1.1" 304 - "-" "Mozilla/5.0 (compatible; Googlebot/2.1; +http://www.google.com/bot.html)"
93.158.148.31 - - [27/Nov/2010:05:12:58 -0800] "GET /2girls4lokos-error.log HTTP/1.1" 200 13583 "-" "Mozilla/5.0 (compatible; YandexBot/3.0; +http://yandex.com/bots)"
220.181.108.183 - - [27/Nov/2010:05:22:37 -0800] "GET / HTTP/1.1" 200 6179 "-" "Baiduspider+(+http://www.baidu.com/search/spider.htm)"
123.125.71.73 - - [27/Nov/2010:06:03:32 -0800] "GET / HTTP/1.1" 200 6179 "-" "Baiduspider+(+http://www.baidu.com/search/spider.htm)"
91.201.66.28 - - [27/Nov/2010:06:07:44 -0800] "GET / HTTP/1.0" 200 6181 "http://casinoguideblog.com/" "Mozilla/4.0 (compatible; MSIE 6.0; Windows NT 5.1; SV1; InfoPath.1)"
91.201.66.28 - - [27/Nov/2010:06:07:45 -0800] "GET / HTTP/1.0" 200 6181 "http://casinoguideblog.com/" "Mozilla/4.0 (compatible; MSIE 6.0; Windows NT 5.1; KKman2.0)"
91.201.66.28 - - [27/Nov/2010:06:07:45 -0800] "GET / HTTP/1.0" 200 6181 "http://casinoguideblog.com/" "Mozilla/4.0 (compatible; MSIE 6.0; Windows NT 5.2; WOW64; SV1; .NET CLR 2.0.50727)"
91.201.66.28 - - [27/Nov/2010:06:07:46 -0800] "GET / HTTP/1.0" 200 6181 "http://casinoguideblog.com/" "Mozilla/4.0 (compatible; MSIE 5.5; Windows NT 5.0; .NET CLR 1.1.4322)"
91.201.66.28 - - [27/Nov/2010:06:07:46 -0800] "GET / HTTP/1.0" 200 6181 "http://casinoguideblog.com/" "Mozilla/4.0 (compatible; MSIE 6.0; Windows NT 5.1; SV1; FunWebProducts; MRA 4.6 (build 01425); .NET CLR 1.1.4322; .NET CLR 2.0.50727)"
66.249.68.177 - - [27/Nov/2010:06:10:45 -0800] "GET /robots.txt HTTP/1.1" 302 360 "-" "Mozilla/5.0 (compatible; Googlebot/2.1; +http://www.google.com/bot.html)"
66.249.68.177 - - [27/Nov/2010:06:10:45 -0800] "GET /nov2010/ HTTP/1.1" 200 6156 "-" "Mozilla/5.0 (compatible; Googlebot/2.1; +http://www.google.com/bot.html)"
198.145.116.13 - - [27/Nov/2010:06:35:34 -0800] "GET ?C=N%3BO=D HTTP/1.0" 200 6182 "-" "Mozilla/4.0 (compatible; MSIE 6.0; Windows NT 5.0)"
119.63.198.24 - - [27/Nov/2010:06:57:55 -0800] "GET /robots.txt HTTP/1.1" 302 357 "-" "Baiduspider+(+http://www.baidu.com/search/spider.htm)"
119.63.198.22 - - [27/Nov/2010:06:57:55 -0800] "GET / HTTP/1.1" 200 6179 "-" "Baiduspider+(+http://www.baidu.com/search/spider.htm)"
