72.167.162.215 - - [29/Nov/2010:15:56:36 -0800] "GET /phpMyAdmin-2.5.5-pl1/scripts/setup.php HTTP/1.1" 302 355 "-" "ZmEu"
72.167.162.215 - - [29/Nov/2010:15:56:36 -0800] "GET /phpMyAdmin-2.5.6-rc1/scripts/setup.php HTTP/1.1" 302 355 "-" "ZmEu"
72.167.162.215 - - [29/Nov/2010:15:56:36 -0800] "GET /phpMyAdmin-2.5.6-rc2/scripts/setup.php HTTP/1.1" 302 355 "-" "ZmEu"
72.167.162.215 - - [29/Nov/2010:15:56:37 -0800] "GET /phpMyAdmin-2.5.6/scripts/setup.php HTTP/1.1" 302 355 "-" "ZmEu"
72.167.162.215 - - [29/Nov/2010:15:56:37 -0800] "GET /phpMyAdmin-2.5.7/scripts/setup.php HTTP/1.1" 302 355 "-" "ZmEu"
72.167.162.215 - - [29/Nov/2010:15:56:37 -0800] "GET /phpMyAdmin-2.5.7-pl1/scripts/setup.php HTTP/1.1" 302 355 "-" "ZmEu"
72.167.162.215 - - [29/Nov/2010:15:56:37 -0800] "GET /phpMyAdmin-2.6.0-alpha/scripts/setup.php HTTP/1.1" 302 355 "-" "ZmEu"
72.167.162.215 - - [29/Nov/2010:15:56:37 -0800] "GET /phpMyAdmin-2.6.0-alpha2/scripts/setup.php HTTP/1.1" 302 355 "-" "ZmEu"
72.167.162.215 - - [29/Nov/2010:15:56:37 -0800] "GET /phpMyAdmin-2.6.0-beta1/scripts/setup.php HTTP/1.1" 302 355 "-" "ZmEu"
72.167.162.215 - - [29/Nov/2010:15:56:38 -0800] "GET /phpMyAdmin-2.6.0-beta2/scripts/setup.php HTTP/1.1" 302 355 "-" "ZmEu"
72.167.162.215 - - [29/Nov/2010:15:56:38 -0800] "GET /phpMyAdmin-2.6.0-rc1/scripts/setup.php HTTP/1.1" 302 355 "-" "ZmEu"
72.167.162.215 - - [29/Nov/2010:15:56:38 -0800] "GET /phpMyAdmin-2.6.0-rc2/scripts/setup.php HTTP/1.1" 302 355 "-" "ZmEu"
72.167.162.215 - - [29/Nov/2010:15:56:38 -0800] "GET /phpMyAdmin-2.6.0-rc3/scripts/setup.php HTTP/1.1" 302 355 "-" "ZmEu"
72.167.162.215 - - [29/Nov/2010:15:56:38 -0800] "GET /phpMyAdmin-2.6.0/scripts/setup.php HTTP/1.1" 302 355 "-" "ZmEu"
72.167.162.215 - - [29/Nov/2010:15:56:39 -0800] "GET /phpMyAdmin-2.6.0-pl1/scripts/setup.php HTTP/1.1" 302 355 "-" "ZmEu"
72.167.162.215 - - [29/Nov/2010:15:56:39 -0800] "GET /phpMyAdmin-2.6.0-pl2/scripts/setup.php HTTP/1.1" 302 355 "-" "ZmEu"
72.167.162.215 - - [29/Nov/2010:15:56:39 -0800] "GET /phpMyAdmin-2.6.0-pl3/scripts/setup.php HTTP/1.1" 302 355 "-" "ZmEu"
72.167.162.215 - - [29/Nov/2010:15:56:39 -0800] "GET /phpMyAdmin-2.6.1-rc1/scripts/setup.php HTTP/1.1" 302 355 "-" "ZmEu"
72.167.162.215 - - [29/Nov/2010:15:56:39 -0800] "GET /phpMyAdmin-2.6.1-rc2/scripts/setup.php HTTP/1.1" 302 355 "-" "ZmEu"
72.167.162.215 - - [29/Nov/2010:15:56:39 -0800] "GET /phpMyAdmin-2.6.1/scripts/setup.php HTTP/1.1" 302 355 "-" "ZmEu"
72.167.162.215 - - [29/Nov/2010:15:56:40 -0800] "GET /phpMyAdmin-2.6.1-pl1/scripts/setup.php HTTP/1.1" 302 355 "-" "ZmEu"
72.167.162.215 - - [29/Nov/2010:15:56:40 -0800] "GET /phpMyAdmin-2.6.1-pl2/scripts/setup.php HTTP/1.1" 302 355 "-" "ZmEu"
72.167.162.215 - - [29/Nov/2010:15:56:40 -0800] "GET /phpMyAdmin-2.6.1-pl3/scripts/setup.php HTTP/1.1" 302 355 "-" "ZmEu"
72.167.162.215 - - [29/Nov/2010:15:56:40 -0800] "GET /phpMyAdmin-2.6.2-rc1/scripts/setup.php HTTP/1.1" 302 355 "-" "ZmEu"
72.167.162.215 - - [29/Nov/2010:15:56:40 -0800] "GET /phpMyAdmin-2.6.2-beta1/scripts/setup.php HTTP/1.1" 302 355 "-" "ZmEu"
72.167.162.215 - - [29/Nov/2010:15:56:41 -0800] "GET /phpMyAdmin-2.6.2-rc1/scripts/setup.php HTTP/1.1" 302 355 "-" "ZmEu"
72.167.162.215 - - [29/Nov/2010:15:56:41 -0800] "GET /phpMyAdmin-2.6.2/scripts/setup.php HTTP/1.1" 302 355 "-" "ZmEu"
72.167.162.215 - - [29/Nov/2010:15:56:41 -0800] "GET /phpMyAdmin-2.6.2-pl1/scripts/setup.php HTTP/1.1" 302 355 "-" "ZmEu"
72.167.162.215 - - [29/Nov/2010:15:56:41 -0800] "GET /phpMyAdmin-2.6.3/scripts/setup.php HTTP/1.1" 302 355 "-" "ZmEu"
72.167.162.215 - - [29/Nov/2010:15:56:41 -0800] "GET /phpMyAdmin-2.6.3-rc1/scripts/setup.php HTTP/1.1" 302 355 "-" "ZmEu"
72.167.162.215 - - [29/Nov/2010:15:56:42 -0800] "GET /phpMyAdmin-2.6.3/scripts/setup.php HTTP/1.1" 302 355 "-" "ZmEu"
72.167.162.215 - - [29/Nov/2010:15:56:42 -0800] "GET /phpMyAdmin-2.6.3-pl1/scripts/setup.php HTTP/1.1" 302 355 "-" "ZmEu"
72.167.162.215 - - [29/Nov/2010:15:56:42 -0800] "GET /phpMyAdmin-2.6.4-rc1/scripts/setup.php HTTP/1.1" 302 355 "-" "ZmEu"
72.167.162.215 - - [29/Nov/2010:15:56:42 -0800] "GET /phpMyAdmin-2.6.4-pl1/scripts/setup.php HTTP/1.1" 302 355 "-" "ZmEu"
72.167.162.215 - - [29/Nov/2010:15:56:42 -0800] "GET /phpMyAdmin-2.6.4-pl2/scripts/setup.php HTTP/1.1" 302 355 "-" "ZmEu"
72.167.162.215 - - [29/Nov/2010:15:56:42 -0800] "GET /phpMyAdmin-2.6.4-pl3/scripts/setup.php HTTP/1.1" 302 355 "-" "ZmEu"
72.167.162.215 - - [29/Nov/2010:15:56:43 -0800] "GET /phpMyAdmin-2.6.4-pl4/scripts/setup.php HTTP/1.1" 302 355 "-" "ZmEu"
72.167.162.215 - - [29/Nov/2010:15:56:43 -0800] "GET /phpMyAdmin-2.6.4/scripts/setup.php HTTP/1.1" 302 355 "-" "ZmEu"
72.167.162.215 - - [29/Nov/2010:15:56:43 -0800] "GET /phpMyAdmin-2.7.0-beta1/scripts/setup.php HTTP/1.1" 302 355 "-" "ZmEu"
72.167.162.215 - - [29/Nov/2010:15:56:43 -0800] "GET /phpMyAdmin-2.7.0-rc1/scripts/setup.php HTTP/1.1" 302 355 "-" "ZmEu"
72.167.162.215 - - [29/Nov/2010:15:56:43 -0800] "GET /phpMyAdmin-2.7.0-pl1/scripts/setup.php HTTP/1.1" 302 355 "-" "ZmEu"
72.167.162.215 - - [29/Nov/2010:15:56:43 -0800] "GET /phpMyAdmin-2.7.0-pl2/scripts/setup.php HTTP/1.1" 302 355 "-" "ZmEu"
72.167.162.215 - - [29/Nov/2010:15:56:44 -0800] "GET /phpMyAdmin-2.7.0/scripts/setup.php HTTP/1.1" 302 355 "-" "ZmEu"
72.167.162.215 - - [29/Nov/2010:15:56:44 -0800] "GET /phpMyAdmin-2.8.0-beta1/scripts/setup.php HTTP/1.1" 302 355 "-" "ZmEu"
72.167.162.215 - - [29/Nov/2010:15:56:44 -0800] "GET /phpMyAdmin-2.8.0-rc1/scripts/setup.php HTTP/1.1" 302 355 "-" "ZmEu"
72.167.162.215 - - [29/Nov/2010:15:56:44 -0800] "GET /phpMyAdmin-2.8.0-rc2/scripts/setup.php HTTP/1.1" 302 355 "-" "ZmEu"
72.167.162.215 - - [29/Nov/2010:15:56:44 -0800] "GET /phpMyAdmin-2.8.0/scripts/setup.php HTTP/1.1" 302 355 "-" "ZmEu"
72.167.162.215 - - [29/Nov/2010:15:56:45 -0800] "GET /phpMyAdmin-2.8.0.1/scripts/setup.php HTTP/1.1" 302 355 "-" "ZmEu"
72.167.162.215 - - [29/Nov/2010:15:56:45 -0800] "GET /phpMyAdmin-2.8.0.2/scripts/setup.php HTTP/1.1" 302 355 "-" "ZmEu"
72.167.162.215 - - [29/Nov/2010:15:56:45 -0800] "GET /phpMyAdmin-2.8.0.3/scripts/setup.php HTTP/1.1" 302 355 "-" "ZmEu"
72.167.162.215 - - [29/Nov/2010:15:56:45 -0800] "GET /phpMyAdmin-2.8.0.4/scripts/setup.php HTTP/1.1" 302 355 "-" "ZmEu"
72.167.162.215 - - [29/Nov/2010:15:56:45 -0800] "GET /phpMyAdmin-2.8.1-rc1/scripts/setup.php HTTP/1.1" 302 355 "-" "ZmEu"
72.167.162.215 - - [29/Nov/2010:15:56:45 -0800] "GET /phpMyAdmin-2.8.1/scripts/setup.php HTTP/1.1" 302 355 "-" "ZmEu"
72.167.162.215 - - [29/Nov/2010:15:56:45 -0800] "GET /phpMyAdmin-2.8.2/scripts/setup.php HTTP/1.1" 302 355 "-" "ZmEu"
72.167.162.215 - - [29/Nov/2010:15:56:46 -0800] "GET /sqlmanager/scripts/setup.php HTTP/1.1" 302 355 "-" "ZmEu"
72.167.162.215 - - [29/Nov/2010:15:56:46 -0800] "GET /mysqlmanager/scripts/setup.php HTTP/1.1" 302 355 "-" "ZmEu"
72.167.162.215 - - [29/Nov/2010:15:56:46 -0800] "GET /p/m/a/scripts/setup.php HTTP/1.1" 302 355 "-" "ZmEu"
72.167.162.215 - - [29/Nov/2010:15:56:46 -0800] "GET /PMA2005/scripts/setup.php HTTP/1.1" 302 355 "-" "ZmEu"
72.167.162.215 - - [29/Nov/2010:15:56:46 -0800] "GET /pma2005/scripts/setup.php HTTP/1.1" 302 355 "-" "ZmEu"
72.167.162.215 - - [29/Nov/2010:15:56:46 -0800] "GET /phpmanager/scripts/setup.php HTTP/1.1" 302 355 "-" "ZmEu"
72.167.162.215 - - [29/Nov/2010:15:56:47 -0800] "GET /php-myadmin/scripts/setup.php HTTP/1.1" 302 355 "-" "ZmEu"
72.167.162.215 - - [29/Nov/2010:15:56:47 -0800] "GET /phpmy-admin/scripts/setup.php HTTP/1.1" 302 355 "-" "ZmEu"
72.167.162.215 - - [29/Nov/2010:15:56:47 -0800] "GET /webadmin/scripts/setup.php HTTP/1.1" 302 355 "-" "ZmEu"
72.167.162.215 - - [29/Nov/2010:15:56:47 -0800] "GET /sqlweb/scripts/setup.php HTTP/1.1" 302 355 "-" "ZmEu"
127.0.0.1 - - [29/Nov/2010:15:56:49 -0800] "OPTIONS * HTTP/1.0" 200 - "-" "Apache/2.2.11 (FreeBSD) mod_ssl/2.2.11 OpenSSL/0.9.8e DAV/2 PHP/5.2.9 with Suhosin-Patch (internal dummy connection)"
127.0.0.1 - - [29/Nov/2010:15:56:50 -0800] "OPTIONS * HTTP/1.0" 200 - "-" "Apache/2.2.11 (FreeBSD) mod_ssl/2.2.11 OpenSSL/0.9.8e DAV/2 PHP/5.2.9 with Suhosin-Patch (internal dummy connection)"
72.167.162.215 - - [29/Nov/2010:15:56:50 -0800] "GET /webdb/scripts/setup.php HTTP/1.1" 302 355 "-" "ZmEu"
72.167.162.215 - - [29/Nov/2010:15:56:50 -0800] "GET /mysqladmin/scripts/setup.php HTTP/1.1" 302 355 "-" "ZmEu"
72.167.162.215 - - [29/Nov/2010:15:56:51 -0800] "GET /mysql-admin/scripts/setup.php HTTP/1.1" 302 355 "-" "ZmEu"
127.0.0.1 - - [29/Nov/2010:15:56:51 -0800] "OPTIONS * HTTP/1.0" 200 - "-" "Apache/2.2.11 (FreeBSD) mod_ssl/2.2.11 OpenSSL/0.9.8e DAV/2 PHP/5.2.9 with Suhosin-Patch (internal dummy connection)"
127.0.0.1 - - [29/Nov/2010:15:56:52 -0800] "OPTIONS * HTTP/1.0" 200 - "-" "Apache/2.2.11 (FreeBSD) mod_ssl/2.2.11 OpenSSL/0.9.8e DAV/2 PHP/5.2.9 with Suhosin-Patch (internal dummy connection)"
127.0.0.1 - - [29/Nov/2010:15:56:53 -0800] "OPTIONS * HTTP/1.0" 200 - "-" "Apache/2.2.11 (FreeBSD) mod_ssl/2.2.11 OpenSSL/0.9.8e DAV/2 PHP/5.2.9 with Suhosin-Patch (internal dummy connection)"
127.0.0.1 - - [29/Nov/2010:15:56:54 -0800] "OPTIONS * HTTP/1.0" 200 - "-" "Apache/2.2.11 (FreeBSD) mod_ssl/2.2.11 OpenSSL/0.9.8e DAV/2 PHP/5.2.9 with Suhosin-Patch (internal dummy connection)"
127.0.0.1 - - [29/Nov/2010:15:56:55 -0800] "OPTIONS * HTTP/1.0" 200 - "-" "Apache/2.2.11 (FreeBSD) mod_ssl/2.2.11 OpenSSL/0.9.8e DAV/2 PHP/5.2.9 with Suhosin-Patch (internal dummy connection)"
127.0.0.1 - - [29/Nov/2010:15:56:56 -0800] "OPTIONS * HTTP/1.0" 200 - "-" "Apache/2.2.11 (FreeBSD) mod_ssl/2.2.11 OpenSSL/0.9.8e DAV/2 PHP/5.2.9 with Suhosin-Patch (internal dummy connection)"
194.32.151.163 - - [29/Nov/2010:16:05:07 -0800] "POST /manager/html HTTP/1.1" 302 355 "-" "Mozilla/4.0 (compatible; MSIE 5.01; Windows NT 5.0)"
66.249.67.229 - - [29/Nov/2010:16:10:11 -0800] "GET /nov2010/paxnihilo-error.log HTTP/1.1" 304 - "-" "Mozilla/5.0 (compatible; Googlebot/2.1; +http://www.google.com/bot.html)"
66.249.67.141 - - [29/Nov/2010:16:14:14 -0800] "GET /robots.txt HTTP/1.1" 302 357 "-" "Mozilla/5.0 (compatible; Googlebot/2.1; +http://www.google.com/bot.html)"
66.249.67.141 - - [29/Nov/2010:16:14:14 -0800] "GET / HTTP/1.1" 200 6179 "-" "Mozilla/5.0 (compatible; Googlebot/2.1; +http://www.google.com/bot.html)"
66.249.67.141 - - [29/Nov/2010:16:14:14 -0800] "GET /evilfuckers-access.log HTTP/1.1" 200 36262 "-" "Mozilla/5.0 (compatible; Googlebot/2.1; +http://www.google.com/bot.html)"
84.30.201.145 - - [29/Nov/2010:16:19:50 -0800] "HEAD /sharkbomb-error.log HTTP/1.0" 200 - "http://arlinfl54.catalystarts.org/uncategorized/are-advertisers-critical-to-americans-weight-loss-issues/" "Opera/9.64(Windows NT 5.1; U; en) Presto/2.1.1"
119.63.198.18 - - [29/Nov/2010:16:35:27 -0800] "GET /robots.txt HTTP/1.1" 302 360 "-" "Baiduspider+(+http://www.baidu.com/search/spider.htm)"
119.63.198.53 - - [29/Nov/2010:16:35:28 -0800] "GET / HTTP/1.1" 200 6179 "-" "Baiduspider+(+http://www.baidu.com/search/spider.htm)"
84.30.201.145 - - [29/Nov/2010:16:50:30 -0800] "HEAD /sharkbomb-error.log HTTP/1.0" 200 - "http://audrawa91.gjbtrans.com/uncategorized/are-atkins-diet-and-low-carb-diets-safe/" "Mozilla/4.0 (compatible; MSIE 8.0; Windows NT 6.1; WOW64; Trident/4.0; SLCC2; Media Center PC 6.0; InfoPath.2; MS-RTC LM 8)"
93.158.148.31 - - [29/Nov/2010:17:15:02 -0800] "GET /orbsucks-error.log HTTP/1.1" 200 - "-" "Mozilla/5.0 (compatible; YandexBot/3.0; +http://yandex.com/bots)"
84.30.201.145 - - [29/Nov/2010:17:21:21 -0800] "HEAD /sharkbomb-error.log HTTP/1.0" 200 - "http://berylfr78.blogjaunt.info/uncategorized/are-typical-zone-diet-products-compliant-towards-the-zone-diet/" "Mozilla/5.0 (Windows; U; Windows NT 5.1; en-US; rv:1.9.0.14) Gecko/2009082707 Firefox/3.0.14 (.NET CLR 3.5.30729)"
66.249.68.177 - - [29/Nov/2010:17:57:41 -0800] "GET /robots.txt HTTP/1.1" 302 360 "-" "Mozilla/5.0 (compatible; Googlebot/2.1; +http://www.google.com/bot.html)"
66.249.68.177 - - [29/Nov/2010:17:57:41 -0800] "GET / HTTP/1.1" 200 6182 "-" "Mozilla/5.0 (compatible; Googlebot/2.1; +http://www.google.com/bot.html)"
207.46.204.242 - - [29/Nov/2010:18:47:38 -0800] "GET /robots.txt HTTP/1.1" 302 360 "-" "Mozilla/5.0 (compatible; bingbot/2.0; +http://www.bing.com/bingbot.htm)"
207.46.204.242 - - [29/Nov/2010:18:47:39 -0800] "GET / HTTP/1.1" 200 6179 "-" "Mozilla/5.0 (compatible; bingbot/2.0; +http://www.bing.com/bingbot.htm)"
207.46.204.242 - - [29/Nov/2010:18:57:09 -0800] "GET / HTTP/1.1" 200 6182 "-" "Mozilla/5.0 (compatible; bingbot/2.0; +http://www.bing.com/bingbot.htm)"
93.158.148.31 - - [29/Nov/2010:19:30:56 -0800] "GET /browserbomb-access.log HTTP/1.1" 200 5503 "-" "Mozilla/5.0 (compatible; YandexBot/3.0; +http://yandex.com/bots)"
66.249.67.141 - - [29/Nov/2010:19:34:12 -0800] "GET /gorgeworld-access.log HTTP/1.1" 200 8591 "-" "Mozilla/5.0 (compatible; Googlebot/2.1; +http://www.google.com/bot.html)"
66.249.67.229 - - [29/Nov/2010:19:49:53 -0800] "GET /robots.txt HTTP/1.1" 302 360 "-" "Mozilla/5.0 (compatible; Googlebot/2.1; +http://www.google.com/bot.html)"
66.249.67.229 - - [29/Nov/2010:19:49:53 -0800] "GET /nov2010/jasoncmartin-access.log HTTP/1.1" 304 - "-" "Mozilla/5.0 (compatible; Googlebot/2.1; +http://www.google.com/bot.html)"
174.129.73.202 - - [29/Nov/2010:20:40:34 -0800] "GET / HTTP/1.1" 200 6182 "-" "Mozilla/5.0 (Windows; U; Windows NT 6.1; en-US; rv:1.9.2.12) Gecko/20101026 Firefox/3.6.12"
207.46.204.194 - - [29/Nov/2010:21:00:42 -0800] "GET /robots.txt HTTP/1.1" 302 360 "-" "Mozilla/5.0 (compatible; bingbot/2.0; +http://www.bing.com/bingbot.htm)"
207.46.204.194 - - [29/Nov/2010:21:00:42 -0800] "GET / HTTP/1.1" 200 6179 "-" "Mozilla/5.0 (compatible; bingbot/2.0; +http://www.bing.com/bingbot.htm)"
93.158.148.31 - - [29/Nov/2010:21:01:32 -0800] "GET /browserbomb-error.log HTTP/1.1" 200 1331 "-" "Mozilla/5.0 (compatible; YandexBot/3.0; +http://yandex.com/bots)"
207.46.204.194 - - [29/Nov/2010:21:09:12 -0800] "GET /paxnihilo-error.log HTTP/1.1" 200 764 "-" "Mozilla/5.0 (compatible; bingbot/2.0; +http://www.bing.com/bingbot.htm)"
123.125.71.91 - - [29/Nov/2010:21:43:36 -0800] "GET / HTTP/1.1" 200 6182 "-" "Baiduspider+(+http://www.baidu.com/search/spider.htm)"
195.243.59.104 - - [29/Nov/2010:21:54:59 -0800] "GET /log-error.log HTTP/1.0" 200 66191 "http://www.google.de/url?sa=t&source=web&cd=9&ved=0CFEQFjAI&url=http%3A%2F%2Funusualdischarge.com%2Flog-error.log&rct=j&q=typo3%20(70007)%20The%20timeout&ei=lJ_0TMSbIYSSswbNyrzJBA&usg=AFQjCNGkUAcCYn1u25P6gPtLUOZQCcPSvQ&cad=rja" "Mozilla/5.0 (Windows; U; Windows NT 6.1; de; rv:1.9.2.12) Gecko/20101026 Firefox/3.6.12"
195.243.59.104 - - [29/Nov/2010:21:55:00 -0800] "GET /favicon.ico HTTP/1.0" 302 360 "-" "Mozilla/5.0 (Windows; U; Windows NT 6.1; de; rv:1.9.2.12) Gecko/20101026 Firefox/3.6.12"
195.243.59.104 - - [29/Nov/2010:21:55:01 -0800] "GET /favicon.ico HTTP/1.0" 302 360 "-" "Mozilla/5.0 (Windows; U; Windows NT 6.1; de; rv:1.9.2.12) Gecko/20101026 Firefox/3.6.12"
195.243.59.104 - - [29/Nov/2010:21:55:01 -0800] "GET / HTTP/1.0" 200 6179 "-" "Mozilla/5.0 (Windows; U; Windows NT 6.1; de; rv:1.9.2.12) Gecko/20101026 Firefox/3.6.12"
195.243.59.104 - - [29/Nov/2010:21:55:01 -0800] "GET /favicon.ico HTTP/1.0" 302 360 "-" "Mozilla/5.0 (Windows; U; Windows NT 6.1; de; rv:1.9.2.12) Gecko/20101026 Firefox/3.6.12"
195.243.59.104 - - [29/Nov/2010:21:55:02 -0800] "GET / HTTP/1.0" 200 6179 "-" "Mozilla/5.0 (Windows; U; Windows NT 6.1; de; rv:1.9.2.12) Gecko/20101026 Firefox/3.6.12"
195.243.59.104 - - [29/Nov/2010:21:55:02 -0800] "GET / HTTP/1.0" 200 6179 "-" "Mozilla/5.0 (Windows; U; Windows NT 6.1; de; rv:1.9.2.12) Gecko/20101026 Firefox/3.6.12"
93.158.148.31 - - [29/Nov/2010:22:32:08 -0800] "GET /gorgeworld-access.log HTTP/1.1" 200 8591 "-" "Mozilla/5.0 (compatible; YandexBot/3.0; +http://yandex.com/bots)"
93.158.148.31 - - [29/Nov/2010:23:32:33 -0800] "GET /?C=M;O=A HTTP/1.1" 200 6182 "-" "Mozilla/5.0 (compatible; YandexBot/3.0; +http://yandex.com/bots)"
66.249.67.12 - - [29/Nov/2010:23:34:38 -0800] "GET /robots.txt HTTP/1.1" 302 359 "-" "Mozilla/5.0 (compatible; Googlebot/2.1; +http://www.google.com/bot.html)"
93.158.148.31 - - [30/Nov/2010:00:16:10 -0800] "GET /evilfuckers-error.log HTTP/1.1" 200 5984 "-" "Mozilla/5.0 (compatible; YandexBot/3.0; +http://yandex.com/bots)"
93.158.148.31 - - [30/Nov/2010:00:59:47 -0800] "GET /nov2010/ HTTP/1.1" 200 6156 "-" "Mozilla/5.0 (compatible; YandexBot/3.0; +http://yandex.com/bots)"
66.249.68.176 - - [30/Nov/2010:01:26:20 -0800] "GET /robots.txt HTTP/1.1" 302 361 "-" "Mozilla/5.0 (compatible; Googlebot/2.1; +http://www.google.com/bot.html)"
66.249.68.176 - - [30/Nov/2010:01:26:20 -0800] "GET /gorgeworld-error.log HTTP/1.1" 200 2247 "-" "Mozilla/5.0 (compatible; Googlebot/2.1; +http://www.google.com/bot.html)"
207.241.228.146 - - [30/Nov/2010:01:39:20 -0800] "GET / HTTP/1.1" 200 6182 "-" "Python-urllib/2.6"
93.158.148.31 - - [30/Nov/2010:01:43:24 -0800] "GET /ferality-error.log HTTP/1.1" 200 3692 "-" "Mozilla/5.0 (compatible; YandexBot/3.0; +http://yandex.com/bots)"
203.73.201.71 - - [30/Nov/2010:01:51:22 -0800] "GET /nov2010/paxnihilo-error.log HTTP/1.1" 200 21130 "-" "Mozilla/4.0 (compatible; MSIE 7.0; Windows NT 5.1; EmbeddedWB 14.52 from: http://www.bsalsa.com/ EmbeddedWB 14.52; .NET CLR 2.0.50727; .NET CLR 3.0.04506.30)"
67.195.114.28 - - [30/Nov/2010:01:57:53 -0800] "GET /robots.txt HTTP/1.0" 302 360 "-" "Mozilla/5.0 (compatible; Yahoo! Slurp; http://help.yahoo.com/help/us/ysearch/slurp)"
67.195.114.28 - - [30/Nov/2010:01:57:54 -0800] "GET / HTTP/1.0" 200 6179 "-" "Mozilla/5.0 (compatible; Yahoo! Slurp; http://help.yahoo.com/help/us/ysearch/slurp)"
67.195.114.28 - - [30/Nov/2010:01:57:54 -0800] "GET /?C=D;O=A HTTP/1.0" 200 6182 "-" "Mozilla/5.0 (compatible; Yahoo! Slurp; http://help.yahoo.com/help/us/ysearch/slurp)"
67.195.114.28 - - [30/Nov/2010:01:59:54 -0800] "GET /2girls4lokos-error.log HTTP/1.0" 200 16358 "-" "Mozilla/5.0 (compatible; Yahoo! Slurp; http://help.yahoo.com/help/us/ysearch/slurp)"
93.158.148.31 - - [30/Nov/2010:02:27:01 -0800] "GET /clownjuice-error.log HTTP/1.1" 200 7175 "-" "Mozilla/5.0 (compatible; YandexBot/3.0; +http://yandex.com/bots)"
66.249.67.141 - - [30/Nov/2010:03:18:53 -0800] "GET /nov2010/ HTTP/1.1" 200 6153 "-" "Mozilla/5.0 (compatible; Googlebot/2.1; +http://www.google.com/bot.html)"
93.158.148.31 - - [30/Nov/2010:03:54:14 -0800] "GET /gorgeworld-error.log HTTP/1.1" 200 2247 "-" "Mozilla/5.0 (compatible; YandexBot/3.0; +http://yandex.com/bots)"
203.67.110.80 - - [30/Nov/2010:04:09:00 -0800] "GET /2girls4lokos-error.log HTTP/1.1" 200 16358 "-" "Mozilla/4.0 (compatible; MSIE 7.0; Windows NT 5.1; EmbeddedWB 14.52 from: http://www.bsalsa.com/ EmbeddedWB 14.52; .NET CLR 2.0.50727; .NET CLR 3.0.04506.30)"
203.67.110.80 - - [30/Nov/2010:04:09:04 -0800] "GET /nov2010/gorgeworld-access.log HTTP/1.1" 200 468902 "-" "Mozilla/4.0 (compatible; MSIE 7.0; Windows NT 5.1; EmbeddedWB 14.52 from: http://www.bsalsa.com/ EmbeddedWB 14.52; .NET CLR 2.0.50727; .NET CLR 3.0.04506.30)"
203.67.110.80 - - [30/Nov/2010:04:09:44 -0800] "GET /2girls4lokos-access.log HTTP/1.1" 200 72547 "-" "Mozilla/4.0 (compatible; MSIE 7.0; Windows NT 5.1; EmbeddedWB 14.52 from: http://www.bsalsa.com/ EmbeddedWB 14.52; .NET CLR 2.0.50727; .NET CLR 3.0.04506.30)"
66.235.124.57 - - [30/Nov/2010:04:22:59 -0800] "GET /robots.txt HTTP/1.1" 302 360 "-" "Mozilla/5.0 (compatible; Ask Jeeves/Teoma; +http://about.ask.com/en/docs/about/webmasters.shtml)"
66.235.124.57 - - [30/Nov/2010:04:22:59 -0800] "GET / HTTP/1.1" 200 6179 "-" "Mozilla/5.0 (compatible; Ask Jeeves/Teoma; +http://about.ask.com/en/docs/about/webmasters.shtml)"
66.235.124.57 - - [30/Nov/2010:04:23:00 -0800] "GET /orbsucks-access.log HTTP/1.1" 200 - "-" "Mozilla/5.0 (compatible; Ask Jeeves/Teoma; +http://about.ask.com/en/docs/about/webmasters.shtml)"
93.158.148.31 - - [30/Nov/2010:04:37:50 -0800] "GET /sharkbomb-error.log HTTP/1.1" 200 5004 "-" "Mozilla/5.0 (compatible; YandexBot/3.0; +http://yandex.com/bots)"
117.53.96.161 - - [30/Nov/2010:04:39:59 -0800] "HEAD / HTTP/1.0" 200 - "http://www.unusualdischarge.com" "Mozilla/4.0 (compatible; MSIE 5.01; Windows NT 5.0)"
93.158.148.31 - - [30/Nov/2010:04:49:06 -0800] "GET /dustinharley-error.log HTTP/1.1" 200 8806 "-" "Mozilla/5.0 (compatible; YandexBot/3.0; +http://yandex.com/bots)"
66.249.68.177 - - [30/Nov/2010:05:11:12 -0800] "GET /robots.txt HTTP/1.1" 302 360 "-" "Mozilla/5.0 (compatible; Googlebot/2.1; +http://www.google.com/bot.html)"
66.249.68.177 - - [30/Nov/2010:05:11:12 -0800] "GET /2girls4lokos-access.log HTTP/1.1" 200 72547 "-" "Mozilla/5.0 (compatible; Googlebot/2.1; +http://www.google.com/bot.html)"
125.215.205.180 - - [30/Nov/2010:05:43:50 -0800] "GET //phpmyadmin/ HTTP/1.1" 302 355 "-" "Made by ZmEu @ WhiteHat Team - www.whitehat.ro"
125.215.205.180 - - [30/Nov/2010:05:43:51 -0800] "GET //phpMyAdmin/ HTTP/1.1" 302 355 "-" "Made by ZmEu @ WhiteHat Team - www.whitehat.ro"
67.195.114.28 - - [30/Nov/2010:06:24:56 -0800] "GET /robots.txt HTTP/1.0" 302 360 "-" "Mozilla/5.0 (compatible; Yahoo! Slurp; http://help.yahoo.com/help/us/ysearch/slurp)"
67.195.114.28 - - [30/Nov/2010:06:24:57 -0800] "GET / HTTP/1.0" 200 6179 "-" "Mozilla/5.0 (compatible; Yahoo! Slurp; http://help.yahoo.com/help/us/ysearch/slurp)"
67.195.114.28 - - [30/Nov/2010:06:24:58 -0800] "GET /orbsucks-error.log HTTP/1.0" 200 - "-" "Mozilla/5.0 (compatible; Yahoo! Slurp; http://help.yahoo.com/help/us/ysearch/slurp)"
66.249.67.146 - - [30/Nov/2010:06:56:11 -0800] "GET /robots.txt HTTP/1.1" 302 359 "-" "Mozilla/5.0 (compatible; Googlebot/2.1; +http://www.google.com/bot.html)"
66.249.67.146 - - [30/Nov/2010:06:56:11 -0800] "GET /clownjuice-error.log HTTP/1.1" 200 7175 "-" "Mozilla/5.0 (compatible; Googlebot/2.1; +http://www.google.com/bot.html)"
123.125.71.96 - - [30/Nov/2010:07:24:45 -0800] "GET / HTTP/1.1" 200 6182 "-" "Baiduspider+(+http://www.baidu.com/search/spider.htm)"
220.181.108.177 - - [30/Nov/2010:07:24:53 -0800] "GET / HTTP/1.1" 200 6182 "-" "Baiduspider+(+http://www.baidu.com/search/spider.htm)"
119.63.198.37 - - [30/Nov/2010:10:15:40 -0800] "GET /robots.txt HTTP/1.1" 302 360 "-" "Baiduspider+(+http://www.baidu.com/search/spider.htm)"
119.63.198.16 - - [30/Nov/2010:10:15:41 -0800] "GET / HTTP/1.1" 200 6179 "-" "Baiduspider+(+http://www.baidu.com/search/spider.htm)"
123.125.71.114 - - [30/Nov/2010:10:25:45 -0800] "GET / HTTP/1.1" 200 6179 "-" "Baiduspider+(+http://www.baidu.com/search/spider.htm)"
220.181.108.166 - - [30/Nov/2010:10:26:08 -0800] "GET / HTTP/1.1" 200 6179 "-" "Baiduspider+(+http://www.baidu.com/search/spider.htm)"
66.249.67.141 - - [30/Nov/2010:10:45:40 -0800] "GET /nov2010/browserbomb-access.log HTTP/1.1" 304 - "-" "Mozilla/5.0 (compatible; Googlebot/2.1; +http://www.google.com/bot.html)"
66.249.67.12 - - [30/Nov/2010:11:58:16 -0800] "GET /robots.txt HTTP/1.1" 302 359 "-" "Mozilla/5.0 (compatible; Googlebot/2.1; +http://www.google.com/bot.html)"
66.249.67.12 - - [30/Nov/2010:11:58:16 -0800] "GET /nov2010/clownjuice-error.log HTTP/1.1" 304 - "-" "Mozilla/5.0 (compatible; Googlebot/2.1; +http://www.google.com/bot.html)"
93.158.148.31 - - [30/Nov/2010:12:14:12 -0800] "GET /robots.txt HTTP/1.1" 302 360 "-" "Mozilla/5.0 (compatible; YandexBot/3.0; +http://yandex.com/bots)"
119.63.198.11 - - [30/Nov/2010:12:24:50 -0800] "GET /robots.txt HTTP/1.1" 302 357 "-" "Baiduspider+(+http://www.baidu.com/search/spider.htm)"
119.63.198.53 - - [30/Nov/2010:12:24:51 -0800] "GET / HTTP/1.1" 200 6179 "-" "Baiduspider+(+http://www.baidu.com/search/spider.htm)"
67.195.114.28 - - [30/Nov/2010:13:07:06 -0800] "GET /gorgeworld-error.log HTTP/1.0" 200 2247 "-" "Mozilla/5.0 (compatible; Yahoo! Slurp; http://help.yahoo.com/help/us/ysearch/slurp)"
207.46.199.184 - - [30/Nov/2010:13:11:57 -0800] "GET /robots.txt HTTP/1.1" 302 360 "-" "Mozilla/5.0 (compatible; bingbot/2.0; +http://www.bing.com/bingbot.htm)"
207.46.199.184 - - [30/Nov/2010:13:11:58 -0800] "GET / HTTP/1.1" 200 6179 "-" "Mozilla/5.0 (compatible; bingbot/2.0; +http://www.bing.com/bingbot.htm)"
66.249.68.176 - - [30/Nov/2010:13:16:09 -0800] "GET /robots.txt HTTP/1.1" 302 361 "-" "Mozilla/5.0 (compatible; Googlebot/2.1; +http://www.google.com/bot.html)"
66.249.68.176 - - [30/Nov/2010:13:16:09 -0800] "GET /nov2010/jasoncmartin-access.log HTTP/1.1" 304 - "-" "Mozilla/5.0 (compatible; Googlebot/2.1; +http://www.google.com/bot.html)"
208.80.194.29 - - [30/Nov/2010:13:17:21 -0800] "GET / HTTP/1.0" 200 6182 "-" "Mozilla/4.0 (compatible; MSIE 6.0; Windows NT 5.1; SV1; .NET CLR 2.0.50727; MSN 9.0;MSN 9.1; MSNbVZ02; MSNmen-us; MSNcOTH)"
87.231.248.252 - - [30/Nov/2010:14:37:21 -0800] "GET /browserbomb-access.log HTTP/1.0" 200 5673 "-" "Mozilla/5.0 (compatible; Googlebot/2.1; +http://www.google.com/bot.html)"
93.158.148.31 - - [30/Nov/2010:15:12:41 -0800] "GET /paxnihilo-access.log HTTP/1.1" 200 3396 "-" "Mozilla/5.0 (compatible; YandexBot/3.0; +http://yandex.com/bots)"
123.125.71.98 - - [30/Nov/2010:15:26:22 -0800] "GET / HTTP/1.1" 200 6179 "-" "Baiduspider+(+http://www.baidu.com/search/spider.htm)"
220.181.108.185 - - [30/Nov/2010:15:26:44 -0800] "GET / HTTP/1.1" 200 6179 "-" "Baiduspider+(+http://www.baidu.com/search/spider.htm)"
66.249.67.229 - - [30/Nov/2010:15:49:15 -0800] "GET /robots.txt HTTP/1.1" 302 360 "-" "Mozilla/5.0 (compatible; Googlebot/2.1; +http://www.google.com/bot.html)"
66.249.67.229 - - [30/Nov/2010:15:49:15 -0800] "GET /orbsucks-access.log HTTP/1.1" 200 - "-" "Mozilla/5.0 (compatible; Googlebot/2.1; +http://www.google.com/bot.html)"
123.125.71.92 - - [30/Nov/2010:15:53:22 -0800] "GET / HTTP/1.1" 200 6179 "-" "Baiduspider+(+http://www.baidu.com/search/spider.htm)"
184.82.14.70 - - [30/Nov/2010:16:16:29 -0800] "GET /index.php?option=com_user&view=reset&layout=confirm HTTP/1.1" 302 360 "-" "Mozilla/3.0 (compatible; Indy Library)"
203.73.222.245 - - [30/Nov/2010:16:22:05 -0800] "GET /nov2010/paxnihilo-error.log HTTP/1.1" 200 21130 "-" "Mozilla/4.0 (compatible; MSIE 7.0; Windows NT 5.1; EmbeddedWB 14.52 from: http://www.bsalsa.com/ EmbeddedWB 14.52; .NET CLR 2.0.50727; .NET CLR 3.0.04506.30)"
203.73.222.245 - - [30/Nov/2010:16:36:18 -0800] "GET /log-error.log HTTP/1.1" 200 68946 "-" "Mozilla/4.0 (compatible; MSIE 7.0; Windows NT 5.1; EmbeddedWB 14.52 from: http://www.bsalsa.com/ EmbeddedWB 14.52; .NET CLR 2.0.50727; .NET CLR 3.0.04506.30)"
203.73.222.245 - - [30/Nov/2010:16:56:15 -0800] "GET /log-access.log HTTP/1.1" 200 325824 "-" "Mozilla/4.0 (compatible; MSIE 7.0; Windows NT 5.1; EmbeddedWB 14.52 from: http://www.bsalsa.com/ EmbeddedWB 14.52; .NET CLR 2.0.50727; .NET CLR 3.0.04506.30)"
203.73.222.245 - - [30/Nov/2010:16:56:36 -0800] "GET http://tw.mtf.news.yahoo.com/mailto?url=http%3a%2f%2ftw.fashion.yahoo.com%2farticle%2furl%2fd%2fa%2f090103%2f24%2fi94.html&title=j74vh7rv10o576wv&prop=fashion&locale=tw HTTP/1.1" 302 361 "-" "Mozilla/4.0 (compatible; MSIE 7.0; Windows NT 5.1; EmbeddedWB 14.52 from: http://www.bsalsa.com/ EmbeddedWB 14.52; .NET CLR 2.0.50727; .NET CLR 3.0.04506.30)"
203.73.222.245 - - [30/Nov/2010:16:56:36 -0800] "GET http://log.sharkbomb.com/ HTTP/1.1" 200 6179 "-" "Mozilla/4.0 (compatible; MSIE 7.0; Windows NT 5.1; EmbeddedWB 14.52 from: http://www.bsalsa.com/ EmbeddedWB 14.52; .NET CLR 2.0.50727; .NET CLR 3.0.04506.30)"
203.73.222.245 - - [30/Nov/2010:16:57:02 -0800] "GET /nov2010/gorgeworld-access.log HTTP/1.1" 200 468902 "-" "Mozilla/4.0 (compatible; MSIE 7.0; Windows NT 5.1; EmbeddedWB 14.52 from: http://www.bsalsa.com/ EmbeddedWB 14.52; .NET CLR 2.0.50727; .NET CLR 3.0.04506.30)"
64.46.17.148 - - [30/Nov/2010:17:50:34 -0800] "HEAD /sharkbomb-error.log HTTP/1.0" 200 - "http://flashturtle.com" "Opera/9.64(Windows NT 5.1; U; en) Presto/2.1.1"
66.249.67.12 - - [30/Nov/2010:18:03:20 -0800] "GET /robots.txt HTTP/1.1" 302 359 "-" "Mozilla/5.0 (compatible; Googlebot/2.1; +http://www.google.com/bot.html)"
66.249.67.12 - - [30/Nov/2010:18:03:20 -0800] "GET /browserbomb-error.log HTTP/1.1" 200 1331 "-" "Mozilla/5.0 (compatible; Googlebot/2.1; +http://www.google.com/bot.html)"
93.158.148.31 - - [30/Nov/2010:18:11:09 -0800] "GET /ferality-access.log HTTP/1.1" 200 62218 "-" "Mozilla/5.0 (compatible; YandexBot/3.0; +http://yandex.com/bots)"
220.181.108.157 - - [30/Nov/2010:19:13:54 -0800] "GET /robots.txt HTTP/1.1" 302 357 "-" "Baiduspider+(+http://www.baidu.com/search/spider.htm)"
220.181.108.156 - - [30/Nov/2010:19:13:55 -0800] "GET / HTTP/1.1" 200 6179 "-" "Baiduspider+(+http://www.baidu.com/search/spider.htm)"
123.125.71.91 - - [30/Nov/2010:19:50:38 -0800] "GET / HTTP/1.1" 200 6182 "-" "Baiduspider+(+http://www.baidu.com/search/spider.htm)"
66.249.67.229 - - [30/Nov/2010:20:17:22 -0800] "GET /nov2010/orbsucks-access.log HTTP/1.1" 304 - "-" "Mozilla/5.0 (compatible; Googlebot/2.1; +http://www.google.com/bot.html)"
67.195.114.28 - - [30/Nov/2010:20:46:51 -0800] "GET /robots.txt HTTP/1.0" 302 360 "-" "Mozilla/5.0 (compatible; Yahoo! Slurp; http://help.yahoo.com/help/us/ysearch/slurp)"
67.195.114.28 - - [30/Nov/2010:20:46:52 -0800] "GET / HTTP/1.0" 200 6179 "-" "Mozilla/5.0 (compatible; Yahoo! Slurp; http://help.yahoo.com/help/us/ysearch/slurp)"
67.195.114.28 - - [30/Nov/2010:20:46:53 -0800] "GET /log-access.log HTTP/1.0" 200 328595 "-" "Mozilla/5.0 (compatible; Yahoo! Slurp; http://help.yahoo.com/help/us/ysearch/slurp)"
93.158.148.31 - - [30/Nov/2010:21:09:39 -0800] "GET /log-error.log HTTP/1.1" 200 69356 "-" "Mozilla/5.0 (compatible; YandexBot/3.0; +http://yandex.com/bots)"
123.125.71.112 - - [30/Nov/2010:21:26:33 -0800] "GET / HTTP/1.1" 200 6179 "-" "Baiduspider+(+http://www.baidu.com/search/spider.htm)"
220.181.108.182 - - [30/Nov/2010:21:26:55 -0800] "GET / HTTP/1.1" 200 6179 "-" "Baiduspider+(+http://www.baidu.com/search/spider.htm)"
119.235.54.45 - - [30/Nov/2010:21:27:56 -0800] "GET /user/soapCaller.bs HTTP/1.1" 302 355 "-" "Morfeus Fucking Scanner"
64.46.17.148 - - [30/Nov/2010:22:09:32 -0800] "HEAD /sharkbomb-error.log HTTP/1.0" 200 - "http://flashturtle.com" "Mozilla/5.0 (Windows; U; Windows NT 5.1; en-US; rv:1.9.0.14) Gecko/2009082707 Firefox/3.0.14 (.NET CLR 3.5.30729)"
123.125.71.117 - - [30/Nov/2010:22:26:55 -0800] "GET / HTTP/1.1" 200 6179 "-" "Baiduspider+(+http://www.baidu.com/search/spider.htm)"
220.181.108.182 - - [30/Nov/2010:22:27:23 -0800] "GET / HTTP/1.1" 200 6179 "-" "Baiduspider+(+http://www.baidu.com/search/spider.htm)"
66.249.68.176 - - [30/Nov/2010:22:31:19 -0800] "GET /robots.txt HTTP/1.1" 302 361 "-" "Mozilla/5.0 (compatible; Googlebot/2.1; +http://www.google.com/bot.html)"
66.249.68.176 - - [30/Nov/2010:22:31:19 -0800] "GET /2girls4lokos-error.log HTTP/1.1" 200 17037 "-" "Mozilla/5.0 (compatible; Googlebot/2.1; +http://www.google.com/bot.html)"
220.181.108.141 - - [30/Nov/2010:23:25:17 -0800] "GET /robots.txt HTTP/1.1" 302 360 "-" "Baiduspider+(+http://www.baidu.com/search/spider.htm)"
220.181.108.148 - - [30/Nov/2010:23:25:18 -0800] "GET / HTTP/1.1" 200 6179 "-" "Baiduspider+(+http://www.baidu.com/search/spider.htm)"
93.158.148.31 - - [01/Dec/2010:00:08:08 -0800] "GET /nov2010/ HTTP/1.1" 200 6156 "-" "Mozilla/5.0 (compatible; YandexBot/3.0; +http://yandex.com/bots)"
93.158.148.31 - - [01/Dec/2010:00:32:23 -0800] "GET /jasoncmartin-access.log HTTP/1.1" 200 44518 "-" "Mozilla/5.0 (compatible; YandexBot/3.0; +http://yandex.com/bots)"
66.249.67.141 - - [01/Dec/2010:00:45:38 -0800] "GET /robots.txt HTTP/1.1" 302 357 "-" "Mozilla/5.0 (compatible; Googlebot/2.1; +http://www.google.com/bot.html)"
66.249.67.141 - - [01/Dec/2010:00:45:38 -0800] "GET / HTTP/1.1" 200 6179 "-" "Mozilla/5.0 (compatible; Googlebot/2.1; +http://www.google.com/bot.html)"
66.249.67.141 - - [01/Dec/2010:00:45:38 -0800] "GET /2girls4lokos-access.log HTTP/1.1" 200 76324 "-" "Mozilla/5.0 (compatible; Googlebot/2.1; +http://www.google.com/bot.html)"
66.249.68.177 - - [01/Dec/2010:02:59:44 -0800] "GET /robots.txt HTTP/1.1" 302 360 "-" "Mozilla/5.0 (compatible; Googlebot/2.1; +http://www.google.com/bot.html)"
66.249.68.177 - - [01/Dec/2010:02:59:44 -0800] "GET /nov2010/ HTTP/1.1" 200 6156 "-" "Mozilla/5.0 (compatible; Googlebot/2.1; +http://www.google.com/bot.html)"
203.73.222.147 - - [01/Dec/2010:03:46:00 -0800] "GET /2girls4lokos-access.log HTTP/1.1" 200 76903 "-" "Mozilla/4.0 (compatible; MSIE 7.0; Windows NT 5.1; EmbeddedWB 14.52 from: http://www.bsalsa.com/ EmbeddedWB 14.52; .NET CLR 2.0.50727; .NET CLR 3.0.04506.30)"
70.38.64.196 - - [01/Dec/2010:03:55:05 -0800] "GET /log-access.log HTTP/1.1" 200 331827 "/" "Mozilla/5.0 (Windows; U; Windows NT 5.1; ru; rv:1.9.2.3) Gecko/20100401 Firefox/3.6.3 (.NET CLR 3.5.30729)"
66.249.67.141 - - [01/Dec/2010:05:13:54 -0800] "GET /nov2010/clownjuice-error.log HTTP/1.1" 304 - "-" "Mozilla/5.0 (compatible; Googlebot/2.1; +http://www.google.com/bot.html)"
123.125.71.109 - - [01/Dec/2010:05:18:37 -0800] "GET / HTTP/1.1" 200 6182 "-" "Baiduspider+(+http://www.baidu.com/search/spider.htm)"
220.181.108.182 - - [01/Dec/2010:05:18:42 -0800] "GET / HTTP/1.1" 200 6182 "-" "Baiduspider+(+http://www.baidu.com/search/spider.htm)"
123.125.71.117 - - [01/Dec/2010:06:18:23 -0800] "GET / HTTP/1.1" 200 6182 "-" "Baiduspider+(+http://www.baidu.com/search/spider.htm)"
220.181.108.180 - - [01/Dec/2010:06:18:28 -0800] "GET / HTTP/1.1" 200 6182 "-" "Baiduspider+(+http://www.baidu.com/search/spider.htm)"
66.249.68.176 - - [01/Dec/2010:07:28:59 -0800] "GET /robots.txt HTTP/1.1" 302 361 "-" "Mozilla/5.0 (compatible; Googlebot/2.1; +http://www.google.com/bot.html)"
66.249.68.176 - - [01/Dec/2010:07:28:59 -0800] "GET /orbsucks-access.log HTTP/1.1" 200 - "-" "Mozilla/5.0 (compatible; Googlebot/2.1; +http://www.google.com/bot.html)"
85.190.0.3 - - [01/Dec/2010:08:25:06 -0800] "CONNECT 213.92.8.7:31204 HTTP/1.0" 405 370 "-" "-"
85.190.0.3 - - [01/Dec/2010:08:25:06 -0800] "POST http://213.92.8.7:31204/ HTTP/1.0" 302 353 "-" "-"
85.190.0.3 - - [01/Dec/2010:08:25:06 -0800] "GET http://vlad-tepes.bofh.it/proxy.txt HTTP/1.0" 302 358 "-" "-"
85.190.0.3 - - [01/Dec/2010:08:25:06 -0800] "CONNECT 213.92.8.7:31204 HTTP/1.0" 405 370 "-" "-"
85.190.0.3 - - [01/Dec/2010:08:25:06 -0800] "POST http://vlad-tepes.bofh.it/proxy.txt HTTP/1.0" 302 358 "-" "-"
85.190.0.3 - - [01/Dec/2010:08:25:06 -0800] "CONNECT 213.92.8.7:31204 HTTP/1.0" 405 370 "-" "-"
85.190.0.3 - - [01/Dec/2010:08:25:06 -0800] "GET http://vlad-tepes.bofh.it/proxy.txt HTTP/1.0" 302 358 "-" "-"
204.8.33.206 - - [01/Dec/2010:08:29:36 -0800] "GET / HTTP/1.1" 200 6183 "-" "Mozilla/5.0 (Macintosh; U; Intel Mac OS X 10_6_5; en-us) AppleWebKit/533.19.4 (KHTML, like Gecko) Version/5.0.3 Safari/533.19.4"
204.8.33.206 - - [01/Dec/2010:08:29:37 -0800] "GET /icons/text.gif HTTP/1.1" 200 229 "http://sticky.clownjuice.com/" "Mozilla/5.0 (Macintosh; U; Intel Mac OS X 10_6_5; en-us) AppleWebKit/533.19.4 (KHTML, like Gecko) Version/5.0.3 Safari/533.19.4"
204.8.33.206 - - [01/Dec/2010:08:29:37 -0800] "GET /icons/blank.gif HTTP/1.1" 200 148 "http://sticky.clownjuice.com/" "Mozilla/5.0 (Macintosh; U; Intel Mac OS X 10_6_5; en-us) AppleWebKit/533.19.4 (KHTML, like Gecko) Version/5.0.3 Safari/533.19.4"
204.8.33.206 - - [01/Dec/2010:08:29:37 -0800] "GET /icons/folder.gif HTTP/1.1" 200 225 "http://sticky.clownjuice.com/" "Mozilla/5.0 (Macintosh; U; Intel Mac OS X 10_6_5; en-us) AppleWebKit/533.19.4 (KHTML, like Gecko) Version/5.0.3 Safari/533.19.4"
204.8.33.206 - - [01/Dec/2010:08:29:37 -0800] "GET /favicon.ico HTTP/1.1" 302 361 "http://sticky.clownjuice.com/" "Mozilla/5.0 (Macintosh; U; Intel Mac OS X 10_6_5; en-us) AppleWebKit/533.19.4 (KHTML, like Gecko) Version/5.0.3 Safari/533.19.4"
204.8.33.206 - - [01/Dec/2010:08:29:37 -0800] "GET / HTTP/1.1" 200 6179 "http://sticky.clownjuice.com/" "Mozilla/5.0 (Macintosh; U; Intel Mac OS X 10_6_5; en-us) AppleWebKit/533.19.4 (KHTML, like Gecko) Version/5.0.3 Safari/533.19.4"
204.8.33.206 - - [01/Dec/2010:08:29:39 -0800] "GET /2girls4lokos-access.log HTTP/1.1" 200 77170 "http://sticky.clownjuice.com/" "Mozilla/5.0 (Macintosh; U; Intel Mac OS X 10_6_5; en-us) AppleWebKit/533.19.4 (KHTML, like Gecko) Version/5.0.3 Safari/533.19.4"
204.8.33.206 - - [01/Dec/2010:08:29:50 -0800] "GET /sharkbomb-access.log HTTP/1.1" 200 58080 "http://sticky.clownjuice.com/" "Mozilla/5.0 (Macintosh; U; Intel Mac OS X 10_6_5; en-us) AppleWebKit/533.19.4 (KHTML, like Gecko) Version/5.0.3 Safari/533.19.4"
203.94.243.59 - - [01/Dec/2010:08:50:10 -0800] "GET /log-access.log////index.php?_SERVER[DOCUMENT_ROOT]=../../../../../../../../../../../../../../../../../../../../../../../../proc/self/environ%00 HTTP/1.1" 302 360 "-" "Mozilla/5.0 (Windows; U; Windows NT 5.1; en-US; rv:1.9.2) Gecko/20100115 Firefox/3.6"
203.94.243.59 - - [01/Dec/2010:08:50:10 -0800] "GET / HTTP/1.1" 200 6179 "-" "Mozilla/5.0 (Windows; U; Windows NT 5.1; en-US; rv:1.9.2) Gecko/20100115 Firefox/3.6"
203.94.243.59 - - [01/Dec/2010:08:50:11 -0800] "GET ////index.php?_SERVER[DOCUMENT_ROOT]=../../../../../../../../../../../../../../../../../../../../../../../../proc/self/environ%00 HTTP/1.1" 302 360 "-" "Mozilla/5.0 (Windows; U; Windows NT 5.1; en-US; rv:1.9.2) Gecko/20100115 Firefox/3.6"
203.94.243.59 - - [01/Dec/2010:08:50:12 -0800] "GET / HTTP/1.1" 200 6179 "-" "Mozilla/5.0 (Windows; U; Windows NT 5.1; en-US; rv:1.9.2) Gecko/20100115 Firefox/3.6"
203.94.243.59 - - [01/Dec/2010:08:50:17 -0800] "GET ////index.php?_SERVER[DOCUMENT_ROOT]=../../../../../../../../../../../../../../../../../../../../../../../../proc/self/environ%00 HTTP/1.1" 302 360 "-" "Mozilla/5.0 (Windows; U; Windows NT 5.1; en-US; rv:1.9.2) Gecko/20100115 Firefox/3.6"
203.94.243.59 - - [01/Dec/2010:08:50:18 -0800] "GET / HTTP/1.1" 200 6179 "-" "Mozilla/5.0 (Windows; U; Windows NT 5.1; en-US; rv:1.9.2) Gecko/20100115 Firefox/3.6"
204.8.33.206 - - [01/Dec/2010:09:05:08 -0800] "GET /orbsucks-access.log HTTP/1.1" 200 - "http://sticky.clownjuice.com/" "Mozilla/5.0 (Macintosh; U; Intel Mac OS X 10_6_5; en-us) AppleWebKit/533.19.4 (KHTML, like Gecko) Version/5.0.3 Safari/533.19.4"
204.8.33.206 - - [01/Dec/2010:09:05:32 -0800] "GET /gorgeworld-access.log HTTP/1.1" 200 10061 "http://sticky.clownjuice.com/" "Mozilla/5.0 (Macintosh; U; Intel Mac OS X 10_6_5; en-us) AppleWebKit/533.19.4 (KHTML, like Gecko) Version/5.0.3 Safari/533.19.4"
123.125.71.109 - - [01/Dec/2010:09:26:11 -0800] "GET / HTTP/1.1" 200 6179 "-" "Baiduspider+(+http://www.baidu.com/search/spider.htm)"
220.181.108.167 - - [01/Dec/2010:09:26:33 -0800] "GET / HTTP/1.1" 200 6179 "-" "Baiduspider+(+http://www.baidu.com/search/spider.htm)"
66.249.68.177 - - [01/Dec/2010:09:42:40 -0800] "GET /robots.txt HTTP/1.1" 302 360 "-" "Mozilla/5.0 (compatible; Googlebot/2.1; +http://www.google.com/bot.html)"
66.249.68.177 - - [01/Dec/2010:09:42:40 -0800] "GET /sharkbomb-error.log HTTP/1.1" 200 5316 "-" "Mozilla/5.0 (compatible; Googlebot/2.1; +http://www.google.com/bot.html)"
127.0.0.1 - - [01/Dec/2010:09:44:02 -0800] "OPTIONS * HTTP/1.0" 200 - "-" "Apache/2.2.11 (FreeBSD) mod_ssl/2.2.11 OpenSSL/0.9.8e DAV/2 PHP/5.2.9 with Suhosin-Patch (internal dummy connection)"
127.0.0.1 - - [01/Dec/2010:09:44:03 -0800] "OPTIONS * HTTP/1.0" 200 - "-" "Apache/2.2.11 (FreeBSD) mod_ssl/2.2.11 OpenSSL/0.9.8e DAV/2 PHP/5.2.9 with Suhosin-Patch (internal dummy connection)"
127.0.0.1 - - [01/Dec/2010:09:44:04 -0800] "OPTIONS * HTTP/1.0" 200 - "-" "Apache/2.2.11 (FreeBSD) mod_ssl/2.2.11 OpenSSL/0.9.8e DAV/2 PHP/5.2.9 with Suhosin-Patch (internal dummy connection)"
119.63.198.29 - - [01/Dec/2010:10:12:28 -0800] "GET /robots.txt HTTP/1.1" 302 357 "-" "Baiduspider+(+http://www.baidu.com/search/spider.htm)"
119.63.198.49 - - [01/Dec/2010:10:12:28 -0800] "GET / HTTP/1.1" 200 6179 "-" "Baiduspider+(+http://www.baidu.com/search/spider.htm)"
123.125.71.99 - - [01/Dec/2010:10:25:49 -0800] "GET / HTTP/1.1" 200 6179 "-" "Baiduspider+(+http://www.baidu.com/search/spider.htm)"
220.181.108.183 - - [01/Dec/2010:10:26:11 -0800] "GET / HTTP/1.1" 200 6179 "-" "Baiduspider+(+http://www.baidu.com/search/spider.htm)"
174.129.117.237 - - [01/Dec/2010:10:27:35 -0800] "HEAD / HTTP/1.1" 200 - "-" "Mozilla/5.0 (compatible; AboutUsBot Johnny5/2.0; +http://www.AboutUs.org/)"
93.158.148.31 - - [01/Dec/2010:10:56:06 -0800] "GET /robots.txt HTTP/1.1" 302 360 "-" "Mozilla/5.0 (compatible; YandexBot/3.0; +http://yandex.com/bots)"
66.249.67.12 - - [01/Dec/2010:11:58:01 -0800] "GET /robots.txt HTTP/1.1" 302 359 "-" "Mozilla/5.0 (compatible; Googlebot/2.1; +http://www.google.com/bot.html)"
66.249.67.12 - - [01/Dec/2010:11:58:01 -0800] "GET /nov2010/gorgeworld-access.log HTTP/1.1" 304 - "-" "Mozilla/5.0 (compatible; Googlebot/2.1; +http://www.google.com/bot.html)"
123.125.71.107 - - [01/Dec/2010:12:17:10 -0800] "GET / HTTP/1.1" 200 6182 "-" "Baiduspider+(+http://www.baidu.com/search/spider.htm)"
220.181.108.171 - - [01/Dec/2010:12:17:13 -0800] "GET / HTTP/1.1" 200 6182 "-" "Baiduspider+(+http://www.baidu.com/search/spider.htm)"
119.63.198.47 - - [01/Dec/2010:12:19:34 -0800] "GET /robots.txt HTTP/1.1" 302 360 "-" "Baiduspider+(+http://www.baidu.com/search/spider.htm)"
119.63.198.30 - - [01/Dec/2010:12:19:35 -0800] "GET / HTTP/1.1" 200 6179 "-" "Baiduspider+(+http://www.baidu.com/search/spider.htm)"
66.249.67.12 - - [01/Dec/2010:12:24:27 -0800] "GET /nov2010/gorgeworld-access.log HTTP/1.1" 304 - "-" "Mozilla/5.0 (compatible; Googlebot/2.1; +http://www.google.com/bot.html)"
93.158.148.31 - - [01/Dec/2010:12:51:01 -0800] "GET / HTTP/1.1" 200 6182 "-" "Mozilla/5.0 (compatible; YandexBot/3.0; +http://yandex.com/bots)"
93.158.148.31 - - [01/Dec/2010:13:19:45 -0800] "GET /jasoncmartin-error.log HTTP/1.1" 200 15488 "-" "Mozilla/5.0 (compatible; YandexBot/3.0; +http://yandex.com/bots)"
93.158.148.31 - - [01/Dec/2010:13:48:33 -0800] "GET /clownjuice-access.log HTTP/1.1" 200 17037 "-" "Mozilla/5.0 (compatible; YandexBot/3.0; +http://yandex.com/bots)"
93.158.148.31 - - [01/Dec/2010:14:17:17 -0800] "GET /nov2010/evilfuckers-error.log HTTP/1.1" 200 275117 "-" "Mozilla/5.0 (compatible; YandexBot/3.0; +http://yandex.com/bots)"
87.231.248.252 - - [01/Dec/2010:14:30:24 -0800] "GET /browserbomb-access.log HTTP/1.0" 200 5827 "-" "Mozilla/5.0 (compatible; Googlebot/2.1; +http://www.google.com/bot.html)"
93.158.148.31 - - [01/Dec/2010:14:46:05 -0800] "GET /nov2010/terhanian-access.log HTTP/1.1" 200 - "-" "Mozilla/5.0 (compatible; YandexBot/3.0; +http://yandex.com/bots)"
93.158.148.31 - - [01/Dec/2010:15:14:48 -0800] "GET /nov2010/clownjuice-access.log HTTP/1.1" 200 566552 "-" "Mozilla/5.0 (compatible; YandexBot/3.0; +http://yandex.com/bots)"
66.249.67.12 - - [01/Dec/2010:15:20:59 -0800] "GET /2girls4lokos-error.log HTTP/1.1" 200 17711 "-" "Mozilla/5.0 (compatible; Googlebot/2.1; +http://www.google.com/bot.html)"
93.158.148.31 - - [01/Dec/2010:15:43:41 -0800] "GET /nov2010/orbsucks-access.log HTTP/1.1" 200 1025768 "-" "Mozilla/5.0 (compatible; YandexBot/3.0; +http://yandex.com/bots)"
66.249.68.177 - - [01/Dec/2010:15:54:24 -0800] "GET /robots.txt HTTP/1.1" 302 360 "-" "Mozilla/5.0 (compatible; Googlebot/2.1; +http://www.google.com/bot.html)"
66.249.68.177 - - [01/Dec/2010:15:54:24 -0800] "GET /gorgeworld-access.log HTTP/1.1" 200 12689 "-" "Mozilla/5.0 (compatible; Googlebot/2.1; +http://www.google.com/bot.html)"
93.158.148.31 - - [01/Dec/2010:16:12:40 -0800] "GET /nov2010/sharkbomb-access.log HTTP/1.1" 200 1521665 "-" "Mozilla/5.0 (compatible; YandexBot/3.0; +http://yandex.com/bots)"
204.12.71.204 - - [01/Dec/2010:16:19:51 -0800] "GET /favicon.ico HTTP/1.0" 302 364 "-" "Mozilla/4.0"
204.12.71.204 - - [01/Dec/2010:16:19:51 -0800] "GET / HTTP/1.0" 206 6179 "-" "Mozilla/4.0"
123.125.71.111 - - [01/Dec/2010:16:26:44 -0800] "GET / HTTP/1.1" 200 6179 "-" "Baiduspider+(+http://www.baidu.com/search/spider.htm)"
220.181.108.168 - - [01/Dec/2010:16:27:06 -0800] "GET / HTTP/1.1" 200 6179 "-" "Baiduspider+(+http://www.baidu.com/search/spider.htm)"
66.249.67.229 - - [01/Dec/2010:16:39:36 -0800] "GET /robots.txt HTTP/1.1" 302 360 "-" "Mozilla/5.0 (compatible; Googlebot/2.1; +http://www.google.com/bot.html)"
66.249.67.229 - - [01/Dec/2010:16:39:36 -0800] "GET /nov2010/vaginacide-error.log HTTP/1.1" 200 36671 "-" "Mozilla/5.0 (compatible; Googlebot/2.1; +http://www.google.com/bot.html)"
93.158.148.31 - - [01/Dec/2010:16:41:45 -0800] "GET /nov2010/dustinharley-error.log HTTP/1.1" 200 545791 "-" "Mozilla/5.0 (compatible; YandexBot/3.0; +http://yandex.com/bots)"
93.158.148.31 - - [01/Dec/2010:17:10:36 -0800] "GET /nov2010/ferality-access.log HTTP/1.1" 200 3132544 "-" "Mozilla/5.0 (compatible; YandexBot/3.0; +http://yandex.com/bots)"
93.158.148.31 - - [01/Dec/2010:17:39:58 -0800] "GET /nov2010/orbsucks-error.log HTTP/1.1" 200 163396 "-" "Mozilla/5.0 (compatible; YandexBot/3.0; +http://yandex.com/bots)"
93.158.148.31 - - [01/Dec/2010:18:08:41 -0800] "GET /nov2010/ferality-error.log HTTP/1.1" 200 293986 "-" "Mozilla/5.0 (compatible; YandexBot/3.0; +http://yandex.com/bots)"
93.158.148.31 - - [01/Dec/2010:18:37:26 -0800] "GET /nov2010/sharkbomb-error.log HTTP/1.1" 200 104679 "-" "Mozilla/5.0 (compatible; YandexBot/3.0; +http://yandex.com/bots)"
66.249.67.229 - - [01/Dec/2010:18:55:21 -0800] "GET /clownjuice-access.log HTTP/1.1" 200 17277 "-" "Mozilla/5.0 (compatible; Googlebot/2.1; +http://www.google.com/bot.html)"
93.158.148.31 - - [01/Dec/2010:19:06:07 -0800] "GET /nov2010/?C=N;O=D HTTP/1.1" 200 6156 "-" "Mozilla/5.0 (compatible; YandexBot/3.0; +http://yandex.com/bots)"
64.46.17.148 - - [01/Dec/2010:19:14:39 -0800] "HEAD /sharkbomb-error.log HTTP/1.0" 200 - "http://flashturtle.com" "Mozilla/4.0 (compatible; MSIE 7.0; Windows NT 5.1; .NET CLR 1.1.4322; .NET CLR 2.0.50727; .NET CLR 3.0.04506.30)"
123.125.71.115 - - [01/Dec/2010:19:17:23 -0800] "GET / HTTP/1.1" 200 6182 "-" "Baiduspider+(+http://www.baidu.com/search/spider.htm)"
220.181.108.183 - - [01/Dec/2010:19:17:26 -0800] "GET / HTTP/1.1" 200 6182 "-" "Baiduspider+(+http://www.baidu.com/search/spider.htm)"
66.249.67.146 - - [01/Dec/2010:19:37:28 -0800] "GET /robots.txt HTTP/1.1" 302 359 "-" "Mozilla/5.0 (compatible; Googlebot/2.1; +http://www.google.com/bot.html)"
66.249.67.146 - - [01/Dec/2010:19:37:28 -0800] "GET /sharkbomb-access.log HTTP/1.1" 200 60433 "-" "Mozilla/5.0 (compatible; Googlebot/2.1; +http://www.google.com/bot.html)"
66.249.67.229 - - [01/Dec/2010:19:40:25 -0800] "GET /vaginacide-error.log HTTP/1.1" 302 360 "-" "Mozilla/5.0 (compatible; Googlebot/2.1; +http://www.google.com/bot.html)"
66.249.67.141 - - [01/Dec/2010:19:40:26 -0800] "GET / HTTP/1.1" 200 6179 "-" "Mozilla/5.0 (compatible; Googlebot/2.1; +http://www.google.com/bot.html)"
93.158.148.31 - - [01/Dec/2010:20:03:27 -0800] "GET /nov2010/terhanian-error.log HTTP/1.1" 200 - "-" "Mozilla/5.0 (compatible; YandexBot/3.0; +http://yandex.com/bots)"
66.249.68.176 - - [01/Dec/2010:20:25:36 -0800] "GET /robots.txt HTTP/1.1" 302 361 "-" "Mozilla/5.0 (compatible; Googlebot/2.1; +http://www.google.com/bot.html)"
66.249.68.176 - - [01/Dec/2010:20:25:36 -0800] "GET /dustinharley-error.log HTTP/1.1" 200 10705 "-" "Mozilla/5.0 (compatible; Googlebot/2.1; +http://www.google.com/bot.html)"
93.158.148.31 - - [01/Dec/2010:20:32:06 -0800] "GET /nov2010/paxnihilo-error.log HTTP/1.1" 200 21130 "-" "Mozilla/5.0 (compatible; YandexBot/3.0; +http://yandex.com/bots)"
93.158.148.31 - - [01/Dec/2010:21:00:46 -0800] "GET /nov2010/paxnihilo-access.log HTTP/1.1" 200 89293 "-" "Mozilla/5.0 (compatible; YandexBot/3.0; +http://yandex.com/bots)"
123.125.71.83 - - [01/Dec/2010:21:09:09 -0800] "GET / HTTP/1.1" 200 6182 "-" "Baiduspider+(+http://www.baidu.com/search/spider.htm)"
66.249.67.229 - - [01/Dec/2010:21:10:41 -0800] "GET /log-error.log HTTP/1.1" 200 72272 "-" "Mozilla/5.0 (compatible; Googlebot/2.1; +http://www.google.com/bot.html)"
67.228.38.250 - - [01/Dec/2010:21:21:16 -0800] "GET / HTTP/1.0" 200 6186 "-" "-"
66.249.67.229 - - [01/Dec/2010:21:55:53 -0800] "GET /nov2010/sharkbomb-access.log HTTP/1.1" 304 - "-" "Mozilla/5.0 (compatible; Googlebot/2.1; +http://www.google.com/bot.html)"
93.158.148.31 - - [01/Dec/2010:21:58:06 -0800] "GET /nov2010/browserbomb-access.log HTTP/1.1" 200 202321 "-" "Mozilla/5.0 (compatible; YandexBot/3.0; +http://yandex.com/bots)"
220.181.108.149 - - [01/Dec/2010:22:12:01 -0800] "GET /robots.txt HTTP/1.1" 302 357 "-" "Baiduspider+(+http://www.baidu.com/search/spider.htm)"
220.181.108.147 - - [01/Dec/2010:22:12:01 -0800] "GET / HTTP/1.1" 200 6179 "-" "Baiduspider+(+http://www.baidu.com/search/spider.htm)"
93.158.148.31 - - [01/Dec/2010:22:26:48 -0800] "GET /nov2010/?C=D;O=A HTTP/1.1" 200 6156 "-" "Mozilla/5.0 (compatible; YandexBot/3.0; +http://yandex.com/bots)"
65.52.49.139 - - [01/Dec/2010:22:33:36 -0800] "GET /robots.txt HTTP/1.1" 302 360 "-" "Mozilla/5.0 (compatible; bingbot/2.0; +http://www.bing.com/bingbot.htm)"
65.52.49.139 - - [01/Dec/2010:22:33:37 -0800] "GET / HTTP/1.1" 200 6179 "-" "Mozilla/5.0 (compatible; bingbot/2.0; +http://www.bing.com/bingbot.htm)"
66.249.67.229 - - [01/Dec/2010:22:41:11 -0800] "GET /robots.txt HTTP/1.1" 302 360 "-" "Mozilla/5.0 (compatible; Googlebot/2.1; +http://www.google.com/bot.html)"
66.249.67.229 - - [01/Dec/2010:22:41:11 -0800] "GET /nov2010/browserbomb-access.log HTTP/1.1" 304 - "-" "Mozilla/5.0 (compatible; Googlebot/2.1; +http://www.google.com/bot.html)"
93.158.148.31 - - [01/Dec/2010:22:55:27 -0800] "GET /nov2010/gorgeworld-error.log HTTP/1.1" 200 148355 "-" "Mozilla/5.0 (compatible; YandexBot/3.0; +http://yandex.com/bots)"
93.158.148.31 - - [01/Dec/2010:23:24:08 -0800] "GET /nov2010/vaginacide-access.log HTTP/1.1" 200 115342 "-" "Mozilla/5.0 (compatible; YandexBot/3.0; +http://yandex.com/bots)"
66.249.67.12 - - [01/Dec/2010:23:26:21 -0800] "GET /robots.txt HTTP/1.1" 302 359 "-" "Mozilla/5.0 (compatible; Googlebot/2.1; +http://www.google.com/bot.html)"
66.249.67.12 - - [01/Dec/2010:23:26:21 -0800] "GET /nov2010/paxnihilo-error.log HTTP/1.1" 304 - "-" "Mozilla/5.0 (compatible; Googlebot/2.1; +http://www.google.com/bot.html)"
64.46.17.148 - - [01/Dec/2010:23:33:23 -0800] "HEAD /sharkbomb-error.log HTTP/1.0" 200 - "http://flashturtle.com" "Mozilla/5.0 (Windows; U; Windows NT 5.1; pl; rv:1.9.1.3) Gecko/20090824 Firefox/3.5.3"
66.249.68.177 - - [02/Dec/2010:00:11:27 -0800] "GET /robots.txt HTTP/1.1" 302 360 "-" "Mozilla/5.0 (compatible; Googlebot/2.1; +http://www.google.com/bot.html)"
