66.249.67.229 - - [27/Nov/2010:07:32:17 -0800] "GET /nov2010/gorgeworld-access.log HTTP/1.1" 304 - "-" "Mozilla/5.0 (compatible; Googlebot/2.1; +http://www.google.com/bot.html)"
220.181.108.175 - - [27/Nov/2010:08:25:17 -0800] "GET / HTTP/1.1" 200 6179 "-" "Baiduspider+(+http://www.baidu.com/search/spider.htm)"
91.201.66.28 - - [27/Nov/2010:08:42:02 -0800] "GET / HTTP/1.0" 200 6181 "http://casinoguideblog.com/" "Mozilla/2.0 (compatible; MSIE 3.02; Windows CE; 240x320)"
91.201.66.28 - - [27/Nov/2010:08:42:05 -0800] "GET / HTTP/1.0" 200 6181 "http://casinoguideblog.com/" "Mozilla/4.0 (compatible; MSIE 5.5; Windows NT 4.0; .NET CLR 1.0.2914)"
91.201.66.28 - - [27/Nov/2010:08:42:06 -0800] "GET / HTTP/1.0" 200 6181 "http://casinoguideblog.com/" "Opera/8.00 (Windows NT 5.1; U; en)"
91.201.66.28 - - [27/Nov/2010:08:42:06 -0800] "GET / HTTP/1.0" 200 6181 "http://casinoguideblog.com/" "Mozilla/4.0 (compatible; MSIE 6.0; Windows NT 5.1; SV1; InfoPath.1)"
91.201.66.28 - - [27/Nov/2010:08:42:07 -0800] "GET / HTTP/1.0" 200 6181 "http://casinoguideblog.com/" "Opera/7.60 (Windows NT 5.2; U) [en] (IBM EVV/3.0/EAK01AG9/LE)"
119.63.198.48 - - [27/Nov/2010:09:05:45 -0800] "GET /robots.txt HTTP/1.1" 302 360 "-" "Baiduspider+(+http://www.baidu.com/search/spider.htm)"
119.63.198.52 - - [27/Nov/2010:09:05:45 -0800] "GET / HTTP/1.1" 200 6179 "-" "Baiduspider+(+http://www.baidu.com/search/spider.htm)"
66.249.67.141 - - [27/Nov/2010:10:15:23 -0800] "GET /robots.txt HTTP/1.1" 302 357 "-" "Mozilla/5.0 (compatible; Googlebot/2.1; +http://www.google.com/bot.html)"
66.249.67.141 - - [27/Nov/2010:10:15:23 -0800] "GET / HTTP/1.1" 200 6179 "-" "Mozilla/5.0 (compatible; Googlebot/2.1; +http://www.google.com/bot.html)"
66.249.67.141 - - [27/Nov/2010:10:15:23 -0800] "GET /nov2010/clownjuice-error.log HTTP/1.1" 304 - "-" "Mozilla/5.0 (compatible; Googlebot/2.1; +http://www.google.com/bot.html)"
220.181.108.176 - - [27/Nov/2010:10:25:07 -0800] "GET / HTTP/1.1" 200 6179 "-" "Baiduspider+(+http://www.baidu.com/search/spider.htm)"
218.146.252.33 - - [27/Nov/2010:11:05:11 -0800] "GET /log-access.log//index.php?option=com_fabrik&controller=../../../../../../../../../../../../../../../../../../../../../../../..//proc/self/environ%0000 HTTP/1.1" 302 360 "-" "Mozilla/5.0 (Windows; U; Windows NT 5.1; en-US; rv:1.9.2) Gecko/20100115 Firefox/3.6"
218.146.252.33 - - [27/Nov/2010:11:05:12 -0800] "GET / HTTP/1.1" 200 6179 "-" "Mozilla/5.0 (Windows; U; Windows NT 5.1; en-US; rv:1.9.2) Gecko/20100115 Firefox/3.6"
218.146.252.33 - - [27/Nov/2010:11:05:13 -0800] "GET //index.php?option=com_fabrik&controller=../../../../../../../../../../../../../../../../../../../../../../../..//proc/self/environ%0000 HTTP/1.1" 302 360 "-" "Mozilla/5.0 (Windows; U; Windows NT 5.1; en-US; rv:1.9.2) Gecko/20100115 Firefox/3.6"
218.146.252.33 - - [27/Nov/2010:11:05:13 -0800] "GET / HTTP/1.1" 200 6179 "-" "Mozilla/5.0 (Windows; U; Windows NT 5.1; en-US; rv:1.9.2) Gecko/20100115 Firefox/3.6"
80.136.47.142 - - [27/Nov/2010:11:13:55 -0800] "GET /log-error.log HTTP/1.1" 200 46449 "-" "Mozilla/5.0 (Windows; U; Windows NT 5.1; de; rv:1.8.1.11) Gecko/20071127 Firefox/2.0.0.11"
208.80.194.26 - - [27/Nov/2010:11:40:04 -0800] "GET / HTTP/1.0" 200 6182 "-" "Mozilla/4.0 (compatible; MSIE 6.0; Windows NT 5.1; SV1; .NET CLR 1.1.4322; SiteKiosk 6.0 Build 98)"
66.249.67.12 - - [27/Nov/2010:11:55:38 -0800] "GET /robots.txt HTTP/1.1" 302 359 "-" "Mozilla/5.0 (compatible; Googlebot/2.1; +http://www.google.com/bot.html)"
66.249.67.12 - - [27/Nov/2010:11:55:38 -0800] "GET /jasoncmartin-error.log HTTP/1.1" 200 6510 "-" "Mozilla/5.0 (compatible; Googlebot/2.1; +http://www.google.com/bot.html)"
91.201.66.28 - - [27/Nov/2010:12:21:47 -0800] "GET / HTTP/1.0" 200 6181 "http://casinoguideblog.com/" "Mozilla/4.0 (compatible; MSIE 6.0; Windows NT 5.1)"
91.201.66.28 - - [27/Nov/2010:12:21:48 -0800] "GET / HTTP/1.0" 200 6181 "http://casinoguideblog.com/" "Mozilla/4.0 (compatible; MSIE 6.0; Windows NT 5.1; SV1)"
91.201.66.28 - - [27/Nov/2010:12:21:49 -0800] "GET / HTTP/1.0" 200 6181 "http://casinoguideblog.com/" "Mozilla/4.0 (compatible; MSIE 6.0; Windows NT 5.1; Deepnet Explorer 1.5.0; .NET CLR 1.0.3705)"
91.201.66.28 - - [27/Nov/2010:12:21:49 -0800] "GET / HTTP/1.0" 200 6181 "http://casinoguideblog.com/" "Mozilla/4.0 (compatible; MSIE 6.0; Windows NT 5.0; Avant Browser [avantbrowser.com]; Hotbar 4.4.5.0)"
91.201.66.28 - - [27/Nov/2010:12:21:49 -0800] "GET / HTTP/1.0" 200 6181 "http://casinoguideblog.com/" "Mozilla/4.0 (compatible; MSIE 6.0; Windows NT 5.1; SV1; FunWebProducts)"
66.249.67.12 - - [27/Nov/2010:12:49:17 -0800] "GET /2girls4lokos-access.log HTTP/1.1" 200 60230 "-" "Mozilla/5.0 (compatible; Googlebot/2.1; +http://www.google.com/bot.html)"
61.160.201.10 - - [27/Nov/2010:13:05:34 -0800] "HEAD / HTTP/1.0" 200 - "-" "-"
220.181.108.172 - - [27/Nov/2010:13:16:30 -0800] "GET / HTTP/1.1" 200 6182 "-" "Baiduspider+(+http://www.baidu.com/search/spider.htm)"
87.231.248.252 - - [27/Nov/2010:14:37:33 -0800] "GET /browserbomb-access.log HTTP/1.0" 200 4098 "-" "Mozilla/5.0 (compatible; Googlebot/2.1; +http://www.google.com/bot.html)"
66.249.67.141 - - [27/Nov/2010:14:42:54 -0800] "GET /nov2010/clownjuice-error.log HTTP/1.1" 304 - "-" "Mozilla/5.0 (compatible; Googlebot/2.1; +http://www.google.com/bot.html)"
207.46.199.178 - - [27/Nov/2010:14:50:22 -0800] "GET /robots.txt HTTP/1.1" 302 360 "-" "Mozilla/5.0 (compatible; bingbot/2.0; +http://www.bing.com/bingbot.htm)"
207.46.199.178 - - [27/Nov/2010:14:50:22 -0800] "GET / HTTP/1.1" 200 6179 "-" "Mozilla/5.0 (compatible; bingbot/2.0; +http://www.bing.com/bingbot.htm)"
207.189.121.45 - - [27/Nov/2010:15:05:32 -0800] "GET / HTTP/1.1" 200 6179 "-" "Mozilla/5.0 (X11; U; Linux i686 (x86_64); en-US; rv:1.8.0.1) Gecko/20060124 Firefox/1.5.0.1"
207.189.121.45 - - [27/Nov/2010:15:05:33 -0800] "GET /paxnihilo-access.log HTTP/1.1" 200 2151 "http://log.sharkbomb.com/" "Mozilla/5.0 (X11; U; Linux i686 (x86_64); en-US; rv:1.8.0.1) Gecko/20060124 Firefox/1.5.0.1"
207.189.121.45 - - [27/Nov/2010:15:05:33 -0800] "GET /?C=N HTTP/1.1" 200 6179 "http://log.sharkbomb.com/" "Mozilla/5.0 (X11; U; Linux i686 (x86_64); en-US; rv:1.8.0.1) Gecko/20060124 Firefox/1.5.0.1"
207.189.121.45 - - [27/Nov/2010:15:05:35 -0800] "GET /browserbomb-access.log HTTP/1.1" 200 4098 "http://log.sharkbomb.com/" "Mozilla/5.0 (X11; U; Linux i686 (x86_64); en-US; rv:1.8.0.1) Gecko/20060124 Firefox/1.5.0.1"
207.189.121.45 - - [27/Nov/2010:15:05:30 -0800] "GET /log-error.log HTTP/1.1" 200 46789 "-" "Mozilla/5.0 (X11; U; Linux i686 (x86_64); en-US; rv:1.8.0.1) Gecko/20060124 Firefox/1.5.0.1"
207.189.121.45 - - [27/Nov/2010:15:05:44 -0800] "GET /plugins/editors/tinymce/jscripts/tiny_mce/plugins/tinybrowser/tinybrowser.php?type=file&folder=" 302 357 "-" "-"
207.189.121.45 - - [27/Nov/2010:15:05:44 -0800] "GET /nov2010/" 200 6153 "-" "-"
207.189.121.45 - - [27/Nov/2010:15:05:44 -0800] "GET /" 200 6179 "-" "-"
207.189.121.45 - - [27/Nov/2010:15:05:45 -0800] "GET /plugins/editors/tinymce/jscripts/tiny_mce/plugins/tinybrowser/tinybrowser.php?type=file&folder=" 302 357 "-" "-"
207.189.121.45 - - [27/Nov/2010:15:05:45 -0800] "GET /" 200 6179 "-" "-"
207.189.121.45 - - [27/Nov/2010:15:05:45 -0800] "GET /plugins/editors/tinymce/jscripts/tiny_mce/plugins/tinybrowser/tinybrowser.php?type=file&folder=" 302 357 "-" "-"
207.189.121.45 - - [27/Nov/2010:15:06:13 -0800] "GET /evilfuckers-access.log HTTP/1.1" 200 28585 "http://log.sharkbomb.com/" "Mozilla/5.0 (X11; U; Linux i686 (x86_64); en-US; rv:1.8.0.1) Gecko/20060124 Firefox/1.5.0.1"
207.189.121.45 - - [27/Nov/2010:15:06:14 -0800] "GET /dustinharley-error.log HTTP/1.1" 200 7620 "http://log.sharkbomb.com/" "Mozilla/5.0 (X11; U; Linux i686 (x86_64); en-US; rv:1.8.0.1) Gecko/20060124 Firefox/1.5.0.1"
207.189.121.45 - - [27/Nov/2010:15:06:15 -0800] "GET /terhanian-access.log HTTP/1.1" 200 - "http://log.sharkbomb.com/" "Mozilla/5.0 (X11; U; Linux i686 (x86_64); en-US; rv:1.8.0.1) Gecko/20060124 Firefox/1.5.0.1"
207.189.121.45 - - [27/Nov/2010:15:06:15 -0800] "GET /terhanian-error.log HTTP/1.1" 200 - "http://log.sharkbomb.com/" "Mozilla/5.0 (X11; U; Linux i686 (x86_64); en-US; rv:1.8.0.1) Gecko/20060124 Firefox/1.5.0.1"
207.189.121.45 - - [27/Nov/2010:15:06:15 -0800] "GET /jasoncmartin-access.log HTTP/1.1" 200 23044 "http://log.sharkbomb.com/" "Mozilla/5.0 (X11; U; Linux i686 (x86_64); en-US; rv:1.8.0.1) Gecko/20060124 Firefox/1.5.0.1"
207.189.121.45 - - [27/Nov/2010:15:06:39 -0800] "GET /?C=S HTTP/1.1" 200 6179 "http://log.sharkbomb.com/" "Mozilla/5.0 (X11; U; Linux i686 (x86_64); en-US; rv:1.8.0.1) Gecko/20060124 Firefox/1.5.0.1"
207.189.121.46 - - [27/Nov/2010:15:07:26 -0800] "GET / HTTP/1.1" 200 6179 "-" "Mozilla/5.0 (X11; U; Linux i686 (x86_64); en-US; rv:1.8.0.1) Gecko/20060124 Firefox/1.5.0.1"
207.189.121.46 - - [27/Nov/2010:15:07:26 -0800] "GET / HTTP/1.1" 200 6179 "-" "Nokia6820/2.0 (4.83) Profile/MIDP-1.0 Configuration/CLDC-1.0"
207.189.121.46 - - [27/Nov/2010:15:07:28 -0800] "GET /ferality-error.log HTTP/1.1" 200 2716 "http://log.sharkbomb.com/" "Mozilla/5.0 (X11; U; Linux i686 (x86_64); en-US; rv:1.8.0.1) Gecko/20060124 Firefox/1.5.0.1"
207.189.121.46 - - [27/Nov/2010:15:07:28 -0800] "GET /?C=S HTTP/1.1" 200 6179 "http://log.sharkbomb.com/" "Mozilla/5.0 (X11; U; Linux i686 (x86_64); en-US; rv:1.8.0.1) Gecko/20060124 Firefox/1.5.0.1"
207.189.121.46 - - [27/Nov/2010:15:07:27 -0800] "GET /log-error.log HTTP/1.1" 200 47092 "-" "Nokia6820/2.0 (4.83) Profile/MIDP-1.0 Configuration/CLDC-1.0"
207.189.121.46 - - [27/Nov/2010:15:07:29 -0800] "GET /ferality-error.log HTTP/1.1" 200 2716 "http://log.sharkbomb.com/" "Nokia6820/2.0 (4.83) Profile/MIDP-1.0 Configuration/CLDC-1.0"
207.189.121.46 - - [27/Nov/2010:15:07:29 -0800] "GET /dustinharley-error.log HTTP/1.1" 200 7620 "http://log.sharkbomb.com/" "Nokia6820/2.0 (4.83) Profile/MIDP-1.0 Configuration/CLDC-1.0"
207.189.121.46 - - [27/Nov/2010:15:07:30 -0800] "GET /sharkbomb-access.log HTTP/1.1" 200 43011 "http://log.sharkbomb.com/" "Nokia6820/2.0 (4.83) Profile/MIDP-1.0 Configuration/CLDC-1.0"
207.189.121.46 - - [27/Nov/2010:15:07:29 -0800] "GET /sharkbomb-access.log HTTP/1.1" 200 43011 "http://log.sharkbomb.com/" "Mozilla/5.0 (X11; U; Linux i686 (x86_64); en-US; rv:1.8.0.1) Gecko/20060124 Firefox/1.5.0.1"
207.189.121.46 - - [27/Nov/2010:15:07:29 -0800] "GET /log-error.log HTTP/1.1" 200 47092 "-" "Mozilla/5.0 (X11; U; Linux i686 (x86_64); en-US; rv:1.8.0.1) Gecko/20060124 Firefox/1.5.0.1"
207.189.121.46 - - [27/Nov/2010:15:08:02 -0800] "GET /dustinharley-error.log HTTP/1.1" 200 7620 "http://log.sharkbomb.com/" "Mozilla/5.0 (X11; U; Linux i686 (x86_64); en-US; rv:1.8.0.1) Gecko/20060124 Firefox/1.5.0.1"
207.189.121.46 - - [27/Nov/2010:15:08:02 -0800] "GET /paxnihilo-error.log HTTP/1.1" 200 437 "http://log.sharkbomb.com/" "Mozilla/5.0 (X11; U; Linux i686 (x86_64); en-US; rv:1.8.0.1) Gecko/20060124 Firefox/1.5.0.1"
207.189.121.46 - - [27/Nov/2010:15:08:10 -0800] "GET /plugins/editors/tinymce/jscripts/tiny_mce/plugins/tinybrowser/tinybrowser.php?type=file&folder=" 302 357 "-" "-"
207.189.121.46 - - [27/Nov/2010:15:08:17 -0800] "GET /?C=S HTTP/1.1" 200 6179 "http://log.sharkbomb.com/" "Nokia6820/2.0 (4.83) Profile/MIDP-1.0 Configuration/CLDC-1.0"
207.189.121.46 - - [27/Nov/2010:15:08:18 -0800] "GET /paxnihilo-error.log HTTP/1.1" 200 437 "http://log.sharkbomb.com/" "Nokia6820/2.0 (4.83) Profile/MIDP-1.0 Configuration/CLDC-1.0"
207.189.121.46 - - [27/Nov/2010:15:08:18 -0800] "GET /plugins/editors/tinymce/jscripts/tiny_mce/plugins/tinybrowser/tinybrowser.php?type=file&folder=" 302 357 "-" "-"
207.189.121.46 - - [27/Nov/2010:15:08:18 -0800] "GET /nov2010/" 200 6153 "-" "-"
207.189.121.46 - - [27/Nov/2010:15:08:18 -0800] "GET /plugins/editors/tinymce/jscripts/tiny_mce/plugins/tinybrowser/tinybrowser.php?type=file&folder=" 302 357 "-" "-"
207.189.121.46 - - [27/Nov/2010:15:08:18 -0800] "GET /plugins/editors/tinymce/jscripts/tiny_mce/plugins/tinybrowser/tinybrowser.php?type=file&folder=" 302 357 "-" "-"
207.189.121.46 - - [27/Nov/2010:15:08:18 -0800] "GET /nov2010/" 200 6153 "-" "-"
207.189.121.46 - - [27/Nov/2010:15:08:21 -0800] "GET /" 200 6179 "-" "-"
207.189.121.46 - - [27/Nov/2010:15:08:23 -0800] "GET /" 200 6179 "-" "-"
207.189.121.46 - - [27/Nov/2010:15:08:25 -0800] "GET /" 200 6179 "-" "-"
207.189.121.46 - - [27/Nov/2010:15:09:02 -0800] "GET /" 200 6179 "-" "-"
220.181.108.173 - - [27/Nov/2010:15:25:38 -0800] "GET / HTTP/1.1" 200 6179 "-" "Baiduspider+(+http://www.baidu.com/search/spider.htm)"
66.249.67.229 - - [27/Nov/2010:16:19:54 -0800] "GET /robots.txt HTTP/1.1" 302 360 "-" "Mozilla/5.0 (compatible; Googlebot/2.1; +http://www.google.com/bot.html)"
66.249.67.229 - - [27/Nov/2010:16:19:54 -0800] "GET /log-access.log HTTP/1.1" 200 262412 "-" "Mozilla/5.0 (compatible; Googlebot/2.1; +http://www.google.com/bot.html)"
194.72.238.61 - - [27/Nov/2010:17:07:21 -0800] "HEAD / HTTP/1.1" 200 - "http://www.netcraft.com/survey/" "Mozilla/4.0 (compatible; Netcraft Web Server Survey)"
66.249.67.229 - - [27/Nov/2010:17:14:50 -0800] "GET /nov2010/gorgeworld-access.log HTTP/1.1" 304 - "-" "Mozilla/5.0 (compatible; Googlebot/2.1; +http://www.google.com/bot.html)"
66.249.68.176 - - [27/Nov/2010:18:12:32 -0800] "GET /robots.txt HTTP/1.1" 302 361 "-" "Mozilla/5.0 (compatible; Googlebot/2.1; +http://www.google.com/bot.html)"
66.249.68.176 - - [27/Nov/2010:18:12:32 -0800] "GET /2girls4lokos-error.log HTTP/1.1" 200 14035 "-" "Mozilla/5.0 (compatible; Googlebot/2.1; +http://www.google.com/bot.html)"
220.181.108.169 - - [27/Nov/2010:18:17:01 -0800] "GET / HTTP/1.1" 200 6182 "-" "Baiduspider+(+http://www.baidu.com/search/spider.htm)"
220.181.108.144 - - [27/Nov/2010:18:57:14 -0800] "GET /robots.txt HTTP/1.1" 302 357 "-" "Baiduspider+(+http://www.baidu.com/search/spider.htm)"
220.181.108.139 - - [27/Nov/2010:18:57:15 -0800] "GET / HTTP/1.1" 200 6179 "-" "Baiduspider+(+http://www.baidu.com/search/spider.htm)"
66.249.67.229 - - [27/Nov/2010:19:24:19 -0800] "GET /sharkbomb-access.log HTTP/1.1" 200 43476 "-" "Mozilla/5.0 (compatible; Googlebot/2.1; +http://www.google.com/bot.html)"
123.125.71.78 - - [27/Nov/2010:19:50:48 -0800] "GET / HTTP/1.1" 200 6182 "-" "Baiduspider+(+http://www.baidu.com/search/spider.htm)"
66.249.67.229 - - [27/Nov/2010:20:07:49 -0800] "GET /2girls4lokos-access.log HTTP/1.1" 200 61299 "-" "Mozilla/5.0 (compatible; Googlebot/2.1; +http://www.google.com/bot.html)"
67.195.114.28 - - [27/Nov/2010:20:40:46 -0800] "GET /robots.txt HTTP/1.0" 302 360 "-" "Mozilla/5.0 (compatible; Yahoo! Slurp; http://help.yahoo.com/help/us/ysearch/slurp)"
67.195.114.28 - - [27/Nov/2010:20:40:47 -0800] "GET / HTTP/1.0" 200 6179 "-" "Mozilla/5.0 (compatible; Yahoo! Slurp; http://help.yahoo.com/help/us/ysearch/slurp)"
67.195.114.28 - - [27/Nov/2010:20:40:48 -0800] "GET /log-error.log HTTP/1.0" 200 47910 "-" "Mozilla/5.0 (compatible; Yahoo! Slurp; http://help.yahoo.com/help/us/ysearch/slurp)"
117.53.96.161 - - [27/Nov/2010:20:52:58 -0800] "HEAD / HTTP/1.0" 200 - "http://www.unusualdischarge.com" "Mozilla/4.0 (compatible; MSIE 5.01; Windows NT 5.0)"
220.181.108.149 - - [27/Nov/2010:21:03:37 -0800] "GET /robots.txt HTTP/1.1" 302 360 "-" "Baiduspider+(+http://www.baidu.com/search/spider.htm)"
220.181.108.149 - - [27/Nov/2010:21:03:38 -0800] "GET / HTTP/1.1" 200 6179 "-" "Baiduspider+(+http://www.baidu.com/search/spider.htm)"
218.146.252.33 - - [27/Nov/2010:21:04:56 -0800] "GET /log-access.log//index.php?option=com_fabrik&controller=../../../../../../../../../../../../../../../../../../../../../../../..//proc/self/environ%0000 HTTP/1.1" 302 360 "-" "Mozilla/5.0 (Windows; U; Windows NT 5.1; en-US; rv:1.9.2) Gecko/20100115 Firefox/3.6"
218.146.252.33 - - [27/Nov/2010:21:04:57 -0800] "GET / HTTP/1.1" 200 6179 "-" "Mozilla/5.0 (Windows; U; Windows NT 5.1; en-US; rv:1.9.2) Gecko/20100115 Firefox/3.6"
218.146.252.33 - - [27/Nov/2010:21:04:58 -0800] "GET //index.php?option=com_fabrik&controller=../../../../../../../../../../../../../../../../../../../../../../../..//proc/self/environ%0000 HTTP/1.1" 302 360 "-" "Mozilla/5.0 (Windows; U; Windows NT 5.1; en-US; rv:1.9.2) Gecko/20100115 Firefox/3.6"
218.146.252.33 - - [27/Nov/2010:21:04:58 -0800] "GET / HTTP/1.1" 200 6179 "-" "Mozilla/5.0 (Windows; U; Windows NT 5.1; en-US; rv:1.9.2) Gecko/20100115 Firefox/3.6"
66.249.68.176 - - [27/Nov/2010:21:05:23 -0800] "GET /nov2010/ HTTP/1.1" 200 6157 "-" "Mozilla/5.0 (compatible; Googlebot/2.1; +http://www.google.com/bot.html)"
66.249.67.229 - - [27/Nov/2010:21:05:46 -0800] "GET /orbsucks-access.log HTTP/1.1" 200 - "-" "Mozilla/5.0 (compatible; Googlebot/2.1; +http://www.google.com/bot.html)"
66.249.67.229 - - [27/Nov/2010:22:03:00 -0800] "GET /2girls4lokos-error.log HTTP/1.1" 200 14259 "-" "Mozilla/5.0 (compatible; Googlebot/2.1; +http://www.google.com/bot.html)"
220.181.108.175 - - [27/Nov/2010:22:26:00 -0800] "GET / HTTP/1.1" 200 6179 "-" "Baiduspider+(+http://www.baidu.com/search/spider.htm)"
66.249.67.229 - - [27/Nov/2010:22:51:37 -0800] "GET /robots.txt HTTP/1.1" 302 360 "-" "Mozilla/5.0 (compatible; Googlebot/2.1; +http://www.google.com/bot.html)"
66.249.67.229 - - [27/Nov/2010:22:51:37 -0800] "GET /ferality-access.log HTTP/1.1" 200 55105 "-" "Mozilla/5.0 (compatible; Googlebot/2.1; +http://www.google.com/bot.html)"
66.249.67.229 - - [27/Nov/2010:23:00:44 -0800] "GET /nov2010/log-access.log HTTP/1.1" 304 - "-" "Mozilla/5.0 (compatible; Googlebot/2.1; +http://www.google.com/bot.html)"
66.249.68.176 - - [27/Nov/2010:23:58:09 -0800] "GET /log-error.log HTTP/1.1" 200 48355 "-" "Mozilla/5.0 (compatible; Googlebot/2.1; +http://www.google.com/bot.html)"
66.249.67.229 - - [28/Nov/2010:00:36:57 -0800] "GET /ferality-error.log HTTP/1.1" 200 3041 "-" "Mozilla/5.0 (compatible; Googlebot/2.1; +http://www.google.com/bot.html)"
66.249.68.38 - - [28/Nov/2010:00:55:47 -0800] "GET /robots.txt HTTP/1.1" 302 364 "-" "Mozilla/5.0 (compatible; Googlebot/2.1; +http://www.google.com/bot.html)"
66.249.68.38 - - [28/Nov/2010:00:55:47 -0800] "GET /vaginacide-access.log HTTP/1.1" 302 364 "-" "Mozilla/5.0 (compatible; Googlebot/2.1; +http://www.google.com/bot.html)"
66.249.67.141 - - [28/Nov/2010:00:55:48 -0800] "GET / HTTP/1.1" 200 6179 "-" "Mozilla/5.0 (compatible; Googlebot/2.1; +http://www.google.com/bot.html)"
220.181.108.177 - - [28/Nov/2010:01:16:29 -0800] "GET / HTTP/1.1" 200 6182 "-" "Baiduspider+(+http://www.baidu.com/search/spider.htm)"
66.249.67.12 - - [28/Nov/2010:01:53:42 -0800] "GET /robots.txt HTTP/1.1" 302 359 "-" "Mozilla/5.0 (compatible; Googlebot/2.1; +http://www.google.com/bot.html)"
66.249.67.12 - - [28/Nov/2010:01:53:42 -0800] "GET / HTTP/1.1" 200 6181 "-" "Mozilla/5.0 (compatible; Googlebot/2.1; +http://www.google.com/bot.html)"
66.249.68.176 - - [28/Nov/2010:02:22:07 -0800] "GET /robots.txt HTTP/1.1" 302 361 "-" "Mozilla/5.0 (compatible; Googlebot/2.1; +http://www.google.com/bot.html)"
66.249.68.176 - - [28/Nov/2010:02:22:08 -0800] "GET /dustinharley-error.log HTTP/1.1" 200 8244 "-" "Mozilla/5.0 (compatible; Googlebot/2.1; +http://www.google.com/bot.html)"
66.249.67.12 - - [28/Nov/2010:02:51:18 -0800] "GET /dustinharley-access.log HTTP/1.1" 200 49865 "-" "Mozilla/5.0 (compatible; Googlebot/2.1; +http://www.google.com/bot.html)"
88.131.106.22 - - [28/Nov/2010:02:52:26 -0800] "GET /robots.txt HTTP/1.0" 302 360 "-" "Mozilla/5.0 (Windows; U; Windows NT 5.1; en-US) Speedy Spider (http://www.entireweb.com/about/search_tech/speedy_spider/)"
88.131.106.22 - - [28/Nov/2010:02:52:30 -0800] "GET / HTTP/1.0" 200 6182 "-" "Mozilla/5.0 (Windows; U; Windows NT 5.1; en-US) Speedy Spider (http://www.entireweb.com/about/search_tech/speedy_spider/)"
220.181.108.167 - - [28/Nov/2010:03:26:20 -0800] "GET / HTTP/1.1" 200 6179 "-" "Baiduspider+(+http://www.baidu.com/search/spider.htm)"
66.249.67.141 - - [28/Nov/2010:03:48:39 -0800] "GET /2girls4lokos-error.log HTTP/1.1" 200 14371 "-" "Mozilla/5.0 (compatible; Googlebot/2.1; +http://www.google.com/bot.html)"
80.179.202.71 - - [28/Nov/2010:04:04:14 -0800] "GET /log-error.log HTTP/1.1" 200 49012 "http://www.google.co.il/search?q=script+%27index.php%27+not+found+or+unable+to+stat&hl=en&client=firefox-a&hs=Wfh&rls=org.mozilla:en-US:official&prmd=fd&ei=6lLyTNSAA4zKswaiq-2LCw&start=20&sa=N" "Mozilla/5.0 (X11; U; Linux x86_64; en-US; rv:1.9.2.12) Gecko/20101027 Firefox/3.6.12"
80.179.202.71 - - [28/Nov/2010:04:04:17 -0800] "GET /favicon.ico HTTP/1.1" 302 361 "-" "Mozilla/5.0 (X11; U; Linux x86_64; en-US; rv:1.9.2.12) Gecko/20101027 Firefox/3.6.12"
80.179.202.71 - - [28/Nov/2010:04:04:20 -0800] "GET /favicon.ico HTTP/1.1" 302 361 "-" "Mozilla/5.0 (X11; U; Linux x86_64; en-US; rv:1.9.2.12) Gecko/20101027 Firefox/3.6.12"
80.179.202.71 - - [28/Nov/2010:04:04:22 -0800] "GET / HTTP/1.1" 200 6179 "-" "Mozilla/5.0 (X11; U; Linux x86_64; en-US; rv:1.9.2.12) Gecko/20101027 Firefox/3.6.12"
80.179.202.71 - - [28/Nov/2010:04:04:34 -0800] "GET / HTTP/1.1" 200 6179 "-" "Mozilla/5.0 (X11; U; Linux x86_64; en-US; rv:1.9.2.12) Gecko/20101027 Firefox/3.6.12"
66.249.68.176 - - [28/Nov/2010:04:08:04 -0800] "GET /jasoncmartin-access.log HTTP/1.1" 200 30788 "-" "Mozilla/5.0 (compatible; Googlebot/2.1; +http://www.google.com/bot.html)"
66.249.68.177 - - [28/Nov/2010:04:46:29 -0800] "GET /robots.txt HTTP/1.1" 302 360 "-" "Mozilla/5.0 (compatible; Googlebot/2.1; +http://www.google.com/bot.html)"
66.249.68.177 - - [28/Nov/2010:04:46:30 -0800] "GET /evilfuckers-access.log HTTP/1.1" 200 30240 "-" "Mozilla/5.0 (compatible; Googlebot/2.1; +http://www.google.com/bot.html)"
66.249.67.146 - - [28/Nov/2010:05:44:16 -0800] "GET /robots.txt HTTP/1.1" 302 359 "-" "Mozilla/5.0 (compatible; Googlebot/2.1; +http://www.google.com/bot.html)"
66.249.67.146 - - [28/Nov/2010:05:44:16 -0800] "GET /ferality-access.log HTTP/1.1" 200 55818 "-" "Mozilla/5.0 (compatible; Googlebot/2.1; +http://www.google.com/bot.html)"
174.37.61.43 - - [28/Nov/2010:05:47:08 -0800] "GET /log-access.log//?option=com_gcalendar&controller=./../../../../../../../../etc/passwd%00 HTTP/1.1" 302 360 "-" "-"
174.37.61.43 - - [28/Nov/2010:05:47:08 -0800] "GET / HTTP/1.1" 200 6179 "-" "-"
174.37.61.43 - - [28/Nov/2010:05:47:08 -0800] "GET /log-access.log//?option=com_gcalendar&controller=./../../../../../../../../etc/passwd HTTP/1.1" 302 360 "-" "-"
174.37.61.43 - - [28/Nov/2010:05:47:08 -0800] "GET / HTTP/1.1" 200 6179 "-" "-"
174.37.61.43 - - [28/Nov/2010:05:47:09 -0800] "GET //?option=com_gcalendar&controller=./../../../../../../../../etc/passwd%00 HTTP/1.1" 200 6182 "-" "-"
174.37.61.43 - - [28/Nov/2010:05:47:09 -0800] "GET //?option=com_gcalendar&controller=./../../../../../../../../etc/passwd HTTP/1.1" 200 6182 "-" "-"
66.249.68.176 - - [28/Nov/2010:05:53:32 -0800] "GET /sharkbomb-error.log HTTP/1.1" 200 4490 "-" "Mozilla/5.0 (compatible; Googlebot/2.1; +http://www.google.com/bot.html)"
220.181.108.171 - - [28/Nov/2010:06:17:50 -0800] "GET / HTTP/1.1" 200 6182 "-" "Baiduspider+(+http://www.baidu.com/search/spider.htm)"
66.249.67.12 - - [28/Nov/2010:06:41:56 -0800] "GET /2girls4lokos-error.log HTTP/1.1" 200 14708 "-" "Mozilla/5.0 (compatible; Googlebot/2.1; +http://www.google.com/bot.html)"
66.249.68.176 - - [28/Nov/2010:07:38:29 -0800] "GET /jasoncmartin-error.log HTTP/1.1" 200 11331 "-" "Mozilla/5.0 (compatible; Googlebot/2.1; +http://www.google.com/bot.html)"
66.249.68.176 - - [28/Nov/2010:07:39:08 -0800] "GET /nov2010/sharkbomb-access.log HTTP/1.1" 304 - "-" "Mozilla/5.0 (compatible; Googlebot/2.1; +http://www.google.com/bot.html)"
65.52.108.14 - - [28/Nov/2010:08:08:47 -0800] "GET /robots.txt HTTP/1.1" 302 360 "-" "Mozilla/5.0 (compatible; bingbot/2.0; +http://www.bing.com/bingbot.htm)"
65.52.108.14 - - [28/Nov/2010:08:08:47 -0800] "GET / HTTP/1.1" 200 6179 "-" "Mozilla/5.0 (compatible; bingbot/2.0; +http://www.bing.com/bingbot.htm)"
65.52.108.14 - - [28/Nov/2010:08:12:14 -0800] "GET /ferality-error.log HTTP/1.1" 200 3257 "-" "Mozilla/5.0 (compatible; bingbot/2.0; +http://www.bing.com/bingbot.htm)"
66.249.68.177 - - [28/Nov/2010:08:37:10 -0800] "GET /2girls4lokos-access.log HTTP/1.1" 200 64764 "-" "Mozilla/5.0 (compatible; Googlebot/2.1; +http://www.google.com/bot.html)"
119.63.198.8 - - [28/Nov/2010:09:20:34 -0800] "GET /robots.txt HTTP/1.1" 302 360 "-" "Baiduspider+(+http://www.baidu.com/search/spider.htm)"
66.249.68.176 - - [28/Nov/2010:09:24:15 -0800] "GET /robots.txt HTTP/1.1" 302 361 "-" "Mozilla/5.0 (compatible; Googlebot/2.1; +http://www.google.com/bot.html)"
66.249.68.176 - - [28/Nov/2010:09:24:15 -0800] "GET /ferality-error.log HTTP/1.1" 200 3257 "-" "Mozilla/5.0 (compatible; Googlebot/2.1; +http://www.google.com/bot.html)"
66.249.67.141 - - [28/Nov/2010:09:34:18 -0800] "GET /robots.txt HTTP/1.1" 302 357 "-" "Mozilla/5.0 (compatible; Googlebot/2.1; +http://www.google.com/bot.html)"
66.249.67.141 - - [28/Nov/2010:09:34:18 -0800] "GET / HTTP/1.1" 200 6179 "-" "Mozilla/5.0 (compatible; Googlebot/2.1; +http://www.google.com/bot.html)"
66.249.67.141 - - [28/Nov/2010:09:34:18 -0800] "GET /jasoncmartin-error.log HTTP/1.1" 200 12642 "-" "Mozilla/5.0 (compatible; Googlebot/2.1; +http://www.google.com/bot.html)"
89.13.170.32 - - [28/Nov/2010:10:29:18 -0800] "GET /log-error.log HTTP/1.1" 200 50319 "-" "Mozilla/5.0 (Windows; U; Windows NT 5.1; de; rv:1.8.1.11) Gecko/20071127 Firefox/2.0.0.11"
66.249.67.141 - - [28/Nov/2010:10:32:43 -0800] "GET /nov2010/paxnihilo-error.log HTTP/1.1" 304 - "-" "Mozilla/5.0 (compatible; Googlebot/2.1; +http://www.google.com/bot.html)"
66.249.68.176 - - [28/Nov/2010:11:09:37 -0800] "GET /sharkbomb-access.log HTTP/1.1" 200 45937 "-" "Mozilla/5.0 (compatible; Googlebot/2.1; +http://www.google.com/bot.html)"
67.195.114.28 - - [28/Nov/2010:11:26:22 -0800] "GET /robots.txt HTTP/1.0" 302 360 "-" "Mozilla/5.0 (compatible; Yahoo! Slurp; http://help.yahoo.com/help/us/ysearch/slurp)"
67.195.114.28 - - [28/Nov/2010:11:26:23 -0800] "GET / HTTP/1.0" 200 6179 "-" "Mozilla/5.0 (compatible; Yahoo! Slurp; http://help.yahoo.com/help/us/ysearch/slurp)"
67.195.114.28 - - [28/Nov/2010:11:26:23 -0800] "GET /jasoncmartin-access.log HTTP/1.0" 200 36443 "-" "Mozilla/5.0 (compatible; Yahoo! Slurp; http://help.yahoo.com/help/us/ysearch/slurp)"
119.63.198.48 - - [28/Nov/2010:11:28:42 -0800] "GET /robots.txt HTTP/1.1" 302 357 "-" "Baiduspider+(+http://www.baidu.com/search/spider.htm)"
119.63.198.51 - - [28/Nov/2010:11:28:43 -0800] "GET / HTTP/1.1" 200 6179 "-" "Baiduspider+(+http://www.baidu.com/search/spider.htm)"
80.138.155.123 - - [28/Nov/2010:12:06:31 -0800] "GET /dustinharley-error.log HTTP/1.1" 200 8356 "-" "Mozilla/4.0 (compatible; MSIE 7.0; Windows NT 5.1; .NET CLR 1.1.4322; FDM; .NET CLR 2.0.50727)"
66.249.68.176 - - [28/Nov/2010:12:27:57 -0800] "GET /nov2010/browserbomb-access.log HTTP/1.1" 304 - "-" "Mozilla/5.0 (compatible; Googlebot/2.1; +http://www.google.com/bot.html)"
66.249.68.176 - - [28/Nov/2010:12:55:23 -0800] "GET /evilfuckers-error.log HTTP/1.1" 200 5096 "-" "Mozilla/5.0 (compatible; Googlebot/2.1; +http://www.google.com/bot.html)"
220.181.108.166 - - [28/Nov/2010:13:16:38 -0800] "GET / HTTP/1.1" 200 6182 "-" "Baiduspider+(+http://www.baidu.com/search/spider.htm)"
66.249.67.141 - - [28/Nov/2010:13:25:23 -0800] "GET /nov2010/gorgeworld-access.log HTTP/1.1" 304 - "-" "Mozilla/5.0 (compatible; Googlebot/2.1; +http://www.google.com/bot.html)"
123.125.71.92 - - [28/Nov/2010:13:31:29 -0800] "GET / HTTP/1.1" 200 6179 "-" "Baiduspider+(+http://www.baidu.com/search/spider.htm)"
93.158.148.31 - - [28/Nov/2010:13:45:41 -0800] "GET /robots.txt HTTP/1.1" 302 360 "-" "Mozilla/5.0 (compatible; YandexBot/3.0; +http://yandex.com/bots)"
87.231.248.252 - - [28/Nov/2010:14:36:48 -0800] "GET /browserbomb-access.log HTTP/1.0" 200 5154 "-" "Mozilla/5.0 (compatible; Googlebot/2.1; +http://www.google.com/bot.html)"
87.231.248.252 - - [28/Nov/2010:14:38:20 -0800] "GET /browserbomb-access.log HTTP/1.1" 206 10 "-" "libwww-perl/5.826"
66.249.68.176 - - [28/Nov/2010:14:40:56 -0800] "GET /browserbomb-error.log HTTP/1.1" 200 1220 "-" "Mozilla/5.0 (compatible; Googlebot/2.1; +http://www.google.com/bot.html)"
66.249.68.176 - - [28/Nov/2010:16:25:57 -0800] "GET /robots.txt HTTP/1.1" 302 361 "-" "Mozilla/5.0 (compatible; Googlebot/2.1; +http://www.google.com/bot.html)"
66.249.68.176 - - [28/Nov/2010:16:25:57 -0800] "GET /browserbomb-access.log HTTP/1.1" 200 5154 "-" "Mozilla/5.0 (compatible; Googlebot/2.1; +http://www.google.com/bot.html)"
93.158.148.31 - - [28/Nov/2010:17:50:31 -0800] "GET /clownjuice-access.log HTTP/1.1" 200 14125 "-" "Mozilla/5.0 (compatible; YandexBot/3.0; +http://yandex.com/bots)"
66.45.246.226 - - [28/Nov/2010:18:02:53 -0800] "GET / HTTP/1.1" 200 6182 "-" "Mozilla/5.0 (Windows; U; Windows NT 5.1; en-US; rv:1.9.2.6) Gecko/20100625 Firefox/3.6.6"
93.158.148.31 - - [28/Nov/2010:18:09:29 -0800] "GET /jasoncmartin-error.log HTTP/1.1" 200 13960 "-" "Mozilla/5.0 (compatible; YandexBot/3.0; +http://yandex.com/bots)"
93.158.148.31 - - [28/Nov/2010:18:09:32 -0800] "GET /?C=S;O=A HTTP/1.1" 200 6182 "-" "Mozilla/5.0 (compatible; YandexBot/3.0; +http://yandex.com/bots)"
220.181.108.168 - - [28/Nov/2010:18:17:06 -0800] "GET / HTTP/1.1" 200 6182 "-" "Baiduspider+(+http://www.baidu.com/search/spider.htm)"
66.249.67.229 - - [28/Nov/2010:18:39:38 -0800] "GET /robots.txt HTTP/1.1" 302 360 "-" "Mozilla/5.0 (compatible; Googlebot/2.1; +http://www.google.com/bot.html)"
66.249.67.229 - - [28/Nov/2010:18:39:38 -0800] "GET /nov2010/clownjuice-error.log HTTP/1.1" 304 - "-" "Mozilla/5.0 (compatible; Googlebot/2.1; +http://www.google.com/bot.html)"
93.158.148.31 - - [28/Nov/2010:19:03:30 -0800] "GET /evilfuckers-access.log HTTP/1.1" 200 32701 "-" "Mozilla/5.0 (compatible; YandexBot/3.0; +http://yandex.com/bots)"
193.47.80.39 - - [28/Nov/2010:19:11:09 -0800] "GET /robots.txt HTTP/1.1" 302 360 "-" "Mozilla/5.0 (compatible; Exabot/3.0; +http://www.exabot.com/go/robot)"
193.47.80.39 - - [28/Nov/2010:19:11:10 -0800] "GET / HTTP/1.1" 200 6179 "-" "Mozilla/5.0 (compatible; Exabot/3.0; +http://www.exabot.com/go/robot)"
193.47.80.39 - - [28/Nov/2010:19:11:11 -0800] "GET / HTTP/1.1" 200 6182 "-" "Mozilla/5.0 (compatible; Exabot/3.0; +http://www.exabot.com/go/robot)"
220.181.108.181 - - [28/Nov/2010:19:17:01 -0800] "GET / HTTP/1.1" 200 6182 "-" "Baiduspider+(+http://www.baidu.com/search/spider.htm)"
66.249.67.229 - - [28/Nov/2010:19:34:36 -0800] "GET /vaginacide-error.log HTTP/1.1" 302 360 "-" "Mozilla/5.0 (compatible; Googlebot/2.1; +http://www.google.com/bot.html)"
66.249.67.141 - - [28/Nov/2010:19:34:37 -0800] "GET / HTTP/1.1" 200 6179 "-" "Mozilla/5.0 (compatible; Googlebot/2.1; +http://www.google.com/bot.html)"
66.249.68.177 - - [28/Nov/2010:20:06:10 -0800] "GET /robots.txt HTTP/1.1" 302 360 "-" "Mozilla/5.0 (compatible; Googlebot/2.1; +http://www.google.com/bot.html)"
66.249.68.177 - - [28/Nov/2010:20:06:10 -0800] "GET /log-error.log HTTP/1.1" 200 51421 "-" "Mozilla/5.0 (compatible; Googlebot/2.1; +http://www.google.com/bot.html)"
220.181.108.166 - - [28/Nov/2010:21:26:07 -0800] "GET / HTTP/1.1" 200 6179 "-" "Baiduspider+(+http://www.baidu.com/search/spider.htm)"
220.181.108.139 - - [28/Nov/2010:21:29:43 -0800] "GET /robots.txt HTTP/1.1" 302 357 "-" "Baiduspider+(+http://www.baidu.com/search/spider.htm)"
220.181.108.149 - - [28/Nov/2010:21:29:44 -0800] "GET / HTTP/1.1" 200 6179 "-" "Baiduspider+(+http://www.baidu.com/search/spider.htm)"
66.249.67.229 - - [28/Nov/2010:21:32:39 -0800] "GET /nov2010/ HTTP/1.1" 200 6156 "-" "Mozilla/5.0 (compatible; Googlebot/2.1; +http://www.google.com/bot.html)"
64.46.17.148 - - [28/Nov/2010:21:47:19 -0800] "HEAD /sharkbomb-error.log HTTP/1.0" 200 - "http://flashturtle.com" "Mozilla/5.0 (Windows; U; Windows NT 6.1; en-GB; rv:1.9.1.3) Gecko/20090824 Firefox/3.5.3"
93.158.148.31 - - [28/Nov/2010:22:16:50 -0800] "GET /?C=N;O=D HTTP/1.1" 200 6182 "-" "Mozilla/5.0 (compatible; YandexBot/3.0; +http://yandex.com/bots)"
123.125.71.104 - - [28/Nov/2010:22:25:45 -0800] "GET / HTTP/1.1" 200 6179 "-" "Baiduspider+(+http://www.baidu.com/search/spider.htm)"
220.181.108.167 - - [28/Nov/2010:22:26:09 -0800] "GET / HTTP/1.1" 200 6179 "-" "Baiduspider+(+http://www.baidu.com/search/spider.htm)"
66.249.67.12 - - [28/Nov/2010:23:03:14 -0800] "GET /robots.txt HTTP/1.1" 302 359 "-" "Mozilla/5.0 (compatible; Googlebot/2.1; +http://www.google.com/bot.html)"
66.249.67.12 - - [28/Nov/2010:23:03:14 -0800] "GET /paxnihilo-error.log HTTP/1.1" 200 437 "-" "Mozilla/5.0 (compatible; Googlebot/2.1; +http://www.google.com/bot.html)"
66.249.67.146 - - [28/Nov/2010:23:16:33 -0800] "GET /robots.txt HTTP/1.1" 302 359 "-" "Mozilla/5.0 (compatible; Googlebot/2.1; +http://www.google.com/bot.html)"
66.249.67.146 - - [28/Nov/2010:23:16:33 -0800] "GET /browserbomb-access.log HTTP/1.1" 200 5503 "-" "Mozilla/5.0 (compatible; Googlebot/2.1; +http://www.google.com/bot.html)"
220.181.108.156 - - [28/Nov/2010:23:36:13 -0800] "GET /robots.txt HTTP/1.1" 302 360 "-" "Baiduspider+(+http://www.baidu.com/search/spider.htm)"
220.181.108.161 - - [28/Nov/2010:23:36:13 -0800] "GET / HTTP/1.1" 200 6179 "-" "Baiduspider+(+http://www.baidu.com/search/spider.htm)"
123.125.71.116 - - [29/Nov/2010:00:17:32 -0800] "GET / HTTP/1.1" 200 6182 "-" "Baiduspider+(+http://www.baidu.com/search/spider.htm)"
220.181.108.169 - - [29/Nov/2010:00:17:33 -0800] "GET / HTTP/1.1" 200 6182 "-" "Baiduspider+(+http://www.baidu.com/search/spider.htm)"
208.80.194.31 - - [29/Nov/2010:00:24:47 -0800] "GET / HTTP/1.0" 200 6182 "-" "Mozilla/4.0 (compatible; MSIE 7.0; Windows NT 5.1; NN5.0.2.4; .NET CLR 1.1.4322; InfoPath.1)"
66.249.67.141 - - [29/Nov/2010:00:25:51 -0800] "GET /2girls4lokos-access.log HTTP/1.1" 200 67790 "-" "Mozilla/5.0 (compatible; Googlebot/2.1; +http://www.google.com/bot.html)"
218.146.252.33 - - [29/Nov/2010:00:29:18 -0800] "GET /log-access.log//index.php?option=com_fabrik&controller=../../../../../../../../../../../../../../../../../../../../../../../..//proc/self/environ%0000 HTTP/1.1" 302 360 "-" "Mozilla/5.0 (Windows; U; Windows NT 5.1; en-US; rv:1.9.2) Gecko/20100115 Firefox/3.6"
218.146.252.33 - - [29/Nov/2010:00:29:19 -0800] "GET / HTTP/1.1" 200 6179 "-" "Mozilla/5.0 (Windows; U; Windows NT 5.1; en-US; rv:1.9.2) Gecko/20100115 Firefox/3.6"
218.146.252.33 - - [29/Nov/2010:00:29:20 -0800] "GET //index.php?option=com_fabrik&controller=../../../../../../../../../../../../../../../../../../../../../../../..//proc/self/environ%0000 HTTP/1.1" 302 360 "-" "Mozilla/5.0 (Windows; U; Windows NT 5.1; en-US; rv:1.9.2) Gecko/20100115 Firefox/3.6"
218.146.252.33 - - [29/Nov/2010:00:29:20 -0800] "GET / HTTP/1.1" 200 6179 "-" "Mozilla/5.0 (Windows; U; Windows NT 5.1; en-US; rv:1.9.2) Gecko/20100115 Firefox/3.6"
95.67.80.146 - - [29/Nov/2010:00:39:00 -0800] "GET /index.php HTTP/1.0" 302 360 "http://unusualdischarge.com/index.php" "Mozilla/1.22 (compatible; MSIE 2.0d; Windows NT)"
95.67.80.146 - - [29/Nov/2010:00:39:01 -0800] "GET / HTTP/1.0" 200 6179 "http://log.sharkbomb.com/" "Mozilla/1.22 (compatible; MSIE 2.0d; Windows NT)"
88.131.106.22 - - [29/Nov/2010:00:40:54 -0800] "GET /robots.txt HTTP/1.0" 302 360 "-" "Mozilla/5.0 (Windows; U; Windows NT 5.1; en-US) Speedy Spider (http://www.entireweb.com/about/search_tech/speedy_spider/)"
88.131.106.22 - - [29/Nov/2010:00:40:56 -0800] "GET /?C=D;O=A HTTP/1.0" 200 6182 "-" "Mozilla/5.0 (Windows; U; Windows NT 5.1; en-US) Speedy Spider (http://www.entireweb.com/about/search_tech/speedy_spider/)"
123.125.71.117 - - [29/Nov/2010:01:16:48 -0800] "GET / HTTP/1.1" 200 6182 "-" "Baiduspider+(+http://www.baidu.com/search/spider.htm)"
220.181.108.167 - - [29/Nov/2010:01:16:51 -0800] "GET / HTTP/1.1" 200 6182 "-" "Baiduspider+(+http://www.baidu.com/search/spider.htm)"
123.125.71.88 - - [29/Nov/2010:01:27:04 -0800] "GET / HTTP/1.1" 200 6182 "-" "Baiduspider+(+http://www.baidu.com/search/spider.htm)"
66.249.67.12 - - [29/Nov/2010:01:52:30 -0800] "GET /nov2010/browserbomb-access.log HTTP/1.1" 304 - "-" "Mozilla/5.0 (compatible; Googlebot/2.1; +http://www.google.com/bot.html)"
93.158.148.31 - - [29/Nov/2010:02:11:01 -0800] "GET /orbsucks-error.log HTTP/1.1" 200 - "-" "Mozilla/5.0 (compatible; YandexBot/3.0; +http://yandex.com/bots)"
207.46.199.184 - - [29/Nov/2010:02:33:22 -0800] "GET /robots.txt HTTP/1.1" 302 360 "-" "Mozilla/5.0 (compatible; bingbot/2.0; +http://www.bing.com/bingbot.htm)"
207.46.199.184 - - [29/Nov/2010:02:33:22 -0800] "GET / HTTP/1.1" 200 6179 "-" "Mozilla/5.0 (compatible; bingbot/2.0; +http://www.bing.com/bingbot.htm)"
66.249.68.177 - - [29/Nov/2010:03:04:03 -0800] "GET /robots.txt HTTP/1.1" 302 360 "-" "Mozilla/5.0 (compatible; Googlebot/2.1; +http://www.google.com/bot.html)"
66.249.68.177 - - [29/Nov/2010:03:04:03 -0800] "GET /sharkbomb-error.log HTTP/1.1" 200 4901 "-" "Mozilla/5.0 (compatible; Googlebot/2.1; +http://www.google.com/bot.html)"
66.249.67.141 - - [29/Nov/2010:03:19:04 -0800] "GET /nov2010/sharkbomb-access.log HTTP/1.1" 304 - "-" "Mozilla/5.0 (compatible; Googlebot/2.1; +http://www.google.com/bot.html)"
193.47.80.39 - - [29/Nov/2010:04:10:51 -0800] "GET /?C=N;O HTTP/1.1" 200 6182 "-" "Mozilla/5.0 (compatible; Exabot/3.0; +http://www.exabot.com/go/robot)"
193.47.80.39 - - [29/Nov/2010:04:10:55 -0800] "GET /?C=M;O HTTP/1.1" 200 6182 "-" "Mozilla/5.0 (compatible; Exabot/3.0; +http://www.exabot.com/go/robot)"
193.47.80.39 - - [29/Nov/2010:04:11:01 -0800] "GET /nov2010/ HTTP/1.1" 200 6156 "-" "Mozilla/5.0 (compatible; Exabot/3.0; +http://www.exabot.com/go/robot)"
123.125.71.107 - - [29/Nov/2010:06:18:42 -0800] "GET / HTTP/1.1" 200 6182 "-" "Baiduspider+(+http://www.baidu.com/search/spider.htm)"
220.181.108.170 - - [29/Nov/2010:06:18:47 -0800] "GET / HTTP/1.1" 200 6182 "-" "Baiduspider+(+http://www.baidu.com/search/spider.htm)"
93.158.148.31 - - [29/Nov/2010:07:05:17 -0800] "GET /robots.txt HTTP/1.1" 302 360 "-" "Mozilla/5.0 (compatible; YandexBot/3.0; +http://yandex.com/bots)"
93.158.148.31 - - [29/Nov/2010:07:05:19 -0800] "GET /?C=D;O=A HTTP/1.1" 200 6182 "-" "Mozilla/5.0 (compatible; YandexBot/3.0; +http://yandex.com/bots)"
93.158.148.31 - - [29/Nov/2010:08:17:47 -0800] "GET /log-access.log HTTP/1.1" 200 287661 "-" "Mozilla/5.0 (compatible; YandexBot/3.0; +http://yandex.com/bots)"
66.45.246.226 - - [29/Nov/2010:11:05:12 -0800] "GET / HTTP/1.1" 200 6182 "-" "Mozilla/5.0 (Windows; U; Windows NT 5.1; en-US; rv:1.9.2.6) Gecko/20100625 Firefox/3.6.6"
66.249.68.176 - - [29/Nov/2010:11:53:26 -0800] "GET /robots.txt HTTP/1.1" 302 361 "-" "Mozilla/5.0 (compatible; Googlebot/2.1; +http://www.google.com/bot.html)"
66.249.68.176 - - [29/Nov/2010:11:53:26 -0800] "GET /orbsucks-access.log HTTP/1.1" 200 - "-" "Mozilla/5.0 (compatible; Googlebot/2.1; +http://www.google.com/bot.html)"
66.249.67.229 - - [29/Nov/2010:11:53:27 -0800] "GET /robots.txt HTTP/1.1" 302 360 "-" "Mozilla/5.0 (compatible; Googlebot/2.1; +http://www.google.com/bot.html)"
66.249.67.229 - - [29/Nov/2010:11:53:27 -0800] "GET /gorgeworld-access.log HTTP/1.1" 200 8305 "-" "Mozilla/5.0 (compatible; Googlebot/2.1; +http://www.google.com/bot.html)"
66.249.67.146 - - [29/Nov/2010:12:50:21 -0800] "GET /robots.txt HTTP/1.1" 302 359 "-" "Mozilla/5.0 (compatible; Googlebot/2.1; +http://www.google.com/bot.html)"
66.249.67.146 - - [29/Nov/2010:12:50:21 -0800] "GET /orbsucks-access.log HTTP/1.1" 200 - "-" "Mozilla/5.0 (compatible; Googlebot/2.1; +http://www.google.com/bot.html)"
207.46.199.42 - - [29/Nov/2010:13:01:00 -0800] "GET /robots.txt HTTP/1.1" 302 360 "-" "Mozilla/5.0 (compatible; bingbot/2.0; +http://www.bing.com/bingbot.htm)"
207.46.199.42 - - [29/Nov/2010:13:01:00 -0800] "GET / HTTP/1.1" 200 6179 "-" "Mozilla/5.0 (compatible; bingbot/2.0; +http://www.bing.com/bingbot.htm)"
207.46.199.42 - - [29/Nov/2010:13:07:40 -0800] "GET /clownjuice-access.log HTTP/1.1" 200 14432 "-" "Mozilla/5.0 (compatible; bingbot/2.0; +http://www.bing.com/bingbot.htm)"
123.125.71.115 - - [29/Nov/2010:13:16:46 -0800] "GET / HTTP/1.1" 200 6182 "-" "Baiduspider+(+http://www.baidu.com/search/spider.htm)"
220.181.108.168 - - [29/Nov/2010:13:16:49 -0800] "GET / HTTP/1.1" 200 6182 "-" "Baiduspider+(+http://www.baidu.com/search/spider.htm)"
203.73.225.105 - - [29/Nov/2010:13:17:23 -0800] "GET /nov2010/paxnihilo-error.log HTTP/1.1" 200 21130 "-" "Mozilla/4.0 (compatible; MSIE 7.0; Windows NT 5.1; EmbeddedWB 14.52 from: http://www.bsalsa.com/ EmbeddedWB 14.52; .NET CLR 2.0.50727; .NET CLR 3.0.04506.30)"
203.73.225.105 - - [29/Nov/2010:13:17:32 -0800] "GET /nov2010/browserbomb-access.log HTTP/1.1" 200 202321 "-" "Mozilla/4.0 (compatible; MSIE 7.0; Windows NT 5.1; EmbeddedWB 14.52 from: http://www.bsalsa.com/ EmbeddedWB 14.52; .NET CLR 2.0.50727; .NET CLR 3.0.04506.30)"
203.73.225.105 - - [29/Nov/2010:13:18:56 -0800] "GET /log-error.log HTTP/1.1" 200 53330 "-" "Mozilla/4.0 (compatible; MSIE 7.0; Windows NT 5.1; EmbeddedWB 14.52 from: http://www.bsalsa.com/ EmbeddedWB 14.52; .NET CLR 2.0.50727; .NET CLR 3.0.04506.30)"
66.249.68.176 - - [29/Nov/2010:13:19:48 -0800] "GET / HTTP/1.1" 200 6183 "-" "Mozilla/5.0 (compatible; Googlebot/2.1; +http://www.google.com/bot.html)"
93.158.148.31 - - [29/Nov/2010:13:28:29 -0800] "GET / HTTP/1.1" 200 6182 "-" "Mozilla/5.0 (compatible; YandexBot/3.0; +http://yandex.com/bots)"
203.73.225.105 - - [29/Nov/2010:13:31:13 -0800] "GET /nov2010/gorgeworld-access.log HTTP/1.1" 200 468902 "-" "Mozilla/4.0 (compatible; MSIE 7.0; Windows NT 5.1; EmbeddedWB 14.52 from: http://www.bsalsa.com/ EmbeddedWB 14.52; .NET CLR 2.0.50727; .NET CLR 3.0.04506.30)"
67.195.114.28 - - [29/Nov/2010:13:31:42 -0800] "GET /robots.txt HTTP/1.0" 302 360 "-" "Mozilla/5.0 (compatible; Yahoo! Slurp; http://help.yahoo.com/help/us/ysearch/slurp)"
67.195.114.28 - - [29/Nov/2010:13:31:43 -0800] "GET / HTTP/1.0" 200 6179 "-" "Mozilla/5.0 (compatible; Yahoo! Slurp; http://help.yahoo.com/help/us/ysearch/slurp)"
67.195.114.28 - - [29/Nov/2010:13:31:46 -0800] "GET / HTTP/1.0" 200 6182 "-" "Mozilla/5.0 (compatible; Yahoo! Slurp; http://help.yahoo.com/help/us/ysearch/slurp)"
67.195.114.28 - - [29/Nov/2010:13:33:27 -0800] "GET /terhanian-error.log HTTP/1.0" 200 - "-" "Mozilla/5.0 (compatible; Yahoo! Slurp; http://help.yahoo.com/help/us/ysearch/slurp)"
84.30.201.145 - - [29/Nov/2010:13:57:44 -0800] "HEAD /sharkbomb-error.log HTTP/1.0" 200 - "http://alisshu58.dynavant.info/uncategorized/an-apt-means-to-fix-kill-obesity-phentermine-prescription/" "Mozilla/5.0 (Windows; U; Windows NT 6.1; en-GB; rv:1.9.1.3) Gecko/20090824 Firefox/3.5.3"
66.249.67.12 - - [29/Nov/2010:14:07:39 -0800] "GET /robots.txt HTTP/1.1" 302 359 "-" "Mozilla/5.0 (compatible; Googlebot/2.1; +http://www.google.com/bot.html)"
66.249.67.12 - - [29/Nov/2010:14:07:39 -0800] "GET /sharkbomb-error.log HTTP/1.1" 200 4901 "-" "Mozilla/5.0 (compatible; Googlebot/2.1; +http://www.google.com/bot.html)"
71.196.54.19 - - [29/Nov/2010:14:11:52 -0800] "GET /log-error.log HTTP/1.1" 200 53937 "http://www.google.com/search?q=71.196.54.19&ie=utf-8&oe=utf-8&aq=t&rls=org.mozilla:en-US:official&client=firefox-a" "Mozilla/5.0 (Macintosh; U; PPC Mac OS X 10.5; en-US; rv:1.9.2.12) Gecko/20101026 Firefox/3.6.12"
71.196.54.19 - - [29/Nov/2010:14:11:53 -0800] "GET /favicon.ico HTTP/1.1" 302 360 "-" "Mozilla/5.0 (Macintosh; U; PPC Mac OS X 10.5; en-US; rv:1.9.2.12) Gecko/20101026 Firefox/3.6.12"
71.196.54.19 - - [29/Nov/2010:14:11:54 -0800] "GET / HTTP/1.1" 200 6179 "-" "Mozilla/5.0 (Macintosh; U; PPC Mac OS X 10.5; en-US; rv:1.9.2.12) Gecko/20101026 Firefox/3.6.12"
71.196.54.19 - - [29/Nov/2010:14:11:56 -0800] "GET /favicon.ico HTTP/1.1" 302 360 "-" "Mozilla/5.0 (Macintosh; U; PPC Mac OS X 10.5; en-US; rv:1.9.2.12) Gecko/20101026 Firefox/3.6.12"
71.196.54.19 - - [29/Nov/2010:14:11:56 -0800] "GET / HTTP/1.1" 200 6179 "-" "Mozilla/5.0 (Macintosh; U; PPC Mac OS X 10.5; en-US; rv:1.9.2.12) Gecko/20101026 Firefox/3.6.12"
93.158.148.31 - - [29/Nov/2010:14:13:48 -0800] "GET /vaginacide-access.log HTTP/1.1" 302 360 "-" "Mozilla/5.0 (compatible; YandexBot/3.0; +http://yandex.com/bots)"
119.63.198.56 - - [29/Nov/2010:14:26:36 -0800] "GET /robots.txt HTTP/1.1" 302 357 "-" "Baiduspider+(+http://www.baidu.com/search/spider.htm)"
119.63.198.23 - - [29/Nov/2010:14:26:36 -0800] "GET / HTTP/1.1" 200 6179 "-" "Baiduspider+(+http://www.baidu.com/search/spider.htm)"
87.231.248.252 - - [29/Nov/2010:14:37:04 -0800] "GET /browserbomb-access.log HTTP/1.0" 200 5503 "-" "Mozilla/5.0 (compatible; Googlebot/2.1; +http://www.google.com/bot.html)"
84.30.201.145 - - [29/Nov/2010:14:39:04 -0800] "HEAD /sharkbomb-error.log HTTP/1.0" 200 - "http://angelkn32.blogs4us.com/2010/11/01/are-atkins-diet-and-reduced-carbohydrate-diets-safe/" "Mozilla/4.0 (compatible; MSIE 8.0; Windows NT 6.1; WOW64; Trident/4.0; SLCC2; Media Center PC 6.0; InfoPath.2; MS-RTC LM 8)"
93.158.148.31 - - [29/Nov/2010:14:59:06 -0800] "GET /2girls4lokos-access.log HTTP/1.1" 200 69298 "-" "Mozilla/5.0 (compatible; YandexBot/3.0; +http://yandex.com/bots)"
209.61.244.6 - - [29/Nov/2010:15:10:33 -0800] "GET /!lfi../../../../../../../../../../../../../../../proc/self/environ%00 HTTP/1.1" 302 360 "-" "libwww-perl/5.76"
209.61.244.6 - - [29/Nov/2010:15:10:33 -0800] "GET / HTTP/1.1" 200 6179 "-" "libwww-perl/5.76"
84.30.201.145 - - [29/Nov/2010:15:15:09 -0800] "HEAD /sharkbomb-error.log HTTP/1.0" 200 - "http://Are-typical-Zone-Diet-Products-.wikispaces.com" "Mozilla/4.0 (compatible; MSIE 8.0; Windows NT 6.1; WOW64; Trident/4.0; SLCC2; Media Center PC 6.0; InfoPath.2; MS-RTC LM 8)"
66.249.67.12 - - [29/Nov/2010:15:31:34 -0800] "GET /log-error.log HTTP/1.1" 200 54542 "-" "Mozilla/5.0 (compatible; Googlebot/2.1; +http://www.google.com/bot.html)"
93.158.148.31 - - [29/Nov/2010:15:44:26 -0800] "GET /?C=S;O=A HTTP/1.1" 200 6182 "-" "Mozilla/5.0 (compatible; YandexBot/3.0; +http://yandex.com/bots)"
109.230.213.126 - - [29/Nov/2010:15:46:45 -0800] "GET /dustinharley-access.log HTTP/1.0" 200 58969 "http://unusualdischarge.com/dustinharley-access.log" "Mozilla/2.0 (compatible; MSIE 3.02; Windows CE; 240x320)"
84.30.201.145 - - [29/Nov/2010:15:47:54 -0800] "HEAD /sharkbomb-error.log HTTP/1.0" 200 - "http://are-typical-zone-diet-products-.wikispaces.com/page/view/home/175561773" "Mozilla/5.0 (Windows; U; Windows NT 5.1; en-US; rv:1.9.0.14) Gecko/2009082707 Firefox/3.0.14 (.NET CLR 3.5.30729)"
72.167.162.215 - - [29/Nov/2010:15:56:27 -0800] "GET /w00tw00t.at.blackhats.romanian.anti-sec:) HTTP/1.1" 302 355 "-" "ZmEu"
72.167.162.215 - - [29/Nov/2010:15:56:27 -0800] "GET /scripts/setup.php HTTP/1.1" 302 355 "-" "ZmEu"
72.167.162.215 - - [29/Nov/2010:15:56:27 -0800] "GET /admin/scripts/setup.php HTTP/1.1" 302 355 "-" "ZmEu"
72.167.162.215 - - [29/Nov/2010:15:56:28 -0800] "GET /admin/pma/scripts/setup.php HTTP/1.1" 302 355 "-" "ZmEu"
72.167.162.215 - - [29/Nov/2010:15:56:28 -0800] "GET /admin/phpmyadmin/scripts/setup.php HTTP/1.1" 302 355 "-" "ZmEu"
72.167.162.215 - - [29/Nov/2010:15:56:28 -0800] "GET /db/scripts/setup.php HTTP/1.1" 302 355 "-" "ZmEu"
72.167.162.215 - - [29/Nov/2010:15:56:28 -0800] "GET /dbadmin/scripts/setup.php HTTP/1.1" 302 355 "-" "ZmEu"
72.167.162.215 - - [29/Nov/2010:15:56:28 -0800] "GET /myadmin/scripts/setup.php HTTP/1.1" 302 355 "-" "ZmEu"
127.0.0.1 - - [29/Nov/2010:15:56:31 -0800] "OPTIONS * HTTP/1.0" 200 - "-" "Apache/2.2.11 (FreeBSD) mod_ssl/2.2.11 OpenSSL/0.9.8e DAV/2 PHP/5.2.9 with Suhosin-Patch (internal dummy connection)"
72.167.162.215 - - [29/Nov/2010:15:56:32 -0800] "GET /mysqladmin/scripts/setup.php HTTP/1.1" 302 355 "-" "ZmEu"
72.167.162.215 - - [29/Nov/2010:15:56:32 -0800] "GET /typo3/phpmyadmin/scripts/setup.php HTTP/1.1" 302 355 "-" "ZmEu"
72.167.162.215 - - [29/Nov/2010:15:56:32 -0800] "GET /phpadmin/scripts/setup.php HTTP/1.1" 302 355 "-" "ZmEu"
72.167.162.215 - - [29/Nov/2010:15:56:32 -0800] "GET /phpMyAdmin/scripts/setup.php HTTP/1.1" 302 355 "-" "ZmEu"
72.167.162.215 - - [29/Nov/2010:15:56:32 -0800] "GET /phpmyadmin/scripts/setup.php HTTP/1.1" 302 355 "-" "ZmEu"
72.167.162.215 - - [29/Nov/2010:15:56:32 -0800] "GET /phpmyadmin1/scripts/setup.php HTTP/1.1" 302 355 "-" "ZmEu"
72.167.162.215 - - [29/Nov/2010:15:56:33 -0800] "GET /phpmyadmin2/scripts/setup.php HTTP/1.1" 302 355 "-" "ZmEu"
72.167.162.215 - - [29/Nov/2010:15:56:33 -0800] "GET /pma/scripts/setup.php HTTP/1.1" 302 355 "-" "ZmEu"
72.167.162.215 - - [29/Nov/2010:15:56:33 -0800] "GET /web/phpMyAdmin/scripts/setup.php HTTP/1.1" 302 355 "-" "ZmEu"
72.167.162.215 - - [29/Nov/2010:15:56:33 -0800] "GET /xampp/phpmyadmin/scripts/setup.php HTTP/1.1" 302 355 "-" "ZmEu"
72.167.162.215 - - [29/Nov/2010:15:56:33 -0800] "GET /web/scripts/setup.php HTTP/1.1" 302 355 "-" "ZmEu"
72.167.162.215 - - [29/Nov/2010:15:56:34 -0800] "GET /php-my-admin/scripts/setup.php HTTP/1.1" 302 355 "-" "ZmEu"
72.167.162.215 - - [29/Nov/2010:15:56:34 -0800] "GET /websql/scripts/setup.php HTTP/1.1" 302 355 "-" "ZmEu"
72.167.162.215 - - [29/Nov/2010:15:56:34 -0800] "GET /phpmyadmin/scripts/setup.php HTTP/1.1" 302 355 "-" "ZmEu"
72.167.162.215 - - [29/Nov/2010:15:56:34 -0800] "GET /phpMyAdmin/scripts/setup.php HTTP/1.1" 302 355 "-" "ZmEu"
72.167.162.215 - - [29/Nov/2010:15:56:34 -0800] "GET /phpMyAdmin-2/scripts/setup.php HTTP/1.1" 302 355 "-" "ZmEu"
72.167.162.215 - - [29/Nov/2010:15:56:35 -0800] "GET /php-my-admin/scripts/setup.php HTTP/1.1" 302 355 "-" "ZmEu"
72.167.162.215 - - [29/Nov/2010:15:56:35 -0800] "GET /phpMyAdmin-2.2.3/scripts/setup.php HTTP/1.1" 302 355 "-" "ZmEu"
72.167.162.215 - - [29/Nov/2010:15:56:35 -0800] "GET /phpMyAdmin-2.2.6/scripts/setup.php HTTP/1.1" 302 355 "-" "ZmEu"
72.167.162.215 - - [29/Nov/2010:15:56:35 -0800] "GET /phpMyAdmin-2.5.1/scripts/setup.php HTTP/1.1" 302 355 "-" "ZmEu"
72.167.162.215 - - [29/Nov/2010:15:56:35 -0800] "GET /phpMyAdmin-2.5.4/scripts/setup.php HTTP/1.1" 302 355 "-" "ZmEu"
72.167.162.215 - - [29/Nov/2010:15:56:35 -0800] "GET /phpMyAdmin-2.5.5-rc1/scripts/setup.php HTTP/1.1" 302 355 "-" "ZmEu"
72.167.162.215 - - [29/Nov/2010:15:56:36 -0800] "GET /phpMyAdmin-2.5.5-rc2/scripts/setup.php HTTP/1.1" 302 355 "-" "ZmEu"
72.167.162.215 - - [29/Nov/2010:15:56:36 -0800] "GET /phpMyAdmin-2.5.5/scripts/setup.php HTTP/1.1" 302 355 "-" "ZmEu"
