116.237.82.173 - - [22/Nov/2010:07:59:21 -0800] "HEAD / HTTP/1.0" 200 - "http://www.thetinnitustherapy.com/check-out-the-natural-treatments-for-tinnitus-gain-hearing-drastically-with-these-3.html" "Mozilla/5.0 (Windows; U; Windows NT 5.1; pl; rv:1.9.1.3) Gecko/20090824 Firefox/3.5.3"
71.196.54.19 - - [22/Nov/2010:08:29:54 -0800] "GET /dustinharley-error.log HTTP/1.1" 200 3976 "http://www.google.com/search?q=173.162.113.170&ie=utf-8&oe=utf-8&aq=t&rls=org.mozilla:en-US:official&client=firefox-a" "Mozilla/5.0 (Macintosh; U; PPC Mac OS X 10.5; en-US; rv:1.9.2.12) Gecko/20101026 Firefox/3.6.12"
71.196.54.19 - - [22/Nov/2010:08:29:55 -0800] "GET /favicon.ico HTTP/1.1" 302 360 "-" "Mozilla/5.0 (Macintosh; U; PPC Mac OS X 10.5; en-US; rv:1.9.2.12) Gecko/20101026 Firefox/3.6.12"
71.196.54.19 - - [22/Nov/2010:08:29:55 -0800] "GET /favicon.ico HTTP/1.1" 302 360 "-" "Mozilla/5.0 (Macintosh; U; PPC Mac OS X 10.5; en-US; rv:1.9.2.12) Gecko/20101026 Firefox/3.6.12"
71.196.54.19 - - [22/Nov/2010:08:29:55 -0800] "GET / HTTP/1.1" 200 6179 "-" "Mozilla/5.0 (Macintosh; U; PPC Mac OS X 10.5; en-US; rv:1.9.2.12) Gecko/20101026 Firefox/3.6.12"
71.196.54.19 - - [22/Nov/2010:08:29:56 -0800] "GET / HTTP/1.1" 200 6179 "-" "Mozilla/5.0 (Macintosh; U; PPC Mac OS X 10.5; en-US; rv:1.9.2.12) Gecko/20101026 Firefox/3.6.12"
116.237.82.173 - - [22/Nov/2010:08:39:15 -0800] "HEAD / HTTP/1.0" 200 - "http://www.thetinnitustherapy.com/clarity2-tinnitus-treatment-clarity2-or-natural-treatment.html" "Mozilla/5.0 (Windows; U; Windows NT 5.1; pl; rv:1.9.1.3) Gecko/20090824 Firefox/3.5.3"
123.125.71.77 - - [22/Nov/2010:08:47:53 -0800] "GET / HTTP/1.1" 200 6179 "-" "Baiduspider+(+http://www.baidu.com/search/spider.htm)"
123.125.71.72 - - [22/Nov/2010:08:51:40 -0800] "GET /orbsucks-access.log HTTP/1.1" 200 - "-" "Baiduspider+(+http://www.baidu.com/search/spider.htm)"
66.249.67.229 - - [22/Nov/2010:09:05:03 -0800] "GET /robots.txt HTTP/1.1" 302 360 "-" "Mozilla/5.0 (compatible; Googlebot/2.1; +http://www.google.com/bot.html)"
66.249.67.229 - - [22/Nov/2010:09:05:03 -0800] "GET /2girls4lokos-access.log HTTP/1.1" 200 49821 "-" "Mozilla/5.0 (compatible; Googlebot/2.1; +http://www.google.com/bot.html)"
119.63.198.48 - - [22/Nov/2010:09:08:53 -0800] "GET /robots.txt HTTP/1.1" 302 360 "-" "Baiduspider+(+http://www.baidu.com/search/spider.htm)"
119.63.198.30 - - [22/Nov/2010:09:08:53 -0800] "GET / HTTP/1.1" 200 6179 "-" "Baiduspider+(+http://www.baidu.com/search/spider.htm)"
116.237.82.173 - - [22/Nov/2010:09:19:06 -0800] "HEAD / HTTP/1.0" 200 - "http://www.thetinnitustherapy.com/constant-ear-ringing-the-tinnitus-way.html" "Mozilla/5.0 (Windows; U; Windows NT 5.1; de; rv:1.9.1.3) Gecko/20090824 Firefox/3.5.3 (.NET CLR 3.5.30729)"
98.247.51.107 - - [22/Nov/2010:09:20:01 -0800] "GET /nov2010/gorgeworld-access.log HTTP/1.1" 200 468902 "http://www.google.com/search?q=fedora+appletouch&hl=en&tbo=1&biw=1042&bih=747&tbs=qdr:m&ei=s7LqTOeSPI28sAOrl-yxCw&start=10&sa=N" "Mozilla/5.0 (X11; U; Linux x86_64; en-US) AppleWebKit/534.7 (KHTML, like Gecko) Chrome/7.0.517.44 Safari/534.7"
116.237.82.173 - - [22/Nov/2010:09:54:19 -0800] "HEAD / HTTP/1.0" 200 - "http://www.thetinnitustherapy.com/cure-for-ear-ringing-what-you-need-to-know.html" "Mozilla/4.0 (compatible; MSIE 8.0; Windows NT 6.1; WOW64; Trident/4.0; SLCC2; Media Center PC 6.0; InfoPath.2; MS-RTC LM 8)"
88.131.106.5 - - [22/Nov/2010:10:15:45 -0800] "GET /robots.txt HTTP/1.0" 302 360 "-" "Mozilla/5.0 (Windows; U; Windows NT 5.1; en-US) Speedy Spider (http://www.entireweb.com/about/search_tech/speedy_spider/)"
88.131.106.2 - - [22/Nov/2010:10:15:48 -0800] "GET / HTTP/1.0" 200 6182 "-" "Mozilla/5.0 (Windows; U; Windows NT 5.1; en-US) Speedy Spider (http://www.entireweb.com/about/search_tech/speedy_spider/)"
220.181.108.175 - - [22/Nov/2010:10:16:39 -0800] "GET / HTTP/1.1" 200 6182 "-" "Baiduspider+(+http://www.baidu.com/search/spider.htm)"
116.237.82.173 - - [22/Nov/2010:10:40:36 -0800] "HEAD / HTTP/1.0" 200 - "http://www.thetinnitustherapy.com/cure-for-tinnitus-high-frequency-hearing-loss.html" "Mozilla/4.0 (compatible; MSIE 6.0; Windows NT 5.1; en) Opera 8.50"
66.249.67.12 - - [22/Nov/2010:11:00:23 -0800] "GET /robots.txt HTTP/1.1" 302 359 "-" "Mozilla/5.0 (compatible; Googlebot/2.1; +http://www.google.com/bot.html)"
66.249.67.12 - - [22/Nov/2010:11:00:23 -0800] "GET /gorgeworld-error.log HTTP/1.1" 200 909 "-" "Mozilla/5.0 (compatible; Googlebot/2.1; +http://www.google.com/bot.html)"
119.63.198.40 - - [22/Nov/2010:11:09:42 -0800] "GET /robots.txt HTTP/1.1" 302 357 "-" "Baiduspider+(+http://www.baidu.com/search/spider.htm)"
119.63.198.12 - - [22/Nov/2010:11:09:42 -0800] "GET / HTTP/1.1" 200 6179 "-" "Baiduspider+(+http://www.baidu.com/search/spider.htm)"
116.237.82.173 - - [22/Nov/2010:11:19:36 -0800] "HEAD / HTTP/1.0" 200 - "http://www.thetinnitustherapy.com/cure-for-tinnitus-is-tinnitus-retraining-therapy-the-right-treatment-for-you.html" "Mozilla/5.0 (Windows; U; Windows NT 6.1; en-GB; rv:1.9.1.3) Gecko/20090824 Firefox/3.5.3"
220.181.108.186 - - [22/Nov/2010:11:24:43 -0800] "GET / HTTP/1.1" 200 6179 "-" "Baiduspider+(+http://www.baidu.com/search/spider.htm)"
218.213.130.89 - - [22/Nov/2010:11:44:15 -0800] "GET /robots.txt HTTP/1.1" 302 360 "-" "DoCoMo/2.0 P900i(c100;TB;W24H11)(compatible; ichiro/mobile goo;+http://help.goo.ne.jp/door/crawler.html)"
218.213.130.89 - - [22/Nov/2010:11:44:16 -0800] "GET / HTTP/1.1" 200 6179 "-" "DoCoMo/2.0 P900i(c100;TB;W24H11)(compatible; ichiro/mobile goo;+http://help.goo.ne.jp/door/crawler.html)"
218.213.130.89 - - [22/Nov/2010:11:44:17 -0800] "GET / HTTP/1.1" 200 6182 "-" "DoCoMo/2.0 P900i(c100;TB;W24H11)(compatible; ichiro/mobile goo;+http://help.goo.ne.jp/door/crawler.html)"
116.237.82.173 - - [22/Nov/2010:11:54:50 -0800] "HEAD / HTTP/1.0" 200 - "http://www.thetinnitustherapy.com/cure-for-tinnitus-scam.html" "Mozilla/5.0 (Windows; U; Windows NT 5.1; en-US; rv:1.9.0.14) Gecko/2009082707 Firefox/3.0.14 (.NET CLR 3.5.30729)"
91.201.66.28 - - [22/Nov/2010:12:17:08 -0800] "GET /terhanian-error.log HTTP/1.0" 200 - "http://allbestcasino.com/?page_id=558" "Mozilla/4.0 (compatible; MSIE 6.0; Windows NT 5.0; T312461)"
91.201.66.28 - - [22/Nov/2010:12:17:09 -0800] "GET /terhanian-error.log HTTP/1.0" 200 - "http://allbestcasino.com/?page_id=558" "Mozilla/4.0 (compatible- MSIE 6.0- Windows NT 5.1- SV1- .NET CLR 1.1.4322"
91.201.66.28 - - [22/Nov/2010:12:17:10 -0800] "GET /terhanian-error.log HTTP/1.0" 200 - "http://allbestcasino.com/?page_id=558" "Mozilla/4.61 [en] (X11; U; ) - BrowseX (2.0.0 Windows)"
91.201.66.28 - - [22/Nov/2010:12:17:10 -0800] "GET /terhanian-error.log HTTP/1.0" 200 - "http://allbestcasino.com/?page_id=558" "Mozilla/4.0 (compatible; MSIE 6.0; Windows NT 5.1; Q312461)"
91.201.66.28 - - [22/Nov/2010:12:17:11 -0800] "GET /terhanian-error.log HTTP/1.0" 200 - "http://allbestcasino.com/?page_id=558" "Mozilla/4.0 (compatible; MSIE 6.0; Windows NT 5.1; SV1; .NET CLR 1.1.4322)"
220.181.108.159 - - [22/Nov/2010:12:23:49 -0800] "GET /robots.txt HTTP/1.1" 302 357 "-" "Baiduspider+(+http://www.baidu.com/search/spider.htm)"
220.181.108.159 - - [22/Nov/2010:12:23:50 -0800] "GET / HTTP/1.1" 200 6179 "-" "Baiduspider+(+http://www.baidu.com/search/spider.htm)"
220.181.108.167 - - [22/Nov/2010:12:25:05 -0800] "GET / HTTP/1.1" 200 6179 "-" "Baiduspider+(+http://www.baidu.com/search/spider.htm)"
116.237.82.173 - - [22/Nov/2010:12:26:17 -0800] "HEAD / HTTP/1.0" 200 - "http://www.thetinnitustherapy.com/cure-tinnitus-see-how-easily-you-can-cure-tinnitus.html" "Mozilla/5.0 (Windows; U; Windows NT 5.1; de; rv:1.9.1.3) Gecko/20090824 Firefox/3.5.3 (.NET CLR 3.5.30729)"
116.237.82.173 - - [22/Nov/2010:13:03:10 -0800] "HEAD / HTTP/1.0" 200 - "http://www.thetinnitustherapy.com/cure-your-ringing-ears.html" "Mozilla/5.0 (X11; U; Linux i686; it-IT; rv:1.9.0.2) Gecko/2008092313 Ubuntu/9.25 (jaunty) Firefox/3.8"
213.190.161.200 - - [22/Nov/2010:13:18:50 -0800] "GET ///delete_all.php?board_skin_path=http://www.yeshouse.net/column/js/id.txt??? HTTP/1.1" 302 360 "-" "libwww-perl/5.805"
213.190.161.200 - - [22/Nov/2010:13:18:50 -0800] "GET / HTTP/1.1" 200 6179 "-" "libwww-perl/5.805"
213.190.161.200 - - [22/Nov/2010:13:18:51 -0800] "GET ///delete_all.php?board_skin_path=http://www.yeshouse.net/column/js/anak.txt?????? HTTP/1.1" 302 360 "-" "libwww-perl/5.805"
213.190.161.200 - - [22/Nov/2010:13:18:51 -0800] "GET / HTTP/1.1" 200 6179 "-" "libwww-perl/5.805"
83.103.63.19 - - [22/Nov/2010:13:28:49 -0800] "GET ///delete_all.php?board_skin_path=http://www.yeshouse.net/column/js/id.txt??? HTTP/1.1" 302 360 "-" "libwww-perl/5.834"
83.103.63.19 - - [22/Nov/2010:13:28:50 -0800] "GET / HTTP/1.1" 200 6179 "-" "libwww-perl/5.834"
83.103.63.19 - - [22/Nov/2010:13:28:52 -0800] "GET ///delete_all.php?board_skin_path=http://www.yeshouse.net/column/js/anak.txt?????? HTTP/1.1" 302 360 "-" "libwww-perl/5.834"
83.103.63.19 - - [22/Nov/2010:13:28:53 -0800] "GET / HTTP/1.1" 200 6179 "-" "libwww-perl/5.834"
116.237.82.173 - - [22/Nov/2010:13:34:52 -0800] "HEAD / HTTP/1.0" 200 - "http://www.thetinnitustherapy.com/cure-your-ringing-ears-once-and-for-all.html" "Mozilla/4.0 (compatible; MSIE 6.0; Windows NT 5.1; en) Opera 8.50"
207.46.204.177 - - [22/Nov/2010:14:00:46 -0800] "GET /robots.txt HTTP/1.1" 302 360 "-" "Mozilla/5.0 (compatible; bingbot/2.0; +http://www.bing.com/bingbot.htm)"
207.46.204.177 - - [22/Nov/2010:14:00:46 -0800] "GET / HTTP/1.1" 200 6179 "-" "Mozilla/5.0 (compatible; bingbot/2.0; +http://www.bing.com/bingbot.htm)"
91.201.66.28 - - [22/Nov/2010:14:02:50 -0800] "GET /terhanian-error.log HTTP/1.0" 200 - "http://allbestcasino.com/?page_id=558" "Mozilla/4.0 (compatible; MSIE 6.0; Windows NT 5.1; ru) Opera 8.50"
91.201.66.28 - - [22/Nov/2010:14:02:51 -0800] "GET /terhanian-error.log HTTP/1.0" 200 - "http://allbestcasino.com/?page_id=558" "Mozilla/4.0 (compatible; MSIE 6.0; Windows NT 5.1; KKman2.0)"
91.201.66.28 - - [22/Nov/2010:14:02:51 -0800] "GET /terhanian-error.log HTTP/1.0" 200 - "http://allbestcasino.com/?page_id=558" "Mozilla/4.0 (compatible; MSIE 6.0; Windows NT) ::ELNSB50::000061100320025802a00111000000000507000900000000"
91.201.66.28 - - [22/Nov/2010:14:02:52 -0800] "GET /terhanian-error.log HTTP/1.0" 200 - "http://allbestcasino.com/?page_id=558" "Mozilla/4.0 (compatible; MSIE 6.0; Windows NT 5.2; SV1; .NET CLR 1.1.4322; .NET CLR 2.0.50727)"
91.201.66.28 - - [22/Nov/2010:14:02:52 -0800] "GET /terhanian-error.log HTTP/1.0" 200 - "http://allbestcasino.com/?page_id=558" "Mozilla/4.0 (compatible; MSIE 6.0; Windows NT 5.1; ru) Opera 8.01"
66.249.67.229 - - [22/Nov/2010:14:03:05 -0800] "GET /icons/folder.gif HTTP/1.1" 200 225 "-" "Googlebot-Image/1.0"
116.237.82.173 - - [22/Nov/2010:14:06:39 -0800] "HEAD / HTTP/1.0" 200 - "http://www.thetinnitustherapy.com/discover-how-to-cure-tinnitus-and-be-tinnitus-free.html" "Mozilla/5.0 (Windows; U; Windows NT 5.1; en-US; rv:1.9.0.14) Gecko/2009082707 Firefox/3.0.14 (.NET CLR 3.5.30729)"
207.46.204.177 - - [22/Nov/2010:14:15:58 -0800] "GET /dustinharley-access.log HTTP/1.1" 200 17450 "-" "Mozilla/5.0 (compatible; bingbot/2.0; +http://www.bing.com/bingbot.htm)"
87.231.248.252 - - [22/Nov/2010:14:35:03 -0800] "GET /browserbomb-access.log HTTP/1.0" 200 1410 "-" "Mozilla/5.0 (compatible; Googlebot/2.1; +http://www.google.com/bot.html)"
116.237.82.173 - - [22/Nov/2010:14:35:57 -0800] "HEAD / HTTP/1.0" 200 - "http://www.thetinnitustherapy.com/3-methods-of-curing-your-tinnitus.html" "Mozilla/5.0 (Windows; U; Windows NT 6.1; en-GB; rv:1.9.1.3) Gecko/20090824 Firefox/3.5.3"
67.195.114.28 - - [22/Nov/2010:14:38:13 -0800] "GET /robots.txt HTTP/1.0" 302 360 "-" "Mozilla/5.0 (compatible; Yahoo! Slurp; http://help.yahoo.com/help/us/ysearch/slurp)"
67.195.114.28 - - [22/Nov/2010:14:38:14 -0800] "GET / HTTP/1.0" 200 6179 "-" "Mozilla/5.0 (compatible; Yahoo! Slurp; http://help.yahoo.com/help/us/ysearch/slurp)"
67.195.114.28 - - [22/Nov/2010:14:38:14 -0800] "GET /log-error.log HTTP/1.0" 200 16867 "-" "Mozilla/5.0 (compatible; Yahoo! Slurp; http://help.yahoo.com/help/us/ysearch/slurp)"
123.125.71.91 - - [22/Nov/2010:14:47:15 -0800] "GET /log-error.log HTTP/1.1" 200 16867 "-" "Baiduspider+(+http://www.baidu.com/search/spider.htm)"
116.237.82.173 - - [22/Nov/2010:15:02:46 -0800] "HEAD / HTTP/1.0" 200 - "http://www.thetinnitustherapy.com/alternative-and-complementary-medicine-approach-for-relief-of-tinnitus.html" "Mozilla/4.0 (compatible; MSIE 8.0; Windows NT 6.1; WOW64; Trident/4.0; SLCC2; Media Center PC 6.0; InfoPath.2; MS-RTC LM 8)"
66.249.68.177 - - [22/Nov/2010:15:20:54 -0800] "GET /robots.txt HTTP/1.1" 302 360 "-" "Mozilla/5.0 (compatible; Googlebot/2.1; +http://www.google.com/bot.html)"
66.249.68.177 - - [22/Nov/2010:15:20:54 -0800] "GET /evilfuckers-access.log HTTP/1.1" 200 12866 "-" "Mozilla/5.0 (compatible; Googlebot/2.1; +http://www.google.com/bot.html)"
116.237.82.173 - - [22/Nov/2010:15:33:25 -0800] "HEAD / HTTP/1.0" 200 - "http://www.thetinnitustherapy.com/a-medical-perspective-on-tinnitus.html" "Mozilla/4.0 (compatible; MSIE 7.0; Windows NT 5.1; .NET CLR 1.1.4322; .NET CLR 2.0.50727; .NET CLR 3.0.04506.30)"
66.249.67.229 - - [22/Nov/2010:15:42:56 -0800] "GET /robots.txt HTTP/1.1" 302 360 "-" "Googlebot-Image/1.0"
66.249.67.229 - - [22/Nov/2010:15:42:56 -0800] "GET /icons/back.gif HTTP/1.1" 200 216 "-" "Googlebot-Image/1.0"
96.31.166.228 - - [22/Nov/2010:15:55:37 -0800] "GET /robots.txt HTTP/1.1" 302 360 "-" "Mozilla/5.0 (compatible; Search17Bot/1.1; http://www.search17.com/bot.php)"
96.31.166.228 - - [22/Nov/2010:15:55:37 -0800] "GET / HTTP/1.1" 200 6179 "-" "Mozilla/5.0 (compatible; Search17Bot/1.1; http://www.search17.com/bot.php)"
96.31.166.228 - - [22/Nov/2010:15:55:38 -0800] "GET /ferality-access.log HTTP/1.1" 200 20138 "-" "Mozilla/5.0 (compatible; Search17Bot/1.1; http://www.search17.com/bot.php)"
96.31.166.228 - - [22/Nov/2010:15:55:38 -0800] "GET /sharkbomb-access.log HTTP/1.1" 200 15782 "-" "Mozilla/5.0 (compatible; Search17Bot/1.1; http://www.search17.com/bot.php)"
96.31.166.228 - - [22/Nov/2010:15:55:38 -0800] "GET /evilfuckers-error.log HTTP/1.1" 200 1665 "-" "Mozilla/5.0 (compatible; Search17Bot/1.1; http://www.search17.com/bot.php)"
96.31.166.228 - - [22/Nov/2010:15:55:38 -0800] "GET /dustinharley-error.log HTTP/1.1" 200 4088 "-" "Mozilla/5.0 (compatible; Search17Bot/1.1; http://www.search17.com/bot.php)"
96.31.166.228 - - [22/Nov/2010:15:55:39 -0800] "GET /?C=N;O=D HTTP/1.1" 200 6182 "-" "Mozilla/5.0 (compatible; Search17Bot/1.1; http://www.search17.com/bot.php)"
96.31.166.228 - - [22/Nov/2010:15:55:39 -0800] "GET /?C=N;O=A HTTP/1.1" 200 6182 "-" "Mozilla/5.0 (compatible; Search17Bot/1.1; http://www.search17.com/bot.php)"
96.31.166.228 - - [22/Nov/2010:15:55:39 -0800] "GET /orbsucks-access.log HTTP/1.1" 200 - "-" "Mozilla/5.0 (compatible; Search17Bot/1.1; http://www.search17.com/bot.php)"
96.31.166.228 - - [22/Nov/2010:15:55:39 -0800] "GET /terhanian-error.log HTTP/1.1" 200 - "-" "Mozilla/5.0 (compatible; Search17Bot/1.1; http://www.search17.com/bot.php)"
96.31.166.228 - - [22/Nov/2010:15:55:39 -0800] "GET /?C=D;O=D HTTP/1.1" 200 6182 "-" "Mozilla/5.0 (compatible; Search17Bot/1.1; http://www.search17.com/bot.php)"
96.31.166.228 - - [22/Nov/2010:15:55:39 -0800] "GET /?C=M;O=D HTTP/1.1" 200 6182 "-" "Mozilla/5.0 (compatible; Search17Bot/1.1; http://www.search17.com/bot.php)"
116.237.82.173 - - [22/Nov/2010:16:03:56 -0800] "HEAD / HTTP/1.0" 200 - "http://www.thetinnitustherapy.com/an-effective-tinnitus-treatment-is-here.html" "Mozilla/5.0 (Windows; U; Windows NT 5.1; pl; rv:1.9.1.3) Gecko/20090824 Firefox/3.5.3"
93.158.148.31 - - [22/Nov/2010:16:21:47 -0800] "GET /robots.txt HTTP/1.1" 302 360 "-" "Mozilla/5.0 (compatible; YandexBot/3.0; +http://yandex.com/bots)"
116.237.82.173 - - [22/Nov/2010:16:37:55 -0800] "HEAD / HTTP/1.0" 200 - "http://www.thetinnitustherapy.com/anxiety-with-pulsatile-tinnitus-do-not-let-it-get-the-best-of-you.html" "Mozilla/5.0 (Windows; U; Windows NT 6.1; en-GB; rv:1.9.1.3) Gecko/20090824 Firefox/3.5.3"
91.201.66.28 - - [22/Nov/2010:17:11:17 -0800] "GET /terhanian-error.log HTTP/1.0" 200 - "http://allbestcasino.com/?page_id=558" "Mozilla/4.0 (compatible; MSIE 5.5; Windows 95; BCD2000)"
91.201.66.28 - - [22/Nov/2010:17:11:18 -0800] "GET /terhanian-error.log HTTP/1.0" 200 - "http://allbestcasino.com/?page_id=558" "Mozilla/4.0 (compatible; MSIE 6.0; Windows NT 5.1; SV1; .NET CLR 1.0.3705; .NET CLR 1.1.4322; .NET CLR 2.0.40607)"
91.201.66.28 - - [22/Nov/2010:17:11:18 -0800] "GET /terhanian-error.log HTTP/1.0" 200 - "http://allbestcasino.com/?page_id=558" "Mozilla/3.0 (x86 [en] Windows NT 5.1; Sun)"
91.201.66.28 - - [22/Nov/2010:17:11:19 -0800] "GET /terhanian-error.log HTTP/1.0" 200 - "http://allbestcasino.com/?page_id=558" "Mozilla/6.0 (compatible; MSIE 7.0a1; Windows NT 5.2; SV1)"
91.201.66.28 - - [22/Nov/2010:17:11:19 -0800] "GET /terhanian-error.log HTTP/1.0" 200 - "http://allbestcasino.com/?page_id=558" "Mozilla/4.0 (compatible; MSIE 6.0; Update a; AOL 6.0; Windows 98)"
116.237.82.173 - - [22/Nov/2010:17:15:21 -0800] "HEAD / HTTP/1.0" 200 - "http://www.thetinnitustherapy.com/a-way-towards-contentment-remedies-to-stop-ringing-ears.html" "Mozilla/5.0 (Windows; U; Windows NT 6.1; en-GB; rv:1.9.1.3) Gecko/20090824 Firefox/3.5.3"
220.181.108.169 - - [22/Nov/2010:17:18:39 -0800] "GET / HTTP/1.1" 200 6182 "-" "Baiduspider+(+http://www.baidu.com/search/spider.htm)"
220.181.108.151 - - [22/Nov/2010:17:27:24 -0800] "GET /robots.txt HTTP/1.1" 302 360 "-" "Baiduspider+(+http://www.baidu.com/search/spider.htm)"
220.181.108.156 - - [22/Nov/2010:17:27:24 -0800] "GET / HTTP/1.1" 200 6179 "-" "Baiduspider+(+http://www.baidu.com/search/spider.htm)"
116.237.82.173 - - [22/Nov/2010:17:54:18 -0800] "HEAD / HTTP/1.0" 200 - "http://www.thetinnitustherapy.com/buzzing-in-ears-understanding-your-tinnitus-better.html" "Mozilla/4.0 (compatible; MSIE 8.0; Windows NT 6.1; WOW64; Trident/4.0; SLCC2; Media Center PC 6.0; InfoPath.2; MS-RTC LM 8)"
116.237.82.173 - - [22/Nov/2010:18:29:45 -0800] "HEAD / HTTP/1.0" 200 - "http://www.thetinnitustherapy.com/buzzing-in-ear-why-will-the-buzzing-not-go-away-and-how-can-you-cure-it.html" "Opera/9.64(Windows NT 5.1; U; en) Presto/2.1.1"
87.222.25.25 - - [22/Nov/2010:18:33:47 -0800] "GET /log-error.log HTTP/1.1" 200 17519 "http://www.atma.es/" "Mozilla/5.0 (Windows; U; Windows NT 5.1; es-ES; rv:1.8.1.20) Gecko/20081217 Firefox/2.0.0.20"
87.222.25.25 - - [22/Nov/2010:18:33:48 -0800] "GET /favicon.ico HTTP/1.1" 302 360 "-" "Mozilla/5.0 (Windows; U; Windows NT 5.1; es-ES; rv:1.8.1.20) Gecko/20081217 Firefox/2.0.0.20"
87.222.25.25 - - [22/Nov/2010:18:34:18 -0800] "GET /favicon.ico HTTP/1.1" 302 360 "-" "Mozilla/5.0 (Windows; U; Windows NT 5.1; es-ES; rv:1.8.1.20) Gecko/20081217 Firefox/2.0.0.20"
87.222.25.25 - - [22/Nov/2010:18:34:40 -0800] "GET / HTTP/1.1" 200 6179 "-" "Mozilla/5.0 (Windows; U; Windows NT 5.1; es-ES; rv:1.8.1.20) Gecko/20081217 Firefox/2.0.0.20"
93.158.148.31 - - [22/Nov/2010:18:39:56 -0800] "GET / HTTP/1.1" 200 6182 "-" "Mozilla/5.0 (compatible; YandexBot/3.0; +http://yandex.com/bots)"
67.195.114.28 - - [22/Nov/2010:18:41:55 -0800] "GET /clownjuice-access.log HTTP/1.0" 200 2590 "-" "Mozilla/5.0 (compatible; Yahoo! Slurp; http://help.yahoo.com/help/us/ysearch/slurp)"
66.249.67.229 - - [22/Nov/2010:18:43:50 -0800] "GET /browserbomb-error.log HTTP/1.1" 200 444 "-" "Mozilla/5.0 (compatible; Googlebot/2.1; +http://www.google.com/bot.html)"
116.237.82.173 - - [22/Nov/2010:19:08:58 -0800] "HEAD / HTTP/1.0" 200 - "http://www.thetinnitustherapy.com/can-i-cure-ringing-ears-during-pregnancy.html" "Mozilla/5.0 (Windows; U; Windows NT 6.1; en-US) AppleWebKit/532.2 (KHTML, like Gecko) Chrome/4.0.221.7 Safari/532.2"
220.181.108.167 - - [22/Nov/2010:19:24:24 -0800] "GET / HTTP/1.1" 200 6179 "-" "Baiduspider+(+http://www.baidu.com/search/spider.htm)"
116.237.82.173 - - [22/Nov/2010:19:44:31 -0800] "HEAD / HTTP/1.0" 200 - "http://www.thetinnitustherapy.com/causes-of-tinnitus-and-dizziness-revealed.html" "Mozilla/5.0 (Windows; U; Windows NT 5.1; pl; rv:1.9.1.3) Gecko/20090824 Firefox/3.5.3"
66.249.68.176 - - [22/Nov/2010:20:38:01 -0800] "GET /robots.txt HTTP/1.1" 302 361 "-" "Googlebot-Image/1.0"
66.249.68.176 - - [22/Nov/2010:20:38:01 -0800] "GET /icons/folder.gif HTTP/1.1" 200 225 "-" "Googlebot-Image/1.0"
208.80.194.27 - - [22/Nov/2010:20:51:52 -0800] "GET / HTTP/1.0" 200 6182 "-" "Mozilla/4.0 (compatible; MSIE 6.0; Windows 98; pl) Opera 8.54"
93.158.148.31 - - [22/Nov/2010:20:58:07 -0800] "GET /clownjuice-access.log HTTP/1.1" 200 3073 "-" "Mozilla/5.0 (compatible; YandexBot/3.0; +http://yandex.com/bots)"
115.108.104.180 - - [22/Nov/2010:21:01:58 -0800] "GET /log-error.log HTTP/1.1" 200 17828 "http://www.google.com/url?sa=t&source=web&cd=17&ved=0CEQQFjAGOAo&url=http%3A%2F%2Fmail.clownjuice.com%2Flog-error.log&rct=j&q=http%3A%2F%2Fwww.log.ph%2Findex.php&ei=k1jrTP7EMIuevQOzgojVAQ&usg=AFQjCNGDF-LMibm8NowTwdzxj2DXy5Ui7w&sig2=LyLJR9LH0ZKpb2D5OMfSUg&cad=rja" "Mozilla/5.0 (Windows; U; Windows NT 5.1; en-US; rv:1.9.0.19) Gecko/2010031422 Firefox/3.0.19 GTB7.1"
115.108.104.180 - - [22/Nov/2010:21:02:00 -0800] "GET /favicon.ico HTTP/1.1" 302 359 "-" "Mozilla/5.0 (Windows; U; Windows NT 5.1; en-US; rv:1.9.0.19) Gecko/2010031422 Firefox/3.0.19 GTB7.1"
115.108.104.180 - - [22/Nov/2010:21:02:02 -0800] "GET / HTTP/1.1" 200 6179 "-" "Mozilla/5.0 (Windows; U; Windows NT 5.1; en-US; rv:1.9.0.19) Gecko/2010031422 Firefox/3.0.19 GTB7.1"
115.108.104.180 - - [22/Nov/2010:21:02:07 -0800] "GET /favicon.ico HTTP/1.1" 302 359 "-" "Mozilla/5.0 (Windows; U; Windows NT 5.1; en-US; rv:1.9.0.19) Gecko/2010031422 Firefox/3.0.19 GTB7.1"
115.108.104.180 - - [22/Nov/2010:21:02:08 -0800] "GET / HTTP/1.1" 200 6179 "-" "Mozilla/5.0 (Windows; U; Windows NT 5.1; en-US; rv:1.9.0.19) Gecko/2010031422 Firefox/3.0.19 GTB7.1"
220.181.108.181 - - [22/Nov/2010:21:17:20 -0800] "GET / HTTP/1.1" 200 6182 "-" "Baiduspider+(+http://www.baidu.com/search/spider.htm)"
91.201.66.28 - - [22/Nov/2010:22:03:48 -0800] "GET /terhanian-error.log HTTP/1.0" 200 - "http://allbestcasino.com/?page_id=558" "Mozilla/4.0 (compatible; MSIE 5.5; Windows NT 4.0)"
91.201.66.28 - - [22/Nov/2010:22:03:48 -0800] "GET /terhanian-error.log HTTP/1.0" 200 - "http://allbestcasino.com/?page_id=558" "Mozilla/4.0 (compatible; MSIE 6.0; Windows NT 5.1)"
91.201.66.28 - - [22/Nov/2010:22:03:49 -0800] "GET /terhanian-error.log HTTP/1.0" 200 - "http://allbestcasino.com/?page_id=558" "Mozilla/4.0 (compatible; MSIE 6.0; Windows NT 5.1; SV1; Media Center PC"
91.201.66.28 - - [22/Nov/2010:22:03:49 -0800] "GET /terhanian-error.log HTTP/1.0" 200 - "http://allbestcasino.com/?page_id=558" "Opera/9.00 (Windows NT 4.0; U; en)"
91.201.66.28 - - [22/Nov/2010:22:03:50 -0800] "GET /terhanian-error.log HTTP/1.0" 200 - "http://allbestcasino.com/?page_id=558" "Mozilla/4.0 (compatible; MSIE 6.0; Windows NT 5.1; FREE; .NET CLR 1.1.4322)"
220.181.108.176 - - [22/Nov/2010:22:17:26 -0800] "GET / HTTP/1.1" 200 6182 "-" "Baiduspider+(+http://www.baidu.com/search/spider.htm)"
66.249.67.141 - - [22/Nov/2010:22:52:47 -0800] "GET /robots.txt HTTP/1.1" 302 357 "-" "Mozilla/5.0 (compatible; Googlebot/2.1; +http://www.google.com/bot.html)"
66.249.67.141 - - [22/Nov/2010:22:52:47 -0800] "GET / HTTP/1.1" 200 6179 "-" "Mozilla/5.0 (compatible; Googlebot/2.1; +http://www.google.com/bot.html)"
66.249.67.141 - - [22/Nov/2010:22:52:47 -0800] "GET /browserbomb-error.log HTTP/1.1" 200 444 "-" "Mozilla/5.0 (compatible; Googlebot/2.1; +http://www.google.com/bot.html)"
93.158.148.31 - - [22/Nov/2010:23:16:16 -0800] "GET /jasoncmartin-access.log HTTP/1.1" 200 14022 "-" "Mozilla/5.0 (compatible; YandexBot/3.0; +http://yandex.com/bots)"
220.181.108.170 - - [22/Nov/2010:23:24:53 -0800] "GET / HTTP/1.1" 200 6179 "-" "Baiduspider+(+http://www.baidu.com/search/spider.htm)"
207.46.204.163 - - [22/Nov/2010:23:41:01 -0800] "GET /clownjuice-access.log HTTP/1.1" 200 4231 "-" "Mozilla/4.0 (compatible; MSIE 6.0; Windows NT 5.2; SLCC1; .NET CLR 1.1.4325; .NET CLR 2.0.50727; .NET CLR 3.0.30729)"
174.136.26.181 - - [23/Nov/2010:00:14:55 -0800] "GET //index.php?option=com_joomap&controller=../../../../../../../../../../../../../../../../../../../../../../../..//proc/self/environ%0000 HTTP/1.1" 302 360 "-" "Mozilla/5.0 (Windows; U; Windows NT 5.1; en-US; rv:1.9.2) Gecko/20100115 Firefox/3.6"
174.136.26.181 - - [23/Nov/2010:00:14:55 -0800] "GET / HTTP/1.1" 200 6179 "-" "Mozilla/5.0 (Windows; U; Windows NT 5.1; en-US; rv:1.9.2) Gecko/20100115 Firefox/3.6"
66.249.67.229 - - [23/Nov/2010:00:57:48 -0800] "GET /robots.txt HTTP/1.1" 302 360 "-" "Mozilla/5.0 (compatible; Googlebot/2.1; +http://www.google.com/bot.html)"
66.249.67.229 - - [23/Nov/2010:00:57:48 -0800] "GET /nov2010/ HTTP/1.1" 200 6156 "-" "Mozilla/5.0 (compatible; Googlebot/2.1; +http://www.google.com/bot.html)"
78.129.220.9 - - [23/Nov/2010:01:05:45 -0800] "GET /index.php?option=com_joomap&controller=../../../../../../../../../../../../../../../proc/self/environ%00 HTTP/1.1" 302 360 "-" "libwww-perl/5.837"
78.129.220.9 - - [23/Nov/2010:01:05:46 -0800] "GET / HTTP/1.1" 200 6179 "-" "libwww-perl/5.837"
150.70.75.33 - - [23/Nov/2010:01:15:50 -0800] "GET / HTTP/1.0" 200 6182 "-" "Mozilla/4.0 (compatible; MSIE 6.0; Windows NT 5.1)"
66.249.67.141 - - [23/Nov/2010:01:38:01 -0800] "GET /icons/back.gif HTTP/1.1" 200 216 "-" "Googlebot-Image/1.0"
207.46.199.179 - - [23/Nov/2010:02:25:47 -0800] "GET /robots.txt HTTP/1.1" 302 360 "-" "Mozilla/5.0 (compatible; bingbot/2.0; +http://www.bing.com/bingbot.htm)"
207.46.199.179 - - [23/Nov/2010:02:25:47 -0800] "GET / HTTP/1.1" 200 6179 "-" "Mozilla/5.0 (compatible; bingbot/2.0; +http://www.bing.com/bingbot.htm)"
93.158.148.31 - - [23/Nov/2010:02:27:45 -0800] "GET /log-error.log HTTP/1.1" 200 18586 "-" "Mozilla/5.0 (compatible; YandexBot/3.0; +http://yandex.com/bots)"
91.201.66.28 - - [23/Nov/2010:03:17:06 -0800] "GET / HTTP/1.0" 200 6181 "http://allbestcasino.com/?page_id=558" "Mozilla/4.0 (compatible; MSIE 6.0; Windows NT 5.0; .NET CLR 1.0.3705; .NET CLR 1.1.4322)"
91.201.66.28 - - [23/Nov/2010:03:17:07 -0800] "GET / HTTP/1.0" 200 6181 "http://allbestcasino.com/?page_id=558" "Opera/9.0 (Windows NT 5.1; U; en)"
91.201.66.28 - - [23/Nov/2010:03:17:07 -0800] "GET / HTTP/1.0" 200 6181 "http://allbestcasino.com/?page_id=558" "Mozilla/4.0 (compatible; MSIE 6.0; Windows NT 5.1; SV1; InfoPath.1"
91.201.66.28 - - [23/Nov/2010:03:17:08 -0800] "GET / HTTP/1.0" 200 6181 "http://allbestcasino.com/?page_id=558" "Mozilla/4.0 (compatible; MSIE 6.0; Windows NT 5.1; SV1; InfoPath.1)"
91.201.66.28 - - [23/Nov/2010:03:17:08 -0800] "GET / HTTP/1.0" 200 6181 "http://allbestcasino.com/?page_id=558" "Mozilla/4.0 (compatible; MSIE 5.0; Windows NT; DigExt)"
123.125.71.78 - - [23/Nov/2010:04:20:09 -0800] "GET / HTTP/1.1" 200 6182 "-" "Baiduspider+(+http://www.baidu.com/search/spider.htm)"
220.181.108.185 - - [23/Nov/2010:04:24:13 -0800] "GET / HTTP/1.1" 200 6179 "-" "Baiduspider+(+http://www.baidu.com/search/spider.htm)"
91.201.66.28 - - [23/Nov/2010:04:41:14 -0800] "GET / HTTP/1.0" 200 6181 "http://allbestcasino.com/?page_id=558" "Mozilla/4.0 (compatible; MSIE 6.0; Windows NT 5.1; SV1; MRA 4.6 (build 01425); MRSPUTNIK 1, 5, 0, 19 SW)"
91.201.66.28 - - [23/Nov/2010:04:41:15 -0800] "GET / HTTP/1.0" 200 6181 "http://allbestcasino.com/?page_id=558" "Mozilla/4.0 (compatible; MSIE 6.0; Windows NT 5.1; SV1)"
91.201.66.28 - - [23/Nov/2010:04:41:15 -0800] "GET / HTTP/1.0" 200 6181 "http://allbestcasino.com/?page_id=558" "Mozilla/4.0 (compatible; MSIE 6.0; Windows NT 5.1; SV1; .NET CLR 1.1.4322)"
91.201.66.28 - - [23/Nov/2010:04:41:19 -0800] "GET / HTTP/1.0" 200 6181 "http://allbestcasino.com/?page_id=558" "Mozilla/4.0 (compatible; MSIE 6.0; Windows NT 5.2; SV1; .NET CLR 1.1.4322; .NET CLR 2.0.50727)"
91.201.66.28 - - [23/Nov/2010:04:41:19 -0800] "GET / HTTP/1.0" 200 6181 "http://allbestcasino.com/?page_id=558" "Mozilla/4.0 (compatible; MSIE 5.5; Windows NT 5.0; T312461)"
66.249.67.12 - - [23/Nov/2010:05:07:42 -0800] "GET /robots.txt HTTP/1.1" 302 359 "-" "Mozilla/5.0 (compatible; Googlebot/2.1; +http://www.google.com/bot.html)"
66.249.67.12 - - [23/Nov/2010:05:07:42 -0800] "GET /log-error.log HTTP/1.1" 200 18688 "-" "Mozilla/5.0 (compatible; Googlebot/2.1; +http://www.google.com/bot.html)"
93.158.148.31 - - [23/Nov/2010:05:39:13 -0800] "GET /ferality-access.log HTTP/1.1" 200 22955 "-" "Mozilla/5.0 (compatible; YandexBot/3.0; +http://yandex.com/bots)"
119.63.198.17 - - [23/Nov/2010:06:19:54 -0800] "GET /robots.txt HTTP/1.1" 302 360 "-" "Baiduspider+(+http://www.baidu.com/search/spider.htm)"
119.63.198.37 - - [23/Nov/2010:06:19:54 -0800] "GET / HTTP/1.1" 200 6179 "-" "Baiduspider+(+http://www.baidu.com/search/spider.htm)"
66.249.68.176 - - [23/Nov/2010:06:38:01 -0800] "GET /robots.txt HTTP/1.1" 302 361 "-" "Googlebot-Image/1.0"
66.249.68.176 - - [23/Nov/2010:06:38:01 -0800] "GET /icons/back.gif HTTP/1.1" 200 216 "-" "Googlebot-Image/1.0"
123.125.71.91 - - [23/Nov/2010:06:41:40 -0800] "GET / HTTP/1.1" 200 6179 "-" "Baiduspider+(+http://www.baidu.com/search/spider.htm)"
127.0.0.1 - - [23/Nov/2010:06:46:30 -0800] "OPTIONS * HTTP/1.0" 200 - "-" "Apache/2.2.11 (FreeBSD) mod_ssl/2.2.11 OpenSSL/0.9.8e DAV/2 PHP/5.2.9 with Suhosin-Patch (internal dummy connection)"
127.0.0.1 - - [23/Nov/2010:06:46:31 -0800] "OPTIONS * HTTP/1.0" 200 - "-" "Apache/2.2.11 (FreeBSD) mod_ssl/2.2.11 OpenSSL/0.9.8e DAV/2 PHP/5.2.9 with Suhosin-Patch (internal dummy connection)"
127.0.0.1 - - [23/Nov/2010:06:46:32 -0800] "OPTIONS * HTTP/1.0" 200 - "-" "Apache/2.2.11 (FreeBSD) mod_ssl/2.2.11 OpenSSL/0.9.8e DAV/2 PHP/5.2.9 with Suhosin-Patch (internal dummy connection)"
91.201.66.28 - - [23/Nov/2010:07:21:43 -0800] "GET / HTTP/1.0" 200 6181 "http://allbestcasino.com/?page_id=558" "Mozilla/5.0 (Windows NT 5.1; U; en) Opera 8.00"
91.201.66.28 - - [23/Nov/2010:07:21:44 -0800] "GET / HTTP/1.0" 200 6181 "http://allbestcasino.com/?page_id=558" "Mozilla/4.0 (compatible; MSIE 6.0; Windows NT 5.0; .NET CLR 1.0.3705; .NET CLR 1.1.4322)"
91.201.66.28 - - [23/Nov/2010:07:21:45 -0800] "GET / HTTP/1.0" 200 6181 "http://allbestcasino.com/?page_id=558" "Mozilla/4.0 (compatible; MSIE 5.5; Windows 95)"
91.201.66.28 - - [23/Nov/2010:07:21:45 -0800] "GET / HTTP/1.0" 200 6181 "http://allbestcasino.com/?page_id=558" "Mozilla/4.0 (compatible; MSIE 6.0; Windows NT 5.1; SV1; .NET CLR 1.1.4322) Babya Discoverer 8.0:"
91.201.66.28 - - [23/Nov/2010:07:21:46 -0800] "GET / HTTP/1.0" 200 6181 "http://allbestcasino.com/?page_id=558" "Mozilla/4.0 (compatible; MSIE 5.01; Windows 95; MSIECrawler)"
119.63.198.6 - - [23/Nov/2010:08:22:29 -0800] "GET /robots.txt HTTP/1.1" 302 357 "-" "Baiduspider+(+http://www.baidu.com/search/spider.htm)"
119.63.198.33 - - [23/Nov/2010:08:22:30 -0800] "GET / HTTP/1.1" 200 6179 "-" "Baiduspider+(+http://www.baidu.com/search/spider.htm)"
66.249.67.146 - - [23/Nov/2010:08:41:46 -0800] "GET /robots.txt HTTP/1.1" 302 359 "-" "Mozilla/5.0 (compatible; Googlebot/2.1; +http://www.google.com/bot.html)"
66.249.67.146 - - [23/Nov/2010:08:41:46 -0800] "GET /vaginacide-access.log HTTP/1.1" 302 359 "-" "Mozilla/5.0 (compatible; Googlebot/2.1; +http://www.google.com/bot.html)"
66.249.67.141 - - [23/Nov/2010:08:41:47 -0800] "GET / HTTP/1.1" 200 6179 "-" "Mozilla/5.0 (compatible; Googlebot/2.1; +http://www.google.com/bot.html)"
93.158.148.31 - - [23/Nov/2010:08:51:48 -0800] "GET /2girls4lokos-error.log HTTP/1.1" 200 11334 "-" "Mozilla/5.0 (compatible; YandexBot/3.0; +http://yandex.com/bots)"
220.181.108.187 - - [23/Nov/2010:09:17:03 -0800] "GET / HTTP/1.1" 200 6182 "-" "Baiduspider+(+http://www.baidu.com/search/spider.htm)"
220.181.108.163 - - [23/Nov/2010:09:40:56 -0800] "GET /robots.txt HTTP/1.1" 302 357 "-" "Baiduspider+(+http://www.baidu.com/search/spider.htm)"
220.181.108.143 - - [23/Nov/2010:09:40:56 -0800] "GET / HTTP/1.1" 200 6179 "-" "Baiduspider+(+http://www.baidu.com/search/spider.htm)"
220.181.108.185 - - [23/Nov/2010:10:17:00 -0800] "GET / HTTP/1.1" 200 6182 "-" "Baiduspider+(+http://www.baidu.com/search/spider.htm)"
66.249.68.176 - - [23/Nov/2010:10:29:07 -0800] "GET /gorgeworld-error.log HTTP/1.1" 200 909 "-" "Mozilla/5.0 (compatible; Googlebot/2.1; +http://www.google.com/bot.html)"
91.201.66.28 - - [23/Nov/2010:11:06:11 -0800] "GET / HTTP/1.0" 200 6181 "http://allbestcasino.com/?page_id=558" "Mozilla/4.76 [en] (Windows NT 5.0; U)"
91.201.66.28 - - [23/Nov/2010:11:06:12 -0800] "GET / HTTP/1.0" 200 6181 "http://allbestcasino.com/?page_id=558" "Mozilla/4.0 (compatible; MSIE 6.0; Windows NT 5.0; APC; .NET CLR 1.0.3705; .NET CLR 1.1.4322; .NET CLR 2.0.50215; InfoPath.1)"
91.201.66.28 - - [23/Nov/2010:11:06:13 -0800] "GET / HTTP/1.0" 200 6181 "http://allbestcasino.com/?page_id=558" "Mozilla/4.0 (compatible; MSIE 5.5; Windows 95; BCD2000)"
91.201.66.28 - - [23/Nov/2010:11:06:13 -0800] "GET / HTTP/1.0" 200 6181 "http://allbestcasino.com/?page_id=558" "Mozilla/4.0 (compatible; MSIE 6.0; Windows NT 5.1; SV1)"
91.201.66.28 - - [23/Nov/2010:11:06:13 -0800] "GET / HTTP/1.0" 200 6181 "http://allbestcasino.com/?page_id=558" "Mozilla/4.0 (compatible; MSIE 6.0; Windows NT 5.0; Avant Browser [avantbrowser.com]; Hotbar 4.4.5.0)"
93.158.148.31 - - [23/Nov/2010:11:28:58 -0800] "GET /jasoncmartin-error.log HTTP/1.1" 200 4664 "-" "Mozilla/5.0 (compatible; YandexBot/3.0; +http://yandex.com/bots)"
220.181.108.183 - - [23/Nov/2010:12:25:07 -0800] "GET / HTTP/1.1" 200 6179 "-" "Baiduspider+(+http://www.baidu.com/search/spider.htm)"
66.249.68.176 - - [23/Nov/2010:12:42:22 -0800] "GET /robots.txt HTTP/1.1" 302 361 "-" "Mozilla/5.0 (compatible; Googlebot/2.1; +http://www.google.com/bot.html)"
66.249.68.176 - - [23/Nov/2010:12:42:22 -0800] "GET /nov2010/browserbomb-access.log HTTP/1.1" 304 - "-" "Mozilla/5.0 (compatible; Googlebot/2.1; +http://www.google.com/bot.html)"
178.33.3.23 - - [23/Nov/2010:12:46:20 -0800] "GET /?option=com_fabrik&controller=../../../../../../../../../../../../../../../../../../../proc/self/environ%00 HTTP/1.1" 200 6182 "-" "Mozilla/5.0 (Windows; U; Windows NT 5.1; en-US; rv:1.9.2) Gecko/20100115 Firefox/3.6"
217.217.86.191 - - [23/Nov/2010:13:30:41 -0800] "HEAD /gorgeworld-access.log HTTP/1.0" 200 - "-" "Wget/1.11.4"
217.217.86.191 - - [23/Nov/2010:13:33:11 -0800] "HEAD /log-access.log HTTP/1.0" 200 - "-" "Wget/1.11.4"
217.217.86.191 - - [23/Nov/2010:13:33:52 -0800] "HEAD /gorgeworld-access.log HTTP/1.0" 200 - "-" "Wget/1.11.4"
217.217.86.191 - - [23/Nov/2010:13:33:53 -0800] "HEAD /evilfuckers-access.log HTTP/1.0" 200 - "-" "Wget/1.11.4"
217.217.86.191 - - [23/Nov/2010:13:33:54 -0800] "HEAD /sharkbomb-access.log HTTP/1.0" 200 - "-" "Wget/1.11.4"
217.217.86.191 - - [23/Nov/2010:13:33:54 -0800] "HEAD /ferality-access.log HTTP/1.0" 200 - "-" "Wget/1.11.4"
217.217.86.191 - - [23/Nov/2010:13:35:17 -0800] "GET /gorgeworld-access.log HTTP/1.0" 200 3818 "-" "Wget/1.11.4"
93.158.148.31 - - [23/Nov/2010:13:48:29 -0800] "GET /evilfuckers-access.log HTTP/1.1" 200 16557 "-" "Mozilla/5.0 (compatible; YandexBot/3.0; +http://yandex.com/bots)"
220.181.108.187 - - [23/Nov/2010:14:17:35 -0800] "GET / HTTP/1.1" 200 6182 "-" "Baiduspider+(+http://www.baidu.com/search/spider.htm)"
66.249.68.177 - - [23/Nov/2010:14:20:30 -0800] "GET /robots.txt HTTP/1.1" 302 360 "-" "Mozilla/5.0 (compatible; Googlebot/2.1; +http://www.google.com/bot.html)"
66.249.68.177 - - [23/Nov/2010:14:20:30 -0800] "GET /log-error.log HTTP/1.1" 200 20058 "-" "Mozilla/5.0 (compatible; Googlebot/2.1; +http://www.google.com/bot.html)"
217.217.86.191 - - [23/Nov/2010:14:27:03 -0800] "GET /log-access.log HTTP/1.0" 200 135266 "-" "Wget/1.11.4"
217.217.86.191 - - [23/Nov/2010:14:30:49 -0800] "GET /gorgeworld-access.log HTTP/1.0" 200 3818 "-" "Wget/1.11.4"
217.217.86.191 - - [23/Nov/2010:14:30:52 -0800] "GET /evilfuckers-access.log HTTP/1.0" 200 16557 "-" "Wget/1.11.4"
217.217.86.191 - - [23/Nov/2010:14:30:53 -0800] "GET /sharkbomb-access.log HTTP/1.0" 200 23526 "-" "Wget/1.11.4"
217.217.86.191 - - [23/Nov/2010:14:30:54 -0800] "GET /ferality-access.log HTTP/1.0" 200 27270 "-" "Wget/1.11.4"
87.231.248.252 - - [23/Nov/2010:14:36:54 -0800] "GET /browserbomb-access.log HTTP/1.0" 200 2130 "-" "Mozilla/5.0 (compatible; Googlebot/2.1; +http://www.google.com/bot.html)"
220.181.108.168 - - [23/Nov/2010:15:25:10 -0800] "GET / HTTP/1.1" 200 6179 "-" "Baiduspider+(+http://www.baidu.com/search/spider.htm)"
173.192.212.158 - - [23/Nov/2010:16:09:20 -0800] "GET /w00tw00t.at.ISC.SANS.DFind:) HTTP/1.1" 400 375 "-" "-"
220.181.108.186 - - [23/Nov/2010:16:25:57 -0800] "GET / HTTP/1.1" 200 6179 "-" "Baiduspider+(+http://www.baidu.com/search/spider.htm)"
203.73.225.180 - - [23/Nov/2010:16:44:08 -0800] "GET /nov2010/paxnihilo-error.log HTTP/1.1" 200 21130 "-" "Mozilla/4.0 (compatible; MSIE 7.0; Windows NT 5.1; EmbeddedWB 14.52 from: http://www.bsalsa.com/ EmbeddedWB 14.52; .NET CLR 2.0.50727; .NET CLR 3.0.04506.30)"
203.73.225.180 - - [23/Nov/2010:16:44:13 -0800] "GET /log-error.log HTTP/1.1" 200 20223 "-" "Mozilla/4.0 (compatible; MSIE 7.0; Windows NT 5.1; EmbeddedWB 14.52 from: http://www.bsalsa.com/ EmbeddedWB 14.52; .NET CLR 2.0.50727; .NET CLR 3.0.04506.30)"
203.73.225.180 - - [23/Nov/2010:16:49:55 -0800] "GET /nov2010/browserbomb-access.log HTTP/1.1" 200 202321 "-" "Mozilla/4.0 (compatible; MSIE 7.0; Windows NT 5.1; EmbeddedWB 14.52 from: http://www.bsalsa.com/ EmbeddedWB 14.52; .NET CLR 2.0.50727; .NET CLR 3.0.04506.30)"
220.181.108.174 - - [23/Nov/2010:18:17:32 -0800] "GET / HTTP/1.1" 200 6182 "-" "Baiduspider+(+http://www.baidu.com/search/spider.htm)"
93.158.148.31 - - [23/Nov/2010:18:27:30 -0800] "GET /robots.txt HTTP/1.1" 302 360 "-" "Mozilla/5.0 (compatible; YandexBot/3.0; +http://yandex.com/bots)"
66.249.68.176 - - [23/Nov/2010:18:29:30 -0800] "GET /2girls4lokos-error.log HTTP/1.1" 200 11786 "-" "Mozilla/5.0 (compatible; Googlebot/2.1; +http://www.google.com/bot.html)"
66.249.67.229 - - [23/Nov/2010:19:12:19 -0800] "GET /robots.txt HTTP/1.1" 302 360 "-" "Mozilla/5.0 (compatible; Googlebot/2.1; +http://www.google.com/bot.html)"
66.249.67.229 - - [23/Nov/2010:19:12:19 -0800] "GET /browserbomb-access.log HTTP/1.1" 200 2130 "-" "Mozilla/5.0 (compatible; Googlebot/2.1; +http://www.google.com/bot.html)"
220.181.108.151 - - [23/Nov/2010:19:56:00 -0800] "GET /robots.txt HTTP/1.1" 302 360 "-" "Baiduspider+(+http://www.baidu.com/search/spider.htm)"
220.181.108.155 - - [23/Nov/2010:19:56:01 -0800] "GET / HTTP/1.1" 200 6179 "-" "Baiduspider+(+http://www.baidu.com/search/spider.htm)"
66.249.67.229 - - [23/Nov/2010:20:15:29 -0800] "GET /jasoncmartin-error.log HTTP/1.1" 200 4989 "-" "Mozilla/5.0 (compatible; Googlebot/2.1; +http://www.google.com/bot.html)"
220.181.108.183 - - [23/Nov/2010:20:24:04 -0800] "GET / HTTP/1.1" 200 6179 "-" "Baiduspider+(+http://www.baidu.com/search/spider.htm)"
93.158.148.31 - - [23/Nov/2010:20:47:01 -0800] "GET /?C=N;O=D HTTP/1.1" 200 6182 "-" "Mozilla/5.0 (compatible; YandexBot/3.0; +http://yandex.com/bots)"
93.158.148.31 - - [23/Nov/2010:21:45:56 -0800] "GET /sharkbomb-access.log HTTP/1.1" 200 24820 "-" "Mozilla/5.0 (compatible; YandexBot/3.0; +http://yandex.com/bots)"
93.158.148.31 - - [23/Nov/2010:21:45:59 -0800] "GET /log-error.log HTTP/1.1" 200 20534 "-" "Mozilla/5.0 (compatible; YandexBot/3.0; +http://yandex.com/bots)"
66.249.67.229 - - [23/Nov/2010:22:09:13 -0800] "GET /nov2010/clownjuice-error.log HTTP/1.1" 304 - "-" "Mozilla/5.0 (compatible; Googlebot/2.1; +http://www.google.com/bot.html)"
220.181.108.182 - - [23/Nov/2010:22:17:15 -0800] "GET / HTTP/1.1" 200 6182 "-" "Baiduspider+(+http://www.baidu.com/search/spider.htm)"
127.0.0.1 - - [23/Nov/2010:22:44:13 -0800] "OPTIONS * HTTP/1.0" 200 - "-" "Apache/2.2.11 (FreeBSD) mod_ssl/2.2.11 OpenSSL/0.9.8e DAV/2 PHP/5.2.9 with Suhosin-Patch (internal dummy connection)"
66.249.67.229 - - [24/Nov/2010:00:02:59 -0800] "GET /nov2010/browserbomb-access.log HTTP/1.1" 304 - "-" "Mozilla/5.0 (compatible; Googlebot/2.1; +http://www.google.com/bot.html)"
220.181.108.176 - - [24/Nov/2010:00:17:43 -0800] "GET / HTTP/1.1" 200 6182 "-" "Baiduspider+(+http://www.baidu.com/search/spider.htm)"
91.201.66.28 - - [24/Nov/2010:01:42:08 -0800] "GET /terhanian-error.log HTTP/1.0" 200 - "http://casinoguideblog.com/" "Mozilla/4.76 [en] (Windows NT 5.0; U)"
91.201.66.28 - - [24/Nov/2010:01:42:09 -0800] "GET /terhanian-error.log HTTP/1.0" 200 - "http://casinoguideblog.com/" "Mozilla/4.0 (compatible; MSIE 6.0; AOL 9.0; Windows NT 5.1)"
91.201.66.28 - - [24/Nov/2010:01:42:09 -0800] "GET /terhanian-error.log HTTP/1.0" 200 - "http://casinoguideblog.com/" "Mozilla/4.0 (compatible; MSIE 6.0; Windows NT 5.1; MyIE2; Deepnet Explorer)"
91.201.66.28 - - [24/Nov/2010:01:42:10 -0800] "GET /terhanian-error.log HTTP/1.0" 200 - "http://casinoguideblog.com/" "Mozilla/4.0 (compatible; MSIE 6.0; Windows NT 5.1; SV1; .NET CLR 1.1.4322) NS8/0.9.6"
91.201.66.28 - - [24/Nov/2010:01:42:10 -0800] "GET /terhanian-error.log HTTP/1.0" 200 - "http://casinoguideblog.com/" "Mozilla/4.0 (compatible; MSIE 6.0; Windows ME) Opera 7.11 [en]"
66.249.67.229 - - [24/Nov/2010:01:56:40 -0800] "GET /robots.txt HTTP/1.1" 302 360 "-" "Mozilla/5.0 (compatible; Googlebot/2.1; +http://www.google.com/bot.html)"
66.249.67.229 - - [24/Nov/2010:01:56:40 -0800] "GET /nov2010/clownjuice-access.log HTTP/1.1" 304 - "-" "Mozilla/5.0 (compatible; Googlebot/2.1; +http://www.google.com/bot.html)"
91.201.66.28 - - [24/Nov/2010:03:26:46 -0800] "GET /terhanian-error.log HTTP/1.0" 200 - "http://casinoguideblog.com/" "Mozilla/4.0 (compatible; MSIE 6.0; Windows NT 5.1)"
91.201.66.28 - - [24/Nov/2010:03:26:46 -0800] "GET /terhanian-error.log HTTP/1.0" 200 - "http://casinoguideblog.com/" "Mozilla/4.0 (compatible; MSIE 5.5; Windows NT 5.0; T312461)"
91.201.66.28 - - [24/Nov/2010:03:26:47 -0800] "GET /terhanian-error.log HTTP/1.0" 200 - "http://casinoguideblog.com/" "Mozilla/4.76 [en] (Windows NT 5.0; U)"
91.201.66.28 - - [24/Nov/2010:03:26:47 -0800] "GET /terhanian-error.log HTTP/1.0" 200 - "http://casinoguideblog.com/" "Mozilla/4.0 (compatible; MSIE 6.0; Windows 98; Win 9x 4.90)"
91.201.66.28 - - [24/Nov/2010:03:26:47 -0800] "GET /terhanian-error.log HTTP/1.0" 200 - "http://casinoguideblog.com/" "Mozilla/4.0 (compatible; MSIE 6.0; Windows NT 5.1; SV1; YPC 3.0.2; .NET CLR 1.1.4322; yplus 4.4.02b)"
66.249.67.229 - - [24/Nov/2010:03:50:56 -0800] "GET /nov2010/paxnihilo-error.log HTTP/1.1" 304 - "-" "Mozilla/5.0 (compatible; Googlebot/2.1; +http://www.google.com/bot.html)"
93.158.148.31 - - [24/Nov/2010:03:59:00 -0800] "GET /?C=S;O=A HTTP/1.1" 200 6182 "-" "Mozilla/5.0 (compatible; YandexBot/3.0; +http://yandex.com/bots)"
220.181.108.183 - - [24/Nov/2010:04:23:52 -0800] "GET / HTTP/1.1" 200 6179 "-" "Baiduspider+(+http://www.baidu.com/search/spider.htm)"
220.181.108.177 - - [24/Nov/2010:05:17:23 -0800] "GET / HTTP/1.1" 200 6182 "-" "Baiduspider+(+http://www.baidu.com/search/spider.htm)"
66.249.67.167 - - [24/Nov/2010:05:44:33 -0800] "GET /robots.txt HTTP/1.1" 302 360 "-" "Mozilla/5.0 (compatible; Googlebot/2.1; +http://www.google.com/bot.html)"
66.249.68.177 - - [24/Nov/2010:05:44:33 -0800] "GET /evilfuckers-access.log HTTP/1.1" 200 18342 "-" "Mozilla/5.0 (compatible; Googlebot/2.1; +http://www.google.com/bot.html)"
220.181.108.181 - - [24/Nov/2010:06:17:54 -0800] "GET / HTTP/1.1" 200 6182 "-" "Baiduspider+(+http://www.baidu.com/search/spider.htm)"
91.201.66.28 - - [24/Nov/2010:06:38:20 -0800] "GET /terhanian-error.log HTTP/1.0" 200 - "http://casinoguideblog.com/" "Mozilla/4.0 (compatible; MSIE 5.0; Windows 2000) Opera 6.0 [en]"
91.201.66.28 - - [24/Nov/2010:06:38:21 -0800] "GET /terhanian-error.log HTTP/1.0" 200 - "http://casinoguideblog.com/" "Mozilla/4.0 (compatible; MSIE 6.0; Update a; AOL 6.0; Windows 98)"
91.201.66.28 - - [24/Nov/2010:06:38:21 -0800] "GET /terhanian-error.log HTTP/1.0" 200 - "http://casinoguideblog.com/" "Mozilla/4.0 (compatible; MSIE 6.0; Windows NT 5.1; MRA 4.3 (build 01218); .NET CLR 1.1.4322)"
91.201.66.28 - - [24/Nov/2010:06:38:22 -0800] "GET /terhanian-error.log HTTP/1.0" 200 - "http://casinoguideblog.com/" "Mozilla/1.22 (compatible; MSIE 2.0d; Windows NT)"
91.201.66.28 - - [24/Nov/2010:06:38:22 -0800] "GET /terhanian-error.log HTTP/1.0" 200 - "http://casinoguideblog.com/" "Mozilla/4.0 (compatible; MSIE 6.0; Windows NT 5.1; SV1; InfoPath.1"
219.240.36.36 - - [24/Nov/2010:06:39:46 -0800] "GET //index.php?option=com_fabrik&controller=../../../../../../../../../../../../../../../proc/self/environ%00 HTTP/1.1" 302 360 "-" "libwww-perl/5.65"
219.240.36.36 - - [24/Nov/2010:06:39:47 -0800] "GET / HTTP/1.1" 200 6179 "-" "libwww-perl/5.65"
127.0.0.1 - - [24/Nov/2010:08:16:20 -0800] "OPTIONS * HTTP/1.0" 200 - "-" "Apache/2.2.11 (FreeBSD) mod_ssl/2.2.11 OpenSSL/0.9.8e DAV/2 PHP/5.2.9 with Suhosin-Patch (internal dummy connection)"
93.158.148.31 - - [24/Nov/2010:08:59:35 -0800] "GET /browserbomb-access.log HTTP/1.1" 200 2432 "-" "Mozilla/5.0 (compatible; YandexBot/3.0; +http://yandex.com/bots)"
220.181.108.141 - - [24/Nov/2010:09:04:05 -0800] "GET /robots.txt HTTP/1.1" 302 357 "-" "Baiduspider+(+http://www.baidu.com/search/spider.htm)"
220.181.108.145 - - [24/Nov/2010:09:04:06 -0800] "GET / HTTP/1.1" 200 6179 "-" "Baiduspider+(+http://www.baidu.com/search/spider.htm)"
127.0.0.1 - - [24/Nov/2010:10:01:44 -0800] "OPTIONS * HTTP/1.0" 200 - "-" "Apache/2.2.11 (FreeBSD) mod_ssl/2.2.11 OpenSSL/0.9.8e DAV/2 PHP/5.2.9 with Suhosin-Patch (internal dummy connection)"
208.80.194.29 - - [24/Nov/2010:10:05:49 -0800] "GET / HTTP/1.0" 200 6182 "-" "Mozilla/4.0 (compatible; MSIE 7.0; Windows NT 5.1; provided by blueyonder; provided by blueyonder)"
220.181.108.172 - - [24/Nov/2010:10:16:37 -0800] "GET / HTTP/1.1" 200 6182 "-" "Baiduspider+(+http://www.baidu.com/search/spider.htm)"
85.91.91.65 - - [24/Nov/2010:10:46:32 -0800] "GET /log-error.log HTTP/1.1" 200 21902 "http://www.atma.es/" "Mozilla/5.0 (Windows; U; Windows NT 5.1; es-ES; rv:1.9) Gecko/2008052906 Firefox/3.0"
85.91.91.65 - - [24/Nov/2010:10:46:34 -0800] "GET /favicon.ico HTTP/1.1" 302 360 "-" "Mozilla/5.0 (Windows; U; Windows NT 5.1; es-ES; rv:1.9) Gecko/2008052906 Firefox/3.0"
85.91.91.65 - - [24/Nov/2010:10:46:36 -0800] "GET / HTTP/1.1" 200 6179 "-" "Mozilla/5.0 (Windows; U; Windows NT 5.1; es-ES; rv:1.9) Gecko/2008052906 Firefox/3.0"
85.91.91.65 - - [24/Nov/2010:10:46:37 -0800] "GET /favicon.ico HTTP/1.1" 302 360 "-" "Mozilla/5.0 (Windows; U; Windows NT 5.1; es-ES; rv:1.9) Gecko/2008052906 Firefox/3.0"
85.91.91.65 - - [24/Nov/2010:10:46:38 -0800] "GET / HTTP/1.1" 200 6179 "-" "Mozilla/5.0 (Windows; U; Windows NT 5.1; es-ES; rv:1.9) Gecko/2008052906 Firefox/3.0"
85.91.91.65 - - [24/Nov/2010:10:48:51 -0800] "GET /favicon.ico HTTP/1.1" 302 360 "-" "Mozilla/5.0 (Windows; U; Windows NT 5.1; es-ES; rv:1.9) Gecko/2008052906 Firefox/3.0"
66.249.67.229 - - [24/Nov/2010:11:25:48 -0800] "GET /robots.txt HTTP/1.1" 302 360 "-" "Mozilla/5.0 (compatible; Googlebot/2.1; +http://www.google.com/bot.html)"
66.249.67.229 - - [24/Nov/2010:11:25:48 -0800] "GET /nov2010/gorgeworld-access.log HTTP/1.1" 304 - "-" "Mozilla/5.0 (compatible; Googlebot/2.1; +http://www.google.com/bot.html)"
91.201.66.28 - - [24/Nov/2010:11:35:59 -0800] "GET /terhanian-error.log HTTP/1.0" 200 - "http://casinoguideblog.com/" "Mozilla/4.0 (compatible; MSIE 6.0; Windows NT 5.1; SV1; FunWebProducts; .NET CLR 1.1.4322; PeoplePal 6.2)"
91.201.66.28 - - [24/Nov/2010:11:35:59 -0800] "GET /terhanian-error.log HTTP/1.0" 200 - "http://casinoguideblog.com/" "Mozilla/4.0 (compatible; Powermarks/3.5; Windows 95/98/2000/NT)"
91.201.66.28 - - [24/Nov/2010:11:36:00 -0800] "GET /terhanian-error.log HTTP/1.0" 200 - "http://casinoguideblog.com/" "Mozilla/4.0 (compatible; MSIE 6.0; Windows NT 5.1; SV1; .NET CLR 1.1.4322) Babya Discoverer 8.0:"
91.201.66.28 - - [24/Nov/2010:11:36:01 -0800] "GET /terhanian-error.log HTTP/1.0" 200 - "http://casinoguideblog.com/" "Mozilla/4.0 (compatible; MSIE 5.5; Windows 95)"
91.201.66.28 - - [24/Nov/2010:11:36:01 -0800] "GET /terhanian-error.log HTTP/1.0" 200 - "http://casinoguideblog.com/" "Mozilla/0.6 Beta (Windows)"
93.158.148.31 - - [24/Nov/2010:12:05:06 -0800] "GET /dustinharley-error.log HTTP/1.1" 200 4908 "-" "Mozilla/5.0 (compatible; YandexBot/3.0; +http://yandex.com/bots)"
220.181.108.180 - - [24/Nov/2010:12:24:56 -0800] "GET / HTTP/1.1" 200 6179 "-" "Baiduspider+(+http://www.baidu.com/search/spider.htm)"
67.195.114.28 - - [24/Nov/2010:13:46:03 -0800] "GET /robots.txt HTTP/1.0" 302 360 "-" "Mozilla/5.0 (compatible; Yahoo! Slurp; http://help.yahoo.com/help/us/ysearch/slurp)"
67.195.114.28 - - [24/Nov/2010:13:46:04 -0800] "GET / HTTP/1.0" 200 6179 "-" "Mozilla/5.0 (compatible; Yahoo! Slurp; http://help.yahoo.com/help/us/ysearch/slurp)"
67.195.114.28 - - [24/Nov/2010:13:46:04 -0800] "GET /?C=S;O=A HTTP/1.0" 200 6182 "-" "Mozilla/5.0 (compatible; Yahoo! Slurp; http://help.yahoo.com/help/us/ysearch/slurp)"
220.181.108.182 - - [24/Nov/2010:14:17:24 -0800] "GET / HTTP/1.1" 200 6182 "-" "Baiduspider+(+http://www.baidu.com/search/spider.htm)"
220.181.108.159 - - [24/Nov/2010:14:22:21 -0800] "GET /robots.txt HTTP/1.1" 302 360 "-" "Baiduspider+(+http://www.baidu.com/search/spider.htm)"
220.181.108.156 - - [24/Nov/2010:14:22:21 -0800] "GET / HTTP/1.1" 200 6179 "-" "Baiduspider+(+http://www.baidu.com/search/spider.htm)"
87.231.248.252 - - [24/Nov/2010:14:45:10 -0800] "GET /browserbomb-access.log HTTP/1.0" 200 2599 "-" "Mozilla/5.0 (compatible; Googlebot/2.1; +http://www.google.com/bot.html)"
216.145.17.190 - - [24/Nov/2010:14:54:49 -0800] "GET /robots.txt HTTP/1.0" 302 364 "-" "Mozilla/5.0 (Windows; U; Windows NT 5.1; en; rv:1.9.0.13) Gecko/2009073022 Firefox/3.5.2 (.NET CLR 3.5.30729) SurveyBot/2.3 (DomainTools)"
216.145.17.190 - - [24/Nov/2010:14:54:49 -0800] "GET / HTTP/1.1" 200 6186 "http://whois.domaintools.com/unusualdischarge.com" "Mozilla/5.0 (Windows; U; Windows NT 5.1; en; rv:1.9.0.13) Gecko/2009073022 Firefox/3.5.2 (.NET CLR 3.5.30729) SurveyBot/2.3 (DomainTools)"
207.46.199.185 - - [24/Nov/2010:15:04:10 -0800] "GET /robots.txt HTTP/1.1" 302 360 "-" "Mozilla/5.0 (compatible; bingbot/2.0; +http://www.bing.com/bingbot.htm)"
