87.106.223.180 - - [05/Dec/2010:17:25:07 -0800] "GET / HTTP/1.1" 200 6179 "-" "libwww-perl/5.805"
64.233.220.38 - - [05/Dec/2010:17:25:27 -0800] "GET /index.php?option=com_gcalendar&controller=../../../../../../../../../../../../../../../proc/self/environ%00 HTTP/1.1" 302 360 "-" "libwww-perl/5.805"
64.233.220.38 - - [05/Dec/2010:17:25:27 -0800] "GET / HTTP/1.1" 200 6179 "-" "libwww-perl/5.805"
119.63.198.42 - - [05/Dec/2010:17:33:50 -0800] "GET /robots.txt HTTP/1.1" 302 360 "-" "Baiduspider+(+http://www.baidu.com/search/spider.htm)"
119.63.198.24 - - [05/Dec/2010:17:33:50 -0800] "GET / HTTP/1.1" 200 6179 "-" "Baiduspider+(+http://www.baidu.com/search/spider.htm)"
66.249.67.141 - - [05/Dec/2010:17:51:07 -0800] "GET /robots.txt HTTP/1.1" 302 357 "-" "Mozilla/5.0 (compatible; Googlebot/2.1; +http://www.google.com/bot.html)"
66.249.67.141 - - [05/Dec/2010:17:51:07 -0800] "GET / HTTP/1.1" 200 6179 "-" "Mozilla/5.0 (compatible; Googlebot/2.1; +http://www.google.com/bot.html)"
66.249.67.141 - - [05/Dec/2010:17:51:08 -0800] "GET /sharkbomb-error.log HTTP/1.1" 200 6863 "-" "Mozilla/5.0 (compatible; Googlebot/2.1; +http://www.google.com/bot.html)"
67.195.114.28 - - [05/Dec/2010:18:05:49 -0800] "GET /robots.txt HTTP/1.0" 302 360 "-" "Mozilla/5.0 (compatible; Yahoo! Slurp; http://help.yahoo.com/help/us/ysearch/slurp)"
67.195.114.28 - - [05/Dec/2010:18:05:50 -0800] "GET / HTTP/1.0" 200 6179 "-" "Mozilla/5.0 (compatible; Yahoo! Slurp; http://help.yahoo.com/help/us/ysearch/slurp)"
67.195.114.28 - - [05/Dec/2010:18:05:51 -0800] "GET /ferality-error.log HTTP/1.0" 200 6950 "-" "Mozilla/5.0 (compatible; Yahoo! Slurp; http://help.yahoo.com/help/us/ysearch/slurp)"
67.195.114.28 - - [05/Dec/2010:18:20:08 -0800] "GET /dustinharley-access.log HTTP/1.0" 200 104443 "-" "Mozilla/5.0 (compatible; Yahoo! Slurp; http://help.yahoo.com/help/us/ysearch/slurp)"
123.125.71.100 - - [05/Dec/2010:18:26:34 -0800] "GET / HTTP/1.1" 200 6179 "-" "Baiduspider+(+http://www.baidu.com/search/spider.htm)"
220.181.108.165 - - [05/Dec/2010:18:26:58 -0800] "GET / HTTP/1.1" 200 6179 "-" "Baiduspider+(+http://www.baidu.com/search/spider.htm)"
123.125.71.85 - - [05/Dec/2010:19:05:04 -0800] "GET / HTTP/1.1" 200 6182 "-" "Baiduspider+(+http://www.baidu.com/search/spider.htm)"
208.115.111.249 - - [05/Dec/2010:19:14:49 -0800] "GET /robots.txt HTTP/1.1" 302 360 "-" "Mozilla/5.0 (compatible; DotBot/1.1; http://www.dotnetdotcom.org/, crawler@dotnetdotcom.org)"
208.115.111.249 - - [05/Dec/2010:19:14:49 -0800] "GET / HTTP/1.1" 200 6179 "-" "Mozilla/5.0 (compatible; DotBot/1.1; http://www.dotnetdotcom.org/, crawler@dotnetdotcom.org)"
123.125.71.103 - - [05/Dec/2010:19:17:36 -0800] "GET / HTTP/1.1" 200 6182 "-" "Baiduspider+(+http://www.baidu.com/search/spider.htm)"
220.181.108.179 - - [05/Dec/2010:19:17:40 -0800] "GET / HTTP/1.1" 200 6182 "-" "Baiduspider+(+http://www.baidu.com/search/spider.htm)"
208.115.111.249 - - [05/Dec/2010:19:51:39 -0800] "GET /clownjuice-error.log HTTP/1.1" 200 13933 "-" "Mozilla/5.0 (compatible; DotBot/1.1; http://www.dotnetdotcom.org/, crawler@dotnetdotcom.org)"
208.115.111.249 - - [05/Dec/2010:19:51:43 -0800] "GET /ferality-access.log HTTP/1.1" 200 78759 "-" "Mozilla/5.0 (compatible; DotBot/1.1; http://www.dotnetdotcom.org/, crawler@dotnetdotcom.org)"
208.115.111.249 - - [05/Dec/2010:19:51:47 -0800] "GET /gorgeworld-access.log HTTP/1.1" 200 14213 "-" "Mozilla/5.0 (compatible; DotBot/1.1; http://www.dotnetdotcom.org/, crawler@dotnetdotcom.org)"
208.115.111.249 - - [05/Dec/2010:19:51:53 -0800] "GET /gorgeworld-error.log HTTP/1.1" 200 3016 "-" "Mozilla/5.0 (compatible; DotBot/1.1; http://www.dotnetdotcom.org/, crawler@dotnetdotcom.org)"
208.115.111.249 - - [05/Dec/2010:19:51:59 -0800] "GET /orbsucks-access.log HTTP/1.1" 200 - "-" "Mozilla/5.0 (compatible; DotBot/1.1; http://www.dotnetdotcom.org/, crawler@dotnetdotcom.org)"
208.115.111.249 - - [05/Dec/2010:19:52:04 -0800] "GET /paxnihilo-access.log HTTP/1.1" 200 5327 "-" "Mozilla/5.0 (compatible; DotBot/1.1; http://www.dotnetdotcom.org/, crawler@dotnetdotcom.org)"
208.115.111.249 - - [05/Dec/2010:19:52:09 -0800] "GET /sharkbomb-access.log HTTP/1.1" 200 76778 "-" "Mozilla/5.0 (compatible; DotBot/1.1; http://www.dotnetdotcom.org/, crawler@dotnetdotcom.org)"
208.115.111.249 - - [05/Dec/2010:19:52:14 -0800] "GET /terhanian-access.log HTTP/1.1" 200 - "-" "Mozilla/5.0 (compatible; DotBot/1.1; http://www.dotnetdotcom.org/, crawler@dotnetdotcom.org)"
208.115.111.249 - - [05/Dec/2010:19:52:22 -0800] "GET /vaginacide-access.log HTTP/1.1" 302 360 "-" "Mozilla/5.0 (compatible; DotBot/1.1; http://www.dotnetdotcom.org/, crawler@dotnetdotcom.org)"
208.115.111.249 - - [05/Dec/2010:19:52:24 -0800] "GET /vaginacide-error.log HTTP/1.1" 302 360 "-" "Mozilla/5.0 (compatible; DotBot/1.1; http://www.dotnetdotcom.org/, crawler@dotnetdotcom.org)"
66.249.67.229 - - [05/Dec/2010:20:07:47 -0800] "GET /robots.txt HTTP/1.1" 302 360 "-" "Mozilla/5.0 (compatible; Googlebot/2.1; +http://www.google.com/bot.html)"
66.249.67.229 - - [05/Dec/2010:20:07:47 -0800] "GET /2girls4lokos-access.log HTTP/1.1" 200 100565 "-" "Mozilla/5.0 (compatible; Googlebot/2.1; +http://www.google.com/bot.html)"
184.107.48.173 - - [05/Dec/2010:20:20:25 -0800] "GET //index.php?option=com_gcalendar&controller=../../../../../../../../../../../../../../../../../../../../../../../..//proc/self/environ%0000 HTTP/1.1" 302 360 "-" "Mozilla/5.0 (Windows; U; Windows NT 5.1; en-US; rv:1.9.2) Gecko/20100115 Firefox/3.6"
184.107.48.173 - - [05/Dec/2010:20:20:25 -0800] "GET / HTTP/1.1" 200 6179 "-" "Mozilla/5.0 (Windows; U; Windows NT 5.1; en-US; rv:1.9.2) Gecko/20100115 Firefox/3.6"
184.107.48.173 - - [05/Dec/2010:20:25:41 -0800] "GET //index.php?option=com_gcalendar&controller=../../../../../../../../../../../../../../../../../../../../../../../..//proc/self/environ%0000 HTTP/1.1" 302 360 "-" "Mozilla/5.0 (Windows; U; Windows NT 5.1; en-US; rv:1.9.2) Gecko/20100115 Firefox/3.6"
184.107.48.173 - - [05/Dec/2010:20:25:41 -0800] "GET / HTTP/1.1" 200 6179 "-" "Mozilla/5.0 (Windows; U; Windows NT 5.1; en-US; rv:1.9.2) Gecko/20100115 Firefox/3.6"
184.107.48.173 - - [05/Dec/2010:20:25:54 -0800] "GET //index.php?option=com_gcalendar&controller=../../../../../../../../../../../../../../../../../../../../../../../..//proc/self/environ%0000 HTTP/1.1" 302 360 "-" "Mozilla/5.0 (Windows; U; Windows NT 5.1; en-US; rv:1.9.2) Gecko/20100115 Firefox/3.6"
184.107.48.173 - - [05/Dec/2010:20:25:54 -0800] "GET / HTTP/1.1" 200 6179 "-" "Mozilla/5.0 (Windows; U; Windows NT 5.1; en-US; rv:1.9.2) Gecko/20100115 Firefox/3.6"
184.107.48.173 - - [05/Dec/2010:20:26:12 -0800] "GET //index.php?option=com_gcalendar&controller=../../../../../../../../../../../../../../../../../../../../../../../..//proc/self/environ%0000 HTTP/1.1" 302 360 "-" "Mozilla/5.0 (Windows; U; Windows NT 5.1; en-US; rv:1.9.2) Gecko/20100115 Firefox/3.6"
184.107.48.173 - - [05/Dec/2010:20:26:13 -0800] "GET / HTTP/1.1" 200 6179 "-" "Mozilla/5.0 (Windows; U; Windows NT 5.1; en-US; rv:1.9.2) Gecko/20100115 Firefox/3.6"
200.25.0.73 - - [05/Dec/2010:20:35:29 -0800] "GET /////index.php?option=com_fabrik&controller=../../../../../../../../../../../../../../../proc/self/environ%00 HTTP/1.1" 302 360 "-" "libwww-perl/5.65"
200.25.0.73 - - [05/Dec/2010:20:35:31 -0800] "GET / HTTP/1.1" 200 6179 "-" "libwww-perl/5.65"
201.159.23.8 - - [05/Dec/2010:20:47:03 -0800] "GET /////index.php?option=com_fabrik&controller=../../../../../../../../../../../../../../../proc/self/environ%00 HTTP/1.1" 302 360 "-" "libwww-perl/5.810"
201.159.23.8 - - [05/Dec/2010:20:47:03 -0800] "GET / HTTP/1.1" 200 6179 "-" "libwww-perl/5.810"
66.249.67.141 - - [05/Dec/2010:20:54:20 -0800] "GET /gorgeworld-access.log HTTP/1.1" 200 14213 "-" "Mozilla/5.0 (compatible; Googlebot/2.1; +http://www.google.com/bot.html)"
65.38.210.165 - - [05/Dec/2010:20:56:45 -0800] "GET //index.php?option=com_gcalendar&controller=../../../../../../../../../../../../../../../../../../../../../../../..//proc/self/environ%0000 HTTP/1.1" 302 360 "-" "Mozilla/5.0 (Windows; U; Windows NT 5.1; en-US; rv:1.9.2) Gecko/20100115 Firefox/3.6"
65.38.210.165 - - [05/Dec/2010:20:56:45 -0800] "GET / HTTP/1.1" 200 6179 "-" "Mozilla/5.0 (Windows; U; Windows NT 5.1; en-US; rv:1.9.2) Gecko/20100115 Firefox/3.6"
65.38.210.165 - - [05/Dec/2010:20:57:04 -0800] "GET //index.php?option=com_gcalendar&controller=../../../../../../../../../../../../../../../../../../../../../../../..//proc/self/environ%0000 HTTP/1.1" 302 360 "-" "Mozilla/5.0 (Windows; U; Windows NT 5.1; en-US; rv:1.9.2) Gecko/20100115 Firefox/3.6"
65.38.210.165 - - [05/Dec/2010:20:57:05 -0800] "GET / HTTP/1.1" 200 6179 "-" "Mozilla/5.0 (Windows; U; Windows NT 5.1; en-US; rv:1.9.2) Gecko/20100115 Firefox/3.6"
65.38.210.165 - - [05/Dec/2010:20:57:40 -0800] "GET //index.php?option=com_gcalendar&controller=../../../../../../../../../../../../../../../../../../../../../../../..//proc/self/environ%0000 HTTP/1.1" 302 360 "-" "Mozilla/5.0 (Windows; U; Windows NT 5.1; en-US; rv:1.9.2) Gecko/20100115 Firefox/3.6"
65.38.210.165 - - [05/Dec/2010:20:57:41 -0800] "GET / HTTP/1.1" 200 6179 "-" "Mozilla/5.0 (Windows; U; Windows NT 5.1; en-US; rv:1.9.2) Gecko/20100115 Firefox/3.6"
65.38.210.165 - - [05/Dec/2010:20:57:52 -0800] "GET //index.php?option=com_gcalendar&controller=../../../../../../../../../../../../../../../../../../../../../../../..//proc/self/environ%0000 HTTP/1.1" 302 360 "-" "Mozilla/5.0 (Windows; U; Windows NT 5.1; en-US; rv:1.9.2) Gecko/20100115 Firefox/3.6"
65.38.210.165 - - [05/Dec/2010:20:57:52 -0800] "GET / HTTP/1.1" 200 6179 "-" "Mozilla/5.0 (Windows; U; Windows NT 5.1; en-US; rv:1.9.2) Gecko/20100115 Firefox/3.6"
65.38.210.165 - - [05/Dec/2010:20:58:30 -0800] "GET //index.php?option=com_gcalendar&controller=../../../../../../../../../../../../../../../../../../../../../../../..//proc/self/environ%0000 HTTP/1.1" 302 360 "-" "Mozilla/5.0 (Windows; U; Windows NT 5.1; en-US; rv:1.9.2) Gecko/20100115 Firefox/3.6"
65.38.210.165 - - [05/Dec/2010:20:58:30 -0800] "GET //index.php?option=com_gcalendar&controller=../../../../../../../../../../../../../../../../../../../../../../../..//proc/self/environ%0000 HTTP/1.1" 302 360 "-" "Mozilla/5.0 (Windows; U; Windows NT 5.1; en-US; rv:1.9.2) Gecko/20100115 Firefox/3.6"
65.38.210.165 - - [05/Dec/2010:20:58:30 -0800] "GET / HTTP/1.1" 200 6179 "-" "Mozilla/5.0 (Windows; U; Windows NT 5.1; en-US; rv:1.9.2) Gecko/20100115 Firefox/3.6"
65.38.210.165 - - [05/Dec/2010:20:58:30 -0800] "GET / HTTP/1.1" 200 6179 "-" "Mozilla/5.0 (Windows; U; Windows NT 5.1; en-US; rv:1.9.2) Gecko/20100115 Firefox/3.6"
66.249.67.141 - - [05/Dec/2010:21:16:00 -0800] "GET /2girls4lokos-access.log HTTP/1.1" 200 100565 "-" "Mozilla/5.0 (compatible; Googlebot/2.1; +http://www.google.com/bot.html)"
123.125.71.102 - - [05/Dec/2010:21:17:51 -0800] "GET / HTTP/1.1" 200 6182 "-" "Baiduspider+(+http://www.baidu.com/search/spider.htm)"
220.181.108.168 - - [05/Dec/2010:21:17:56 -0800] "GET / HTTP/1.1" 200 6182 "-" "Baiduspider+(+http://www.baidu.com/search/spider.htm)"
200.25.0.73 - - [05/Dec/2010:21:47:17 -0800] "GET /////index.php?option=com_fabrik&controller=../../../../../../../../../../../../../../../proc/self/environ%00 HTTP/1.1" 302 360 "-" "libwww-perl/5.65"
200.25.0.73 - - [05/Dec/2010:21:47:18 -0800] "GET / HTTP/1.1" 200 6179 "-" "libwww-perl/5.65"
201.159.23.8 - - [05/Dec/2010:21:48:39 -0800] "GET /////index.php?option=com_fabrik&controller=../../../../../../../../../../../../../../../proc/self/environ%00 HTTP/1.1" 302 360 "-" "libwww-perl/5.810"
201.159.23.8 - - [05/Dec/2010:21:48:39 -0800] "GET / HTTP/1.1" 200 6179 "-" "libwww-perl/5.810"
67.195.114.28 - - [05/Dec/2010:21:52:02 -0800] "GET /vaginacide-access.log HTTP/1.0" 302 360 "-" "Mozilla/5.0 (compatible; Yahoo! Slurp; http://help.yahoo.com/help/us/ysearch/slurp)"
67.195.112.252 - - [05/Dec/2010:21:52:04 -0800] "GET /robots.txt HTTP/1.0" 302 357 "-" "Mozilla/5.0 (compatible; Yahoo! Slurp; http://help.yahoo.com/help/us/ysearch/slurp)"
67.195.112.252 - - [05/Dec/2010:21:52:05 -0800] "GET / HTTP/1.0" 200 6179 "-" "Mozilla/5.0 (compatible; Yahoo! Slurp; http://help.yahoo.com/help/us/ysearch/slurp)"
67.195.112.252 - - [05/Dec/2010:21:52:05 -0800] "GET / HTTP/1.0" 200 6179 "-" "Mozilla/5.0 (compatible; Yahoo! Slurp; http://help.yahoo.com/help/us/ysearch/slurp)"
200.25.0.73 - - [05/Dec/2010:22:17:14 -0800] "GET /////index.php?option=com_fabrik&controller=../../../../../../../../../../../../../../../proc/self/environ%00 HTTP/1.1" 302 360 "-" "libwww-perl/5.65"
200.25.0.73 - - [05/Dec/2010:22:17:15 -0800] "GET / HTTP/1.1" 200 6179 "-" "libwww-perl/5.65"
200.25.0.73 - - [05/Dec/2010:22:17:27 -0800] "GET /////index.php?option=com_fabrik&controller=../../../../../../../../../../../../../../../proc/self/environ%00 HTTP/1.1" 302 360 "-" "libwww-perl/5.65"
200.25.0.73 - - [05/Dec/2010:22:17:28 -0800] "GET / HTTP/1.1" 200 6179 "-" "libwww-perl/5.65"
201.159.23.8 - - [05/Dec/2010:22:19:03 -0800] "GET /////index.php?option=com_fabrik&controller=../../../../../../../../../../../../../../../proc/self/environ%00 HTTP/1.1" 302 360 "-" "libwww-perl/5.810"
201.159.23.8 - - [05/Dec/2010:22:19:03 -0800] "GET / HTTP/1.1" 200 6179 "-" "libwww-perl/5.810"
123.125.71.102 - - [05/Dec/2010:23:16:58 -0800] "GET / HTTP/1.1" 200 6182 "-" "Baiduspider+(+http://www.baidu.com/search/spider.htm)"
220.181.108.173 - - [05/Dec/2010:23:17:03 -0800] "GET / HTTP/1.1" 200 6182 "-" "Baiduspider+(+http://www.baidu.com/search/spider.htm)"
208.115.111.249 - - [05/Dec/2010:23:29:54 -0800] "GET / HTTP/1.1" 200 6182 "-" "Mozilla/5.0 (compatible; DotBot/1.1; http://www.dotnetdotcom.org/, crawler@dotnetdotcom.org)"
208.115.111.249 - - [05/Dec/2010:23:29:59 -0800] "GET /ferality-error.log HTTP/1.1" 200 6950 "-" "Mozilla/5.0 (compatible; DotBot/1.1; http://www.dotnetdotcom.org/, crawler@dotnetdotcom.org)"
208.115.111.249 - - [05/Dec/2010:23:30:04 -0800] "GET /log-access.log HTTP/1.1" 200 463440 "-" "Mozilla/5.0 (compatible; DotBot/1.1; http://www.dotnetdotcom.org/, crawler@dotnetdotcom.org)"
208.115.111.249 - - [05/Dec/2010:23:30:09 -0800] "GET /log-error.log HTTP/1.1" 200 95907 "-" "Mozilla/5.0 (compatible; DotBot/1.1; http://www.dotnetdotcom.org/, crawler@dotnetdotcom.org)"
208.115.111.249 - - [05/Dec/2010:23:30:20 -0800] "GET /orbsucks-error.log HTTP/1.1" 200 - "-" "Mozilla/5.0 (compatible; DotBot/1.1; http://www.dotnetdotcom.org/, crawler@dotnetdotcom.org)"
208.115.111.249 - - [05/Dec/2010:23:30:25 -0800] "GET /paxnihilo-error.log HTTP/1.1" 200 1215 "-" "Mozilla/5.0 (compatible; DotBot/1.1; http://www.dotnetdotcom.org/, crawler@dotnetdotcom.org)"
208.115.111.249 - - [05/Dec/2010:23:30:30 -0800] "GET /sharkbomb-error.log HTTP/1.1" 200 6863 "-" "Mozilla/5.0 (compatible; DotBot/1.1; http://www.dotnetdotcom.org/, crawler@dotnetdotcom.org)"
208.115.111.249 - - [05/Dec/2010:23:30:35 -0800] "GET /terhanian-error.log HTTP/1.1" 200 - "-" "Mozilla/5.0 (compatible; DotBot/1.1; http://www.dotnetdotcom.org/, crawler@dotnetdotcom.org)"
66.249.67.229 - - [05/Dec/2010:23:32:48 -0800] "GET /nov2010/jasoncmartin-access.log HTTP/1.1" 304 - "-" "Mozilla/5.0 (compatible; Googlebot/2.1; +http://www.google.com/bot.html)"
184.107.48.173 - - [05/Dec/2010:23:41:29 -0800] "GET //index.php?option=com_gcalendar&controller=../../../../../../../../../../../../../../../../../../../../../../../..//proc/self/environ%0000 HTTP/1.1" 302 360 "-" "Mozilla/5.0 (Windows; U; Windows NT 5.1; en-US; rv:1.9.2) Gecko/20100115 Firefox/3.6"
184.107.48.173 - - [05/Dec/2010:23:41:29 -0800] "GET / HTTP/1.1" 200 6179 "-" "Mozilla/5.0 (Windows; U; Windows NT 5.1; en-US; rv:1.9.2) Gecko/20100115 Firefox/3.6"
184.107.48.173 - - [05/Dec/2010:23:42:15 -0800] "GET //index.php?option=com_gcalendar&controller=../../../../../../../../../../../../../../../../../../../../../../../..//proc/self/environ%0000 HTTP/1.1" 302 360 "-" "Mozilla/5.0 (Windows; U; Windows NT 5.1; en-US; rv:1.9.2) Gecko/20100115 Firefox/3.6"
184.107.48.173 - - [05/Dec/2010:23:42:15 -0800] "GET / HTTP/1.1" 200 6179 "-" "Mozilla/5.0 (Windows; U; Windows NT 5.1; en-US; rv:1.9.2) Gecko/20100115 Firefox/3.6"
184.107.48.173 - - [05/Dec/2010:23:43:25 -0800] "GET //index.php?option=com_gcalendar&controller=../../../../../../../../../../../../../../../../../../../../../../../..//proc/self/environ%0000 HTTP/1.1" 302 360 "-" "Mozilla/5.0 (Windows; U; Windows NT 5.1; en-US; rv:1.9.2) Gecko/20100115 Firefox/3.6"
184.107.48.173 - - [05/Dec/2010:23:43:25 -0800] "GET / HTTP/1.1" 200 6179 "-" "Mozilla/5.0 (Windows; U; Windows NT 5.1; en-US; rv:1.9.2) Gecko/20100115 Firefox/3.6"
184.107.48.173 - - [05/Dec/2010:23:55:34 -0800] "GET //index.php?option=com_gcalendar&controller=../../../../../../../../../../../../../../../../../../../../../../../..//proc/self/environ%0000 HTTP/1.1" 302 360 "-" "Mozilla/5.0 (Windows; U; Windows NT 5.1; en-US; rv:1.9.2) Gecko/20100115 Firefox/3.6"
184.107.48.173 - - [05/Dec/2010:23:55:34 -0800] "GET / HTTP/1.1" 200 6179 "-" "Mozilla/5.0 (Windows; U; Windows NT 5.1; en-US; rv:1.9.2) Gecko/20100115 Firefox/3.6"
184.107.48.173 - - [05/Dec/2010:23:56:35 -0800] "GET //index.php?option=com_gcalendar&controller=../../../../../../../../../../../../../../../../../../../../../../../..//proc/self/environ%0000 HTTP/1.1" 302 360 "-" "Mozilla/5.0 (Windows; U; Windows NT 5.1; en-US; rv:1.9.2) Gecko/20100115 Firefox/3.6"
184.107.48.173 - - [05/Dec/2010:23:56:36 -0800] "GET / HTTP/1.1" 200 6179 "-" "Mozilla/5.0 (Windows; U; Windows NT 5.1; en-US; rv:1.9.2) Gecko/20100115 Firefox/3.6"
184.107.48.173 - - [05/Dec/2010:23:57:27 -0800] "GET //index.php?option=com_gcalendar&controller=../../../../../../../../../../../../../../../../../../../../../../../..//proc/self/environ%0000 HTTP/1.1" 302 360 "-" "Mozilla/5.0 (Windows; U; Windows NT 5.1; en-US; rv:1.9.2) Gecko/20100115 Firefox/3.6"
184.107.48.173 - - [05/Dec/2010:23:57:27 -0800] "GET / HTTP/1.1" 200 6179 "-" "Mozilla/5.0 (Windows; U; Windows NT 5.1; en-US; rv:1.9.2) Gecko/20100115 Firefox/3.6"
119.235.54.45 - - [06/Dec/2010:00:30:32 -0800] "GET /user/soapCaller.bs HTTP/1.1" 302 355 "-" "Morfeus Fucking Scanner"
123.125.71.94 - - [06/Dec/2010:01:25:01 -0800] "GET / HTTP/1.1" 200 6179 "-" "Baiduspider+(+http://www.baidu.com/search/spider.htm)"
220.181.108.173 - - [06/Dec/2010:01:25:21 -0800] "GET / HTTP/1.1" 200 6179 "-" "Baiduspider+(+http://www.baidu.com/search/spider.htm)"
109.104.87.160 - - [06/Dec/2010:01:27:25 -0800] "GET /log-access.log//index.php?option=com_fabrik&controller=../../../../../../../../../../../../../../../../../../../../../../../..//proc/self/environ%0000 HTTP/1.1" 302 360 "-" "Mozilla/5.0 (Windows; U; Windows NT 5.1; en-US; rv:1.9.2) Gecko/20100115 Firefox/3.6"
109.104.87.160 - - [06/Dec/2010:01:27:25 -0800] "GET / HTTP/1.1" 200 6179 "-" "Mozilla/5.0 (Windows; U; Windows NT 5.1; en-US; rv:1.9.2) Gecko/20100115 Firefox/3.6"
109.104.87.160 - - [06/Dec/2010:01:27:26 -0800] "GET //index.php?option=com_fabrik&controller=../../../../../../../../../../../../../../../../../../../../../../../..//proc/self/environ%0000 HTTP/1.1" 302 360 "-" "Mozilla/5.0 (Windows; U; Windows NT 5.1; en-US; rv:1.9.2) Gecko/20100115 Firefox/3.6"
109.104.87.160 - - [06/Dec/2010:01:27:27 -0800] "GET / HTTP/1.1" 200 6179 "-" "Mozilla/5.0 (Windows; U; Windows NT 5.1; en-US; rv:1.9.2) Gecko/20100115 Firefox/3.6"
66.249.67.12 - - [06/Dec/2010:01:49:32 -0800] "GET /robots.txt HTTP/1.1" 302 359 "-" "Mozilla/5.0 (compatible; Googlebot/2.1; +http://www.google.com/bot.html)"
66.249.67.12 - - [06/Dec/2010:01:49:33 -0800] "GET /sharkbomb-error.log HTTP/1.1" 200 6863 "-" "Mozilla/5.0 (compatible; Googlebot/2.1; +http://www.google.com/bot.html)"
66.249.67.12 - - [06/Dec/2010:05:14:19 -0800] "GET /nov2010/paxnihilo-error.log HTTP/1.1" 304 - "-" "Mozilla/5.0 (compatible; Googlebot/2.1; +http://www.google.com/bot.html)"
93.158.148.31 - - [06/Dec/2010:06:14:18 -0800] "GET /robots.txt HTTP/1.1" 302 360 "-" "Mozilla/5.0 (compatible; YandexBot/3.0; +http://yandex.com/bots)"
93.158.148.31 - - [06/Dec/2010:06:14:20 -0800] "GET /?C=N;O=A HTTP/1.1" 200 6182 "-" "Mozilla/5.0 (compatible; YandexBot/3.0; +http://yandex.com/bots)"
66.249.68.176 - - [06/Dec/2010:06:23:08 -0800] "GET /robots.txt HTTP/1.1" 302 361 "-" "Mozilla/5.0 (compatible; Googlebot/2.1; +http://www.google.com/bot.html)"
66.249.68.176 - - [06/Dec/2010:06:23:08 -0800] "GET /log-error.log HTTP/1.1" 200 97263 "-" "Mozilla/5.0 (compatible; Googlebot/2.1; +http://www.google.com/bot.html)"
66.249.68.176 - - [06/Dec/2010:07:31:02 -0800] "GET /jasoncmartin-access.log HTTP/1.1" 200 62826 "-" "Mozilla/5.0 (compatible; Googlebot/2.1; +http://www.google.com/bot.html)"
66.249.68.176 - - [06/Dec/2010:08:39:46 -0800] "GET / HTTP/1.1" 200 6183 "-" "Mozilla/5.0 (compatible; Googlebot/2.1; +http://www.google.com/bot.html)"
66.249.68.176 - - [06/Dec/2010:09:47:45 -0800] "GET /gorgeworld-error.log HTTP/1.1" 200 3016 "-" "Mozilla/5.0 (compatible; Googlebot/2.1; +http://www.google.com/bot.html)"
93.158.148.31 - - [06/Dec/2010:09:49:04 -0800] "GET / HTTP/1.1" 200 6182 "-" "Mozilla/5.0 (compatible; YandexBot/3.0; +http://yandex.com/bots)"
219.240.36.36 - - [06/Dec/2010:10:21:02 -0800] "GET //index.php?option=com_fabrik&controller=../../../../../../../../../../../../../../../proc/self/environ%00 HTTP/1.1" 302 360 "-" "libwww-perl/5.65"
219.240.36.36 - - [06/Dec/2010:10:21:03 -0800] "GET / HTTP/1.1" 200 6179 "-" "libwww-perl/5.65"
65.52.49.76 - - [06/Dec/2010:10:40:09 -0800] "GET /robots.txt HTTP/1.1" 302 360 "-" "Mozilla/5.0 (compatible; bingbot/2.0; +http://www.bing.com/bingbot.htm)"
65.52.49.76 - - [06/Dec/2010:10:40:10 -0800] "GET / HTTP/1.1" 200 6179 "-" "Mozilla/5.0 (compatible; bingbot/2.0; +http://www.bing.com/bingbot.htm)"
66.249.68.176 - - [06/Dec/2010:10:57:46 -0800] "GET /nov2010/clownjuice-error.log HTTP/1.1" 304 - "-" "Mozilla/5.0 (compatible; Googlebot/2.1; +http://www.google.com/bot.html)"
93.158.148.31 - - [06/Dec/2010:11:02:23 -0800] "GET /clownjuice-access.log HTTP/1.1" 200 29569 "-" "Mozilla/5.0 (compatible; YandexBot/3.0; +http://yandex.com/bots)"
150.70.75.35 - - [06/Dec/2010:12:19:38 -0800] "GET /nov2010/paxnihilo-error.log HTTP/1.0" 200 21130 "-" "Mozilla/4.0 (compatible; MSIE 6.0; Windows NT 5.1)"
150.70.75.35 - - [06/Dec/2010:12:20:44 -0800] "GET /nov2010/paxnihilo-error.log HTTP/1.0" 200 21130 "-" "Mozilla/4.0 (compatible; MSIE 6.0; Windows NT 5.1)"
93.158.148.31 - - [06/Dec/2010:13:06:37 -0800] "GET /jasoncmartin-error.log HTTP/1.1" 200 19734 "-" "Mozilla/5.0 (compatible; YandexBot/3.0; +http://yandex.com/bots)"
66.249.67.229 - - [06/Dec/2010:13:10:12 -0800] "GET /robots.txt HTTP/1.1" 302 360 "-" "Mozilla/5.0 (compatible; Googlebot/2.1; +http://www.google.com/bot.html)"
66.249.67.229 - - [06/Dec/2010:13:10:13 -0800] "GET /log-access.log HTTP/1.1" 200 472265 "-" "Mozilla/5.0 (compatible; Googlebot/2.1; +http://www.google.com/bot.html)"
93.158.148.31 - - [06/Dec/2010:13:39:02 -0800] "GET /ferality-access.log HTTP/1.1" 200 79970 "-" "Mozilla/5.0 (compatible; YandexBot/3.0; +http://yandex.com/bots)"
66.249.67.229 - - [06/Dec/2010:13:53:59 -0800] "GET /qpczsnvqnye.html HTTP/1.1" 302 360 "-" "Mozilla/5.0 (compatible; Googlebot/2.1; +http://www.google.com/bot.html)"
66.249.67.141 - - [06/Dec/2010:13:54:01 -0800] "GET /robots.txt HTTP/1.1" 302 357 "-" "Mozilla/5.0 (compatible; Googlebot/2.1; +http://www.google.com/bot.html)"
66.249.67.141 - - [06/Dec/2010:13:54:01 -0800] "GET / HTTP/1.1" 200 6179 "-" "Mozilla/5.0 (compatible; Googlebot/2.1; +http://www.google.com/bot.html)"
66.249.67.141 - - [06/Dec/2010:13:54:01 -0800] "GET / HTTP/1.1" 200 6179 "-" "Mozilla/5.0 (compatible; Googlebot/2.1; +http://www.google.com/bot.html)"
66.249.67.12 - - [06/Dec/2010:14:03:33 -0800] "GET /robots.txt HTTP/1.1" 302 359 "-" "Mozilla/5.0 (compatible; Googlebot/2.1; +http://www.google.com/bot.html)"
66.249.67.12 - - [06/Dec/2010:14:03:33 -0800] "GET /log-error.log HTTP/1.1" 200 98033 "-" "Mozilla/5.0 (compatible; Googlebot/2.1; +http://www.google.com/bot.html)"
93.158.148.31 - - [06/Dec/2010:14:11:06 -0800] "GET /gorgeworld-access.log HTTP/1.1" 200 14213 "-" "Mozilla/5.0 (compatible; YandexBot/3.0; +http://yandex.com/bots)"
123.125.71.90 - - [06/Dec/2010:14:21:54 -0800] "GET / HTTP/1.1" 200 6179 "-" "Baiduspider+(+http://www.baidu.com/search/spider.htm)"
123.125.71.76 - - [06/Dec/2010:14:22:24 -0800] "GET /browserbomb-error.log HTTP/1.1" 200 1666 "-" "Baiduspider+(+http://www.baidu.com/search/spider.htm)"
123.125.71.75 - - [06/Dec/2010:14:22:26 -0800] "GET /browserbomb-access.log HTTP/1.1" 200 7800 "-" "Baiduspider+(+http://www.baidu.com/search/spider.htm)"
123.125.71.76 - - [06/Dec/2010:14:22:28 -0800] "GET /?C=D;O=A HTTP/1.1" 200 6179 "-" "Baiduspider+(+http://www.baidu.com/search/spider.htm)"
123.125.71.78 - - [06/Dec/2010:14:22:31 -0800] "GET /orbsucks-error.log HTTP/1.1" 200 - "-" "Baiduspider+(+http://www.baidu.com/search/spider.htm)"
123.125.71.71 - - [06/Dec/2010:14:22:33 -0800] "GET /clownjuice-error.log HTTP/1.1" 200 14638 "-" "Baiduspider+(+http://www.baidu.com/search/spider.htm)"
123.125.71.72 - - [06/Dec/2010:14:22:36 -0800] "GET /ferality-error.log HTTP/1.1" 200 7158 "-" "Baiduspider+(+http://www.baidu.com/search/spider.htm)"
123.125.71.92 - - [06/Dec/2010:14:22:38 -0800] "GET /terhanian-error.log HTTP/1.1" 200 - "-" "Baiduspider+(+http://www.baidu.com/search/spider.htm)"
123.125.71.72 - - [06/Dec/2010:14:22:40 -0800] "GET /?C=N;O=D HTTP/1.1" 200 6179 "-" "Baiduspider+(+http://www.baidu.com/search/spider.htm)"
123.125.71.70 - - [06/Dec/2010:14:22:42 -0800] "GET /paxnihilo-access.log HTTP/1.1" 200 5491 "-" "Baiduspider+(+http://www.baidu.com/search/spider.htm)"
123.125.71.76 - - [06/Dec/2010:14:22:46 -0800] "GET /gorgeworld-error.log HTTP/1.1" 200 3016 "-" "Baiduspider+(+http://www.baidu.com/search/spider.htm)"
123.125.71.91 - - [06/Dec/2010:14:22:48 -0800] "GET /evilfuckers-error.log HTTP/1.1" 200 10559 "-" "Baiduspider+(+http://www.baidu.com/search/spider.htm)"
87.231.248.252 - - [06/Dec/2010:14:32:10 -0800] "GET /browserbomb-access.log HTTP/1.0" 200 7800 "-" "Mozilla/5.0 (compatible; Googlebot/2.1; +http://www.google.com/bot.html)"
94.23.3.222 - - [06/Dec/2010:14:33:29 -0800] "GET //?option=com_gcalendar&controller=../../../../../../../../../../../../../../../proc/self/environ%00 HTTP/1.1" 200 6182 "-" "libwww-perl/5.803"
94.23.3.222 - - [06/Dec/2010:14:33:30 -0800] "GET //?option=com_gcalendar&controller=../../../../../../../../../../../../../../../proc/self/environ%00 HTTP/1.1" 200 6182 "-" "libwww-perl/5.803"
94.23.3.222 - - [06/Dec/2010:14:33:37 -0800] "GET //?option=com_gcalendar&controller=../../../../../../../../../../../../../../../proc/self/environ%00 HTTP/1.1" 200 6182 "-" "libwww-perl/5.803"
94.23.3.222 - - [06/Dec/2010:14:38:20 -0800] "GET //?option=com_gcalendar&controller=../../../../../../../../../../../../../../../proc/self/environ%00 HTTP/1.1" 200 6182 "-" "libwww-perl/5.803"
94.23.3.222 - - [06/Dec/2010:14:38:22 -0800] "GET //?option=com_gcalendar&controller=../../../../../../../../../../../../../../../proc/self/environ%00 HTTP/1.1" 200 6182 "-" "libwww-perl/5.803"
94.23.3.222 - - [06/Dec/2010:14:38:22 -0800] "GET //?option=com_gcalendar&controller=../../../../../../../../../../../../../../../proc/self/environ%00 HTTP/1.1" 200 6182 "-" "libwww-perl/5.803"
94.23.3.222 - - [06/Dec/2010:14:38:32 -0800] "GET //?option=com_gcalendar&controller=../../../../../../../../../../../../../../../proc/self/environ%00 HTTP/1.1" 200 6182 "-" "libwww-perl/5.803"
94.23.3.222 - - [06/Dec/2010:14:41:47 -0800] "GET //?option=com_gcalendar&controller=../../../../../../../../../../../../../../../proc/self/environ%00 HTTP/1.1" 200 6182 "-" "libwww-perl/5.803"
93.158.148.31 - - [06/Dec/2010:14:44:11 -0800] "GET /evilfuckers-access.log HTTP/1.1" 200 69534 "-" "Mozilla/5.0 (compatible; YandexBot/3.0; +http://yandex.com/bots)"
94.23.3.222 - - [06/Dec/2010:14:49:25 -0800] "GET //?option=com_gcalendar&controller=../../../../../../../../../../../../../../../proc/self/environ%00 HTTP/1.1" 200 6182 "-" "libwww-perl/5.803"
66.249.67.141 - - [06/Dec/2010:15:02:31 -0800] "GET /nov2010/jasoncmartin-access.log HTTP/1.1" 304 - "-" "Mozilla/5.0 (compatible; Googlebot/2.1; +http://www.google.com/bot.html)"
93.158.148.31 - - [06/Dec/2010:15:17:49 -0800] "GET /log-access.log HTTP/1.1" 200 477775 "-" "Mozilla/5.0 (compatible; YandexBot/3.0; +http://yandex.com/bots)"
94.23.3.222 - - [06/Dec/2010:15:32:53 -0800] "GET //?option=com_gcalendar&controller=../../../../../../../../../../../../../../../proc/self/environ%00 HTTP/1.1" 200 6182 "-" "libwww-perl/5.803"
174.133.151.178 - - [06/Dec/2010:15:54:12 -0800] "GET //index.php?option=com_fabrik&controller=../../../../../../../../../../../../../../../proc/self/environ%00 HTTP/1.1" 302 360 "-" "libwww-perl/5.837"
174.133.151.178 - - [06/Dec/2010:15:54:12 -0800] "GET / HTTP/1.1" 200 6179 "-" "libwww-perl/5.837"
174.133.151.178 - - [06/Dec/2010:16:01:01 -0800] "GET //index.php?option=com_fabrik&controller=../../../../../../../../../../../../../../../proc/self/environ%00 HTTP/1.1" 302 360 "-" "libwww-perl/5.837"
174.133.151.178 - - [06/Dec/2010:16:01:02 -0800] "GET / HTTP/1.1" 200 6179 "-" "libwww-perl/5.837"
174.133.151.178 - - [06/Dec/2010:16:01:25 -0800] "GET //index.php?option=com_fabrik&controller=../../../../../../../../../../../../../../../proc/self/environ%00 HTTP/1.1" 302 360 "-" "libwww-perl/5.837"
174.133.151.178 - - [06/Dec/2010:16:01:26 -0800] "GET / HTTP/1.1" 200 6179 "-" "libwww-perl/5.837"
66.249.68.176 - - [06/Dec/2010:16:01:26 -0800] "GET /robots.txt HTTP/1.1" 302 361 "-" "Mozilla/5.0 (compatible; Googlebot/2.1; +http://www.google.com/bot.html)"
174.133.151.178 - - [06/Dec/2010:16:01:47 -0800] "GET //index.php?option=com_fabrik&controller=../../../../../../../../../../../../../../../proc/self/environ%00 HTTP/1.1" 302 360 "-" "libwww-perl/5.837"
174.133.151.178 - - [06/Dec/2010:16:01:47 -0800] "GET / HTTP/1.1" 200 6179 "-" "libwww-perl/5.837"
174.133.151.178 - - [06/Dec/2010:16:18:04 -0800] "GET //index.php?option=com_fabrik&controller=../../../../../../../../../../../../../../../proc/self/environ%00 HTTP/1.1" 302 360 "-" "libwww-perl/5.837"
174.133.151.178 - - [06/Dec/2010:16:18:04 -0800] "GET / HTTP/1.1" 200 6179 "-" "libwww-perl/5.837"
174.133.151.178 - - [06/Dec/2010:16:18:26 -0800] "GET //index.php?option=com_fabrik&controller=../../../../../../../../../../../../../../../proc/self/environ%00 HTTP/1.1" 302 360 "-" "libwww-perl/5.837"
174.133.151.178 - - [06/Dec/2010:16:18:26 -0800] "GET / HTTP/1.1" 200 6179 "-" "libwww-perl/5.837"
93.158.148.31 - - [06/Dec/2010:16:41:21 -0800] "GET /?C=D;O=A HTTP/1.1" 200 6182 "-" "Mozilla/5.0 (compatible; YandexBot/3.0; +http://yandex.com/bots)"
93.158.148.31 - - [06/Dec/2010:17:15:57 -0800] "GET /dustinharley-error.log HTTP/1.1" 200 14822 "-" "Mozilla/5.0 (compatible; YandexBot/3.0; +http://yandex.com/bots)"
208.80.194.27 - - [06/Dec/2010:17:52:31 -0800] "GET / HTTP/1.0" 200 6182 "-" "Mozilla/4.0 (compatible; MSIE 7.0; Windows NT 5.1; .NET CLR 1.1.4322; PeoplePal 3.0; ZangoToolbar 4.8.2)"
93.158.148.31 - - [06/Dec/2010:17:51:43 -0800] "GET /nov2010/jasoncmartin-access.log HTTP/1.1" 200 2690013 "-" "Mozilla/5.0 (compatible; YandexBot/3.0; +http://yandex.com/bots)"
95.65.74.138 - - [06/Dec/2010:17:57:22 -0800] "GET / HTTP/1.0" 200 6182 "-" "Mozilla/4.0 (compatible; MSIE 6.0;)"
66.249.67.12 - - [06/Dec/2010:17:59:42 -0800] "GET /2girls4lokos-error.log HTTP/1.1" 200 23514 "-" "Mozilla/5.0 (compatible; Googlebot/2.1; +http://www.google.com/bot.html)"
174.133.151.178 - - [06/Dec/2010:18:02:03 -0800] "GET //index.php?option=com_fabrik&controller=../../../../../../../../../../../../../../../proc/self/environ%00 HTTP/1.1" 302 360 "-" "libwww-perl/5.837"
174.133.151.178 - - [06/Dec/2010:18:02:03 -0800] "GET / HTTP/1.1" 200 6179 "-" "libwww-perl/5.837"
65.52.110.66 - - [06/Dec/2010:18:08:49 -0800] "GET /robots.txt HTTP/1.1" 302 360 "-" "Mozilla/5.0 (compatible; bingbot/2.0; +http://www.bing.com/bingbot.htm)"
65.52.110.66 - - [06/Dec/2010:18:08:49 -0800] "GET / HTTP/1.1" 200 6179 "-" "Mozilla/5.0 (compatible; bingbot/2.0; +http://www.bing.com/bingbot.htm)"
65.52.110.66 - - [06/Dec/2010:18:12:43 -0800] "GET /ferality-access.log HTTP/1.1" 200 82307 "-" "Mozilla/5.0 (compatible; bingbot/2.0; +http://www.bing.com/bingbot.htm)"
93.158.148.31 - - [06/Dec/2010:18:28:59 -0800] "GET /nov2010/orbsucks-access.log HTTP/1.1" 200 1025768 "-" "Mozilla/5.0 (compatible; YandexBot/3.0; +http://yandex.com/bots)"
66.249.67.141 - - [06/Dec/2010:18:58:45 -0800] "GET /nov2010/paxnihilo-error.log HTTP/1.1" 304 - "-" "Mozilla/5.0 (compatible; Googlebot/2.1; +http://www.google.com/bot.html)"
66.249.67.141 - - [06/Dec/2010:19:57:52 -0800] "GET /nov2010/gorgeworld-access.log HTTP/1.1" 304 - "-" "Mozilla/5.0 (compatible; Googlebot/2.1; +http://www.google.com/bot.html)"
93.158.148.31 - - [06/Dec/2010:20:23:46 -0800] "GET /nov2010/browserbomb-error.log HTTP/1.1" 200 125313 "-" "Mozilla/5.0 (compatible; YandexBot/3.0; +http://yandex.com/bots)"
67.195.114.28 - - [06/Dec/2010:20:26:24 -0800] "GET /robots.txt HTTP/1.0" 302 360 "-" "Mozilla/5.0 (compatible; Yahoo! Slurp; http://help.yahoo.com/help/us/ysearch/slurp)"
67.195.114.28 - - [06/Dec/2010:20:26:25 -0800] "GET / HTTP/1.0" 200 6179 "-" "Mozilla/5.0 (compatible; Yahoo! Slurp; http://help.yahoo.com/help/us/ysearch/slurp)"
67.195.114.28 - - [06/Dec/2010:20:26:26 -0800] "GET /?C=M;O=A HTTP/1.0" 200 6182 "-" "Mozilla/5.0 (compatible; Yahoo! Slurp; http://help.yahoo.com/help/us/ysearch/slurp)"
123.125.71.101 - - [06/Dec/2010:20:26:53 -0800] "GET / HTTP/1.1" 200 6179 "-" "Baiduspider+(+http://www.baidu.com/search/spider.htm)"
220.181.108.167 - - [06/Dec/2010:20:27:17 -0800] "GET / HTTP/1.1" 200 6179 "-" "Baiduspider+(+http://www.baidu.com/search/spider.htm)"
220.136.87.74 - - [06/Dec/2010:20:38:34 -0800] "GET /nov2010/paxnihilo-error.log HTTP/1.1" 200 21130 "-" "Mozilla/4.0 (compatible; MSIE 7.0; Windows NT 5.1; EmbeddedWB 14.52 from: http://www.bsalsa.com/ EmbeddedWB 14.52; .NET CLR 2.0.50727; .NET CLR 3.0.04506.30)"
66.249.67.229 - - [06/Dec/2010:20:55:29 -0800] "GET /robots.txt HTTP/1.1" 302 360 "-" "Mozilla/5.0 (compatible; Googlebot/2.1; +http://www.google.com/bot.html)"
66.249.67.229 - - [06/Dec/2010:20:55:29 -0800] "GET /orbsucks-error.log HTTP/1.1" 200 - "-" "Mozilla/5.0 (compatible; Googlebot/2.1; +http://www.google.com/bot.html)"
66.249.68.177 - - [06/Dec/2010:20:56:45 -0800] "GET /robots.txt HTTP/1.1" 302 360 "-" "Mozilla/5.0 (compatible; Googlebot/2.1; +http://www.google.com/bot.html)"
66.249.68.177 - - [06/Dec/2010:20:56:45 -0800] "GET /log-error.log HTTP/1.1" 200 99655 "-" "Mozilla/5.0 (compatible; Googlebot/2.1; +http://www.google.com/bot.html)"
93.158.148.31 - - [06/Dec/2010:21:45:28 -0800] "GET /nov2010/orbsucks-error.log HTTP/1.1" 200 163396 "-" "Mozilla/5.0 (compatible; YandexBot/3.0; +http://yandex.com/bots)"
66.249.68.176 - - [06/Dec/2010:21:55:53 -0800] "GET / HTTP/1.1" 200 6183 "-" "Mozilla/5.0 (compatible; Googlebot/2.1; +http://www.google.com/bot.html)"
123.125.71.95 - - [06/Dec/2010:22:24:57 -0800] "GET / HTTP/1.1" 200 6179 "-" "Baiduspider+(+http://www.baidu.com/search/spider.htm)"
220.181.108.168 - - [06/Dec/2010:22:25:18 -0800] "GET / HTTP/1.1" 200 6179 "-" "Baiduspider+(+http://www.baidu.com/search/spider.htm)"
217.19.213.173 - - [06/Dec/2010:22:26:13 -0800] "GET //index.php?option=com_fabrik&controller=../../../../../../../../../../../../../../../../../../../etc/passwd%00 HTTP/1.1" 302 360 "-" "-"
217.19.213.173 - - [06/Dec/2010:22:26:16 -0800] "GET /log-access.log//index.php?option=com_fabrik&controller=../../../../../../../../../../../../../../../../../../../etc/passwd%00 HTTP/1.1" 302 360 "-" "-"
217.19.213.173 - - [06/Dec/2010:22:26:17 -0800] "GET / HTTP/1.1" 200 6179 "-" "-"
217.19.213.173 - - [06/Dec/2010:22:26:17 -0800] "GET / HTTP/1.1" 200 6179 "-" "-"
217.19.213.173 - - [06/Dec/2010:22:26:29 -0800] "GET /log-access.log//index.php?option=com_fabrik&controller=../../../../../../../../../../../../../../../../../../../etc/passwd%00 HTTP/1.1" 302 360 "-" "-"
217.19.213.173 - - [06/Dec/2010:22:26:29 -0800] "GET //index.php?option=com_fabrik&controller=../../../../../../../../../../../../../../../../../../../etc/passwd%00 HTTP/1.1" 302 360 "-" "-"
217.19.213.173 - - [06/Dec/2010:22:26:30 -0800] "GET / HTTP/1.1" 200 6179 "-" "-"
217.19.213.173 - - [06/Dec/2010:22:26:30 -0800] "GET / HTTP/1.1" 200 6179 "-" "-"
93.158.148.31 - - [06/Dec/2010:22:29:11 -0800] "GET /nov2010/ferality-access.log HTTP/1.1" 200 3132544 "-" "Mozilla/5.0 (compatible; YandexBot/3.0; +http://yandex.com/bots)"
217.19.213.173 - - [06/Dec/2010:22:45:08 -0800] "GET /log-access.log//index.php?option=com_fabrik&controller=../../../../../../../../../../../../../../../../../../../etc/passwd%00 HTTP/1.1" 302 360 "-" "-"
217.19.213.173 - - [06/Dec/2010:22:45:09 -0800] "GET //index.php?option=com_fabrik&controller=../../../../../../../../../../../../../../../../../../../etc/passwd%00 HTTP/1.1" 302 360 "-" "-"
217.19.213.173 - - [06/Dec/2010:22:45:10 -0800] "GET / HTTP/1.1" 200 6179 "-" "-"
217.19.213.173 - - [06/Dec/2010:22:45:12 -0800] "GET / HTTP/1.1" 200 6179 "-" "-"
66.249.67.229 - - [06/Dec/2010:22:50:17 -0800] "GET /nov2010/paxnihilo-access.log HTTP/1.1" 304 - "-" "Mozilla/5.0 (compatible; Googlebot/2.1; +http://www.google.com/bot.html)"
66.249.68.177 - - [06/Dec/2010:22:55:08 -0800] "GET /2girls4lokos-access.log HTTP/1.1" 200 113013 "-" "Mozilla/5.0 (compatible; Googlebot/2.1; +http://www.google.com/bot.html)"
93.158.148.31 - - [06/Dec/2010:23:13:43 -0800] "GET /nov2010/sharkbomb-access.log HTTP/1.1" 200 1521665 "-" "Mozilla/5.0 (compatible; YandexBot/3.0; +http://yandex.com/bots)"
117.53.96.161 - - [06/Dec/2010:23:37:09 -0800] "HEAD / HTTP/1.0" 200 - "http://www.unusualdischarge.com" "Mozilla/4.0 (compatible; MSIE 5.01; Windows NT 5.0)"
66.249.68.177 - - [06/Dec/2010:23:50:31 -0800] "GET /clownjuice-error.log HTTP/1.1" 200 14960 "-" "Mozilla/5.0 (compatible; Googlebot/2.1; +http://www.google.com/bot.html)"
93.158.148.31 - - [06/Dec/2010:23:57:47 -0800] "GET /nov2010/clownjuice-access.log HTTP/1.1" 200 566552 "-" "Mozilla/5.0 (compatible; YandexBot/3.0; +http://yandex.com/bots)"
66.249.68.177 - - [07/Dec/2010:00:46:17 -0800] "GET /jasoncmartin-error.log HTTP/1.1" 200 21831 "-" "Mozilla/5.0 (compatible; Googlebot/2.1; +http://www.google.com/bot.html)"
207.46.195.242 - - [07/Dec/2010:01:09:10 -0800] "GET /robots.txt HTTP/1.1" 302 360 "-" "Mozilla/5.0 (compatible; bingbot/2.0; +http://www.bing.com/bingbot.htm)"
207.46.195.242 - - [07/Dec/2010:01:09:10 -0800] "GET / HTTP/1.1" 200 6179 "-" "Mozilla/5.0 (compatible; bingbot/2.0; +http://www.bing.com/bingbot.htm)"
207.46.195.242 - - [07/Dec/2010:01:12:01 -0800] "GET /sharkbomb-access.log HTTP/1.1" 200 79828 "-" "Mozilla/5.0 (compatible; bingbot/2.0; +http://www.bing.com/bingbot.htm)"
93.158.148.31 - - [07/Dec/2010:01:25:04 -0800] "GET /nov2010/paxnihilo-error.log HTTP/1.1" 200 21130 "-" "Mozilla/5.0 (compatible; YandexBot/3.0; +http://yandex.com/bots)"
65.52.108.58 - - [07/Dec/2010:01:36:28 -0800] "GET /terhanian-error.log HTTP/1.1" 200 - "-" "Mozilla/5.0 (compatible; bingbot/2.0; +http://www.bing.com/bingbot.htm)"
66.249.68.177 - - [07/Dec/2010:01:48:26 -0800] "GET / HTTP/1.1" 200 6182 "-" "Mozilla/5.0 (compatible; Googlebot/2.1; +http://www.google.com/bot.html)"
93.158.148.31 - - [07/Dec/2010:02:08:39 -0800] "GET /nov2010/gorgeworld-access.log HTTP/1.1" 200 468902 "-" "Mozilla/5.0 (compatible; YandexBot/3.0; +http://yandex.com/bots)"
207.46.199.184 - - [07/Dec/2010:02:25:13 -0800] "GET /robots.txt HTTP/1.1" 302 360 "-" "Mozilla/5.0 (compatible; bingbot/2.0; +http://www.bing.com/bingbot.htm)"
207.46.199.184 - - [07/Dec/2010:02:25:13 -0800] "GET / HTTP/1.1" 200 6179 "-" "Mozilla/5.0 (compatible; bingbot/2.0; +http://www.bing.com/bingbot.htm)"
219.240.36.36 - - [07/Dec/2010:02:40:06 -0800] "GET //index.php?option=com_fabrik&controller=../../../../../../../../../../../../../../../proc/self/environ%00 HTTP/1.1" 302 360 "-" "libwww-perl/5.65"
219.240.36.36 - - [07/Dec/2010:02:40:07 -0800] "GET / HTTP/1.1" 200 6179 "-" "libwww-perl/5.65"
66.249.67.229 - - [07/Dec/2010:02:42:22 -0800] "GET /nov2010/ferality-error.log HTTP/1.1" 304 - "-" "Mozilla/5.0 (compatible; Googlebot/2.1; +http://www.google.com/bot.html)"
219.240.36.36 - - [07/Dec/2010:02:47:24 -0800] "GET //index.php?option=com_fabrik&controller=../../../../../../../../../../../../../../../proc/self/environ%00 HTTP/1.1" 302 360 "-" "libwww-perl/5.65"
219.240.36.36 - - [07/Dec/2010:02:47:25 -0800] "GET / HTTP/1.1" 200 6179 "-" "libwww-perl/5.65"
66.249.67.12 - - [07/Dec/2010:02:47:56 -0800] "GET /robots.txt HTTP/1.1" 302 359 "-" "Mozilla/5.0 (compatible; Googlebot/2.1; +http://www.google.com/bot.html)"
66.249.67.12 - - [07/Dec/2010:02:47:56 -0800] "GET / HTTP/1.1" 200 6181 "-" "Mozilla/5.0 (compatible; Googlebot/2.1; +http://www.google.com/bot.html)"
93.158.148.31 - - [07/Dec/2010:02:52:19 -0800] "GET /nov2010/paxnihilo-access.log HTTP/1.1" 200 89293 "-" "Mozilla/5.0 (compatible; YandexBot/3.0; +http://yandex.com/bots)"
219.240.36.36 - - [07/Dec/2010:03:16:14 -0800] "GET //index.php?option=com_fabrik&controller=../../../../../../../../../../../../../../../proc/self/environ%00 HTTP/1.1" 302 360 "-" "libwww-perl/5.65"
219.240.36.36 - - [07/Dec/2010:03:16:15 -0800] "GET / HTTP/1.1" 200 6179 "-" "libwww-perl/5.65"
123.125.71.99 - - [07/Dec/2010:03:25:31 -0800] "GET / HTTP/1.1" 200 6179 "-" "Baiduspider+(+http://www.baidu.com/search/spider.htm)"
220.181.108.181 - - [07/Dec/2010:03:25:51 -0800] "GET / HTTP/1.1" 200 6179 "-" "Baiduspider+(+http://www.baidu.com/search/spider.htm)"
93.158.148.31 - - [07/Dec/2010:03:35:54 -0800] "GET /nov2010/jasoncmartin-error.log HTTP/1.1" 200 956989 "-" "Mozilla/5.0 (compatible; YandexBot/3.0; +http://yandex.com/bots)"
123.125.71.81 - - [07/Dec/2010:03:43:10 -0800] "GET / HTTP/1.1" 200 6182 "-" "Baiduspider+(+http://www.baidu.com/search/spider.htm)"
66.249.68.176 - - [07/Dec/2010:03:47:39 -0800] "GET /robots.txt HTTP/1.1" 302 361 "-" "Mozilla/5.0 (compatible; Googlebot/2.1; +http://www.google.com/bot.html)"
66.249.68.177 - - [07/Dec/2010:04:05:48 -0800] "GET /robots.txt HTTP/1.1" 302 360 "-" "Mozilla/5.0 (compatible; Googlebot/2.1; +http://www.google.com/bot.html)"
66.249.68.177 - - [07/Dec/2010:04:05:48 -0800] "GET /terhanian-error.log HTTP/1.1" 200 - "-" "Mozilla/5.0 (compatible; Googlebot/2.1; +http://www.google.com/bot.html)"
93.158.148.31 - - [07/Dec/2010:04:19:38 -0800] "GET /nov2010/clownjuice-error.log HTTP/1.1" 200 287600 "-" "Mozilla/5.0 (compatible; YandexBot/3.0; +http://yandex.com/bots)"
66.249.67.229 - - [07/Dec/2010:04:38:54 -0800] "GET /robots.txt HTTP/1.1" 302 360 "-" "Mozilla/5.0 (compatible; Googlebot/2.1; +http://www.google.com/bot.html)"
66.249.67.229 - - [07/Dec/2010:04:38:54 -0800] "GET /nov2010/evilfuckers-access.log HTTP/1.1" 304 - "-" "Mozilla/5.0 (compatible; Googlebot/2.1; +http://www.google.com/bot.html)"
66.249.67.12 - - [07/Dec/2010:04:47:08 -0800] "GET /nov2010/gorgeworld-access.log HTTP/1.1" 304 - "-" "Mozilla/5.0 (compatible; Googlebot/2.1; +http://www.google.com/bot.html)"
93.158.148.31 - - [07/Dec/2010:05:03:15 -0800] "GET /nov2010/terhanian-access.log HTTP/1.1" 200 - "-" "Mozilla/5.0 (compatible; YandexBot/3.0; +http://yandex.com/bots)"
93.158.148.31 - - [07/Dec/2010:05:46:48 -0800] "GET /nov2010/sharkbomb-error.log HTTP/1.1" 200 104679 "-" "Mozilla/5.0 (compatible; YandexBot/3.0; +http://yandex.com/bots)"
123.125.71.99 - - [07/Dec/2010:06:27:45 -0800] "GET / HTTP/1.1" 200 6179 "-" "Baiduspider+(+http://www.baidu.com/search/spider.htm)"
220.181.108.181 - - [07/Dec/2010:06:28:09 -0800] "GET / HTTP/1.1" 200 6179 "-" "Baiduspider+(+http://www.baidu.com/search/spider.htm)"
66.249.67.229 - - [07/Dec/2010:06:35:14 -0800] "GET /nov2010/browserbomb-error.log HTTP/1.1" 304 - "-" "Mozilla/5.0 (compatible; Googlebot/2.1; +http://www.google.com/bot.html)"
87.238.162.144 - - [07/Dec/2010:06:44:46 -0800] "GET /index.php?option=com_gcalendar&controller=../../../../../../../../../../../../../../../proc/self/environ%00 HTTP/1.1" 302 360 "-" "libwww-perl/5.803"
87.238.162.144 - - [07/Dec/2010:06:44:46 -0800] "GET / HTTP/1.1" 200 6179 "-" "libwww-perl/5.803"
87.238.162.144 - - [07/Dec/2010:06:44:53 -0800] "GET /index.php?option=com_gcalendar&controller=../../../../../../../../../../../../../../../proc/self/environ%00 HTTP/1.1" 302 360 "-" "libwww-perl/5.803"
87.238.162.144 - - [07/Dec/2010:06:44:53 -0800] "GET / HTTP/1.1" 200 6179 "-" "libwww-perl/5.803"
66.249.67.12 - - [07/Dec/2010:06:45:29 -0800] "GET /nov2010/clownjuice-error.log HTTP/1.1" 304 - "-" "Mozilla/5.0 (compatible; Googlebot/2.1; +http://www.google.com/bot.html)"
93.158.148.31 - - [07/Dec/2010:07:09:05 -0800] "GET /robots.txt HTTP/1.1" 302 360 "-" "Mozilla/5.0 (compatible; YandexBot/3.0; +http://yandex.com/bots)"
66.249.67.12 - - [07/Dec/2010:07:45:36 -0800] "GET /nov2010/browserbomb-access.log HTTP/1.1" 304 - "-" "Mozilla/5.0 (compatible; Googlebot/2.1; +http://www.google.com/bot.html)"
93.158.148.31 - - [07/Dec/2010:07:47:48 -0800] "GET /nov2010/log-error.log HTTP/1.1" 200 2419677 "-" "Mozilla/5.0 (compatible; YandexBot/3.0; +http://yandex.com/bots)"
93.158.148.31 - - [07/Dec/2010:08:26:52 -0800] "GET /nov2010/?C=N;O=D HTTP/1.1" 200 6156 "-" "Mozilla/5.0 (compatible; YandexBot/3.0; +http://yandex.com/bots)"
66.249.68.177 - - [07/Dec/2010:08:30:58 -0800] "GET /clownjuice-access.log HTTP/1.1" 200 31157 "-" "Mozilla/5.0 (compatible; Googlebot/2.1; +http://www.google.com/bot.html)"
66.249.68.176 - - [07/Dec/2010:08:45:16 -0800] "GET /nov2010/paxnihilo-error.log HTTP/1.1" 304 - "-" "Mozilla/5.0 (compatible; Googlebot/2.1; +http://www.google.com/bot.html)"
93.158.148.31 - - [07/Dec/2010:09:05:34 -0800] "GET /nov2010/evilfuckers-access.log HTTP/1.1" 200 1030253 "-" "Mozilla/5.0 (compatible; YandexBot/3.0; +http://yandex.com/bots)"
114.24.132.18 - - [07/Dec/2010:09:15:49 -0800] "GET /nov2010/browserbomb-access.log HTTP/1.1" 200 202321 "-" "Mozilla/4.0 (compatible; MSIE 7.0; Windows NT 5.1; EmbeddedWB 14.52 from: http://www.bsalsa.com/ EmbeddedWB 14.52; .NET CLR 2.0.50727; .NET CLR 3.0.04506.30)"
123.125.71.95 - - [07/Dec/2010:09:26:50 -0800] "GET / HTTP/1.1" 200 6179 "-" "Baiduspider+(+http://www.baidu.com/search/spider.htm)"
220.181.108.168 - - [07/Dec/2010:09:27:12 -0800] "GET / HTTP/1.1" 200 6179 "-" "Baiduspider+(+http://www.baidu.com/search/spider.htm)"
92.240.68.153 - - [07/Dec/2010:09:28:00 -0800] "GET http://www.rissington.com/images/side/uk/UK_cattle_main.jpg HTTP/1.1" 302 358 "http://random.yahoo.com/fast/ryl" "webcollage/1.135a"
119.63.198.54 - - [07/Dec/2010:09:34:01 -0800] "GET /robots.txt HTTP/1.1" 302 357 "-" "Baiduspider+(+http://www.baidu.com/search/spider.htm)"
119.63.198.8 - - [07/Dec/2010:09:34:02 -0800] "GET / HTTP/1.1" 200 6179 "-" "Baiduspider+(+http://www.baidu.com/search/spider.htm)"
93.158.148.31 - - [07/Dec/2010:09:39:46 -0800] "GET / HTTP/1.1" 200 6182 "-" "Mozilla/5.0 (compatible; YandexBot/3.0; +http://yandex.com/bots)"
66.249.68.176 - - [07/Dec/2010:09:43:50 -0800] "GET /nov2010/gorgeworld-access.log HTTP/1.1" 304 - "-" "Mozilla/5.0 (compatible; Googlebot/2.1; +http://www.google.com/bot.html)"
70.38.64.196 - - [07/Dec/2010:10:02:37 -0800] "GET /log-access.log HTTP/1.1" 200 496751 "/" "Mozilla/5.0 (Windows; U; Windows NT 5.1; ru; rv:1.9.2.3) Gecko/20100401 Firefox/3.6.3 (.NET CLR 3.5.30729)"
203.73.222.31 - - [07/Dec/2010:10:25:54 -0800] "GET /nov2010/paxnihilo-error.log HTTP/1.1" 200 21130 "-" "Mozilla/4.0 (compatible; MSIE 7.0; Windows NT 5.1; EmbeddedWB 14.52 from: http://www.bsalsa.com/ EmbeddedWB 14.52; .NET CLR 2.0.50727; .NET CLR 3.0.04506.30)"
66.249.67.229 - - [07/Dec/2010:10:27:50 -0800] "GET /nov2010/jasoncmartin-error.log HTTP/1.1" 304 - "-" "Mozilla/5.0 (compatible; Googlebot/2.1; +http://www.google.com/bot.html)"
65.52.49.141 - - [07/Dec/2010:10:39:55 -0800] "GET /robots.txt HTTP/1.1" 302 360 "-" "Mozilla/5.0 (compatible; bingbot/2.0; +http://www.bing.com/bingbot.htm)"
65.52.49.141 - - [07/Dec/2010:10:39:55 -0800] "GET / HTTP/1.1" 200 6179 "-" "Mozilla/5.0 (compatible; bingbot/2.0; +http://www.bing.com/bingbot.htm)"
203.73.222.31 - - [07/Dec/2010:10:39:53 -0800] "GET /nov2010/jasoncmartin-access.log HTTP/1.1" 200 2690013 "-" "Mozilla/4.0 (compatible; MSIE 7.0; Windows NT 5.1; EmbeddedWB 14.52 from: http://www.bsalsa.com/ EmbeddedWB 14.52; .NET CLR 2.0.50727; .NET CLR 3.0.04506.30)"
66.249.68.176 - - [07/Dec/2010:10:43:06 -0800] "GET /robots.txt HTTP/1.1" 302 361 "-" "Mozilla/5.0 (compatible; Googlebot/2.1; +http://www.google.com/bot.html)"
66.249.68.176 - - [07/Dec/2010:10:43:06 -0800] "GET /nov2010/jasoncmartin-access.log HTTP/1.1" 304 - "-" "Mozilla/5.0 (compatible; Googlebot/2.1; +http://www.google.com/bot.html)"
203.73.222.31 - - [07/Dec/2010:10:43:51 -0800] "GET /2girls4lokos-error.log HTTP/1.1" 200 23850 "-" "Mozilla/4.0 (compatible; MSIE 7.0; Windows NT 5.1; EmbeddedWB 14.52 from: http://www.bsalsa.com/ EmbeddedWB 14.52; .NET CLR 2.0.50727; .NET CLR 3.0.04506.30)"
93.158.148.31 - - [07/Dec/2010:10:59:56 -0800] "GET /nov2010/browserbomb-error.log HTTP/1.1" 200 125313 "-" "Mozilla/5.0 (compatible; YandexBot/3.0; +http://yandex.com/bots)"
66.249.67.229 - - [07/Dec/2010:12:09:21 -0800] "GET /robots.txt HTTP/1.1" 302 360 "-" "Mozilla/5.0 (compatible; Googlebot/2.1; +http://www.google.com/bot.html)"
66.249.67.229 - - [07/Dec/2010:12:09:21 -0800] "GET /clownjuice-access.log HTTP/1.1" 200 31157 "-" "Mozilla/5.0 (compatible; Googlebot/2.1; +http://www.google.com/bot.html)"
66.249.67.229 - - [07/Dec/2010:12:24:15 -0800] "GET /nov2010/dustinharley-error.log HTTP/1.1" 304 - "-" "Mozilla/5.0 (compatible; Googlebot/2.1; +http://www.google.com/bot.html)"
93.158.148.31 - - [07/Dec/2010:12:30:32 -0800] "GET /nov2010/log-access.log HTTP/1.1" 200 6206155 "-" "Mozilla/5.0 (compatible; YandexBot/3.0; +http://yandex.com/bots)"
