89.200.142.171 - - [07/Dec/2010:12:45:18 -0800] "GET /*?option=com_fabrik&controller=../../../../../../../../../../../../../../../../../../../../../../../..//proc/self/environ%0000 HTTP/1.1" 302 360 "-" "Mozilla/5.0 (Windows; U; Windows NT 5.1; en-US; rv:1.9.2) Gecko/20100115 Firefox/3.6"
89.200.142.171 - - [07/Dec/2010:12:45:18 -0800] "GET / HTTP/1.1" 200 6179 "-" "Mozilla/5.0 (Windows; U; Windows NT 5.1; en-US; rv:1.9.2) Gecko/20100115 Firefox/3.6"
93.158.148.31 - - [07/Dec/2010:13:13:53 -0800] "GET /nov2010/?C=M;O=A HTTP/1.1" 200 6156 "-" "Mozilla/5.0 (compatible; YandexBot/3.0; +http://yandex.com/bots)"
89.200.142.171 - - [07/Dec/2010:13:20:35 -0800] "GET /index.php?option=com_fabrik&controller=../../../../../../../../../../../../../../../../../../../../../../../..//proc/self/environ%0000 HTTP/1.1" 302 360 "-" "Mozilla/5.0 (Windows; U; Windows NT 5.1; en-US; rv:1.9.2) Gecko/20100115 Firefox/3.6"
89.200.142.171 - - [07/Dec/2010:13:20:36 -0800] "GET / HTTP/1.1" 200 6179 "-" "Mozilla/5.0 (Windows; U; Windows NT 5.1; en-US; rv:1.9.2) Gecko/20100115 Firefox/3.6"
89.200.142.171 - - [07/Dec/2010:13:21:06 -0800] "GET /index.php?option=com_fabrik&controller=../../../../../../../../../../../../../../../../../../../../../../../..//proc/self/environ%0000 HTTP/1.1" 302 360 "-" "Mozilla/5.0 (Windows; U; Windows NT 5.1; en-US; rv:1.9.2) Gecko/20100115 Firefox/3.6"
89.200.142.171 - - [07/Dec/2010:13:21:06 -0800] "GET / HTTP/1.1" 200 6179 "-" "Mozilla/5.0 (Windows; U; Windows NT 5.1; en-US; rv:1.9.2) Gecko/20100115 Firefox/3.6"
66.249.67.229 - - [07/Dec/2010:13:46:35 -0800] "GET /nov2010/dustinharley-error.log HTTP/1.1" 304 - "-" "Mozilla/5.0 (compatible; Googlebot/2.1; +http://www.google.com/bot.html)"
66.219.58.38 - - [07/Dec/2010:14:07:13 -0800] "GET /robots.txt HTTP/1.1" 302 360 "-" "MLBot (www.metadatalabs.com/mlbot)"
66.219.58.38 - - [07/Dec/2010:14:07:13 -0800] "GET / HTTP/1.1" 200 6179 "-" "MLBot (www.metadatalabs.com/mlbot)"
66.219.58.38 - - [07/Dec/2010:14:07:13 -0800] "GET / HTTP/1.1" 200 6182 "-" "MLBot (www.metadatalabs.com/mlbot)"
66.219.58.38 - - [07/Dec/2010:14:19:57 -0800] "GET /nov2010/ HTTP/1.1" 200 6156 "-" "MLBot (www.metadatalabs.com/mlbot)"
123.125.71.102 - - [07/Dec/2010:14:26:13 -0800] "GET / HTTP/1.1" 200 6179 "-" "Baiduspider+(+http://www.baidu.com/search/spider.htm)"
220.181.108.186 - - [07/Dec/2010:14:26:36 -0800] "GET / HTTP/1.1" 200 6179 "-" "Baiduspider+(+http://www.baidu.com/search/spider.htm)"
66.219.58.38 - - [07/Dec/2010:14:29:31 -0800] "GET /nov2010/browserbomb-error.log HTTP/1.1" 200 125313 "-" "MLBot (www.metadatalabs.com/mlbot)"
87.231.248.252 - - [07/Dec/2010:14:32:30 -0800] "GET /browserbomb-access.log HTTP/1.0" 200 8066 "-" "Mozilla/5.0 (compatible; Googlebot/2.1; +http://www.google.com/bot.html)"
66.219.58.38 - - [07/Dec/2010:14:36:49 -0800] "GET /nov2010/clownjuice-error.log HTTP/1.1" 200 287600 "-" "MLBot (www.metadatalabs.com/mlbot)"
66.219.58.38 - - [07/Dec/2010:14:42:30 -0800] "GET /nov2010/dustinharley-error.log HTTP/1.1" 200 545791 "-" "MLBot (www.metadatalabs.com/mlbot)"
66.219.58.38 - - [07/Dec/2010:14:47:06 -0800] "GET /nov2010/evilfuckers-error.log HTTP/1.1" 200 275117 "-" "MLBot (www.metadatalabs.com/mlbot)"
93.158.148.31 - - [07/Dec/2010:14:50:02 -0800] "GET /nov2010/evilfuckers-error.log HTTP/1.1" 200 275117 "-" "Mozilla/5.0 (compatible; YandexBot/3.0; +http://yandex.com/bots)"
66.219.58.38 - - [07/Dec/2010:14:50:39 -0800] "GET /nov2010/ferality-error.log HTTP/1.1" 200 293986 "-" "MLBot (www.metadatalabs.com/mlbot)"
66.219.58.38 - - [07/Dec/2010:14:53:29 -0800] "GET /nov2010/gorgeworld-error.log HTTP/1.1" 200 148355 "-" "MLBot (www.metadatalabs.com/mlbot)"
66.219.58.38 - - [07/Dec/2010:14:55:54 -0800] "GET /nov2010/jasoncmartin-error.log HTTP/1.1" 200 956989 "-" "MLBot (www.metadatalabs.com/mlbot)"
66.219.58.38 - - [07/Dec/2010:14:58:05 -0800] "GET /nov2010/log-error.log HTTP/1.1" 200 2419677 "-" "MLBot (www.metadatalabs.com/mlbot)"
66.219.58.38 - - [07/Dec/2010:14:59:54 -0800] "GET /nov2010/orbsucks-error.log HTTP/1.1" 200 163396 "-" "MLBot (www.metadatalabs.com/mlbot)"
66.219.58.38 - - [07/Dec/2010:15:01:23 -0800] "GET /nov2010/paxnihilo-error.log HTTP/1.1" 200 21130 "-" "MLBot (www.metadatalabs.com/mlbot)"
66.219.58.38 - - [07/Dec/2010:15:02:38 -0800] "GET /nov2010/sharkbomb-error.log HTTP/1.1" 200 104679 "-" "MLBot (www.metadatalabs.com/mlbot)"
66.219.58.38 - - [07/Dec/2010:15:03:40 -0800] "GET /nov2010/terhanian-error.log HTTP/1.1" 200 - "-" "MLBot (www.metadatalabs.com/mlbot)"
66.219.58.38 - - [07/Dec/2010:15:04:34 -0800] "GET /nov2010/vaginacide-error.log HTTP/1.1" 200 36671 "-" "MLBot (www.metadatalabs.com/mlbot)"
66.219.58.38 - - [07/Dec/2010:15:05:39 -0800] "GET /nov2010/browserbomb-access.log HTTP/1.1" 200 202321 "-" "MLBot (www.metadatalabs.com/mlbot)"
66.219.58.38 - - [07/Dec/2010:15:06:34 -0800] "GET /nov2010/clownjuice-access.log HTTP/1.1" 200 566552 "-" "MLBot (www.metadatalabs.com/mlbot)"
66.219.58.38 - - [07/Dec/2010:15:07:37 -0800] "GET /nov2010/dustinharley-access.log HTTP/1.1" 200 4230194 "-" "MLBot (www.metadatalabs.com/mlbot)"
66.219.58.38 - - [07/Dec/2010:15:08:28 -0800] "GET /nov2010/evilfuckers-access.log HTTP/1.1" 200 1030253 "-" "MLBot (www.metadatalabs.com/mlbot)"
66.219.58.38 - - [07/Dec/2010:15:09:19 -0800] "GET /nov2010/ferality-access.log HTTP/1.1" 200 3132544 "-" "MLBot (www.metadatalabs.com/mlbot)"
66.219.58.38 - - [07/Dec/2010:15:10:15 -0800] "GET /nov2010/gorgeworld-access.log HTTP/1.1" 200 468902 "-" "MLBot (www.metadatalabs.com/mlbot)"
66.219.58.38 - - [07/Dec/2010:15:11:10 -0800] "GET /nov2010/jasoncmartin-access.log HTTP/1.1" 200 2690013 "-" "MLBot (www.metadatalabs.com/mlbot)"
66.219.58.38 - - [07/Dec/2010:15:12:02 -0800] "GET /nov2010/log-access.log HTTP/1.1" 200 6206155 "-" "MLBot (www.metadatalabs.com/mlbot)"
66.219.58.38 - - [07/Dec/2010:15:12:54 -0800] "GET /nov2010/orbsucks-access.log HTTP/1.1" 200 1025768 "-" "MLBot (www.metadatalabs.com/mlbot)"
66.219.58.38 - - [07/Dec/2010:15:14:37 -0800] "GET /nov2010/sharkbomb-access.log HTTP/1.1" 200 1521665 "-" "MLBot (www.metadatalabs.com/mlbot)"
66.219.58.38 - - [07/Dec/2010:15:15:29 -0800] "GET /nov2010/terhanian-access.log HTTP/1.1" 200 - "-" "MLBot (www.metadatalabs.com/mlbot)"
66.219.58.38 - - [07/Dec/2010:15:16:21 -0800] "GET /nov2010/vaginacide-access.log HTTP/1.1" 200 115342 "-" "MLBot (www.metadatalabs.com/mlbot)"
66.219.58.38 - - [07/Dec/2010:15:17:12 -0800] "GET /2girls4lokos-error.log HTTP/1.1" 200 24076 "-" "MLBot (www.metadatalabs.com/mlbot)"
66.219.58.38 - - [07/Dec/2010:15:18:03 -0800] "GET /browserbomb-error.log HTTP/1.1" 200 1777 "-" "MLBot (www.metadatalabs.com/mlbot)"
66.219.58.38 - - [07/Dec/2010:15:13:45 -0800] "GET /nov2010/paxnihilo-access.log HTTP/1.1" 200 89293 "-" "MLBot (www.metadatalabs.com/mlbot)"
66.219.58.38 - - [07/Dec/2010:15:18:54 -0800] "GET /clownjuice-error.log HTTP/1.1" 200 15444 "-" "MLBot (www.metadatalabs.com/mlbot)"
66.219.58.38 - - [07/Dec/2010:15:20:11 -0800] "GET /dustinharley-error.log HTTP/1.1" 200 15332 "-" "MLBot (www.metadatalabs.com/mlbot)"
66.219.58.38 - - [07/Dec/2010:15:21:07 -0800] "GET /evilfuckers-error.log HTTP/1.1" 200 10938 "-" "MLBot (www.metadatalabs.com/mlbot)"
66.219.58.38 - - [07/Dec/2010:15:21:59 -0800] "GET /ferality-error.log HTTP/1.1" 200 8727 "-" "MLBot (www.metadatalabs.com/mlbot)"
66.219.58.38 - - [07/Dec/2010:15:22:53 -0800] "GET /gorgeworld-error.log HTTP/1.1" 200 3126 "-" "MLBot (www.metadatalabs.com/mlbot)"
66.219.58.38 - - [07/Dec/2010:15:23:45 -0800] "GET /jasoncmartin-error.log HTTP/1.1" 200 23496 "-" "MLBot (www.metadatalabs.com/mlbot)"
66.219.58.38 - - [07/Dec/2010:15:24:37 -0800] "GET /log-error.log HTTP/1.1" 200 106686 "-" "MLBot (www.metadatalabs.com/mlbot)"
66.219.58.38 - - [07/Dec/2010:15:25:29 -0800] "GET /orbsucks-error.log HTTP/1.1" 200 - "-" "MLBot (www.metadatalabs.com/mlbot)"
66.219.58.38 - - [07/Dec/2010:15:26:19 -0800] "GET /paxnihilo-error.log HTTP/1.1" 200 1215 "-" "MLBot (www.metadatalabs.com/mlbot)"
66.219.58.38 - - [07/Dec/2010:15:27:11 -0800] "GET /sharkbomb-error.log HTTP/1.1" 200 7686 "-" "MLBot (www.metadatalabs.com/mlbot)"
66.219.58.38 - - [07/Dec/2010:15:28:03 -0800] "GET /terhanian-error.log HTTP/1.1" 200 - "-" "MLBot (www.metadatalabs.com/mlbot)"
66.219.58.38 - - [07/Dec/2010:15:28:57 -0800] "GET /2girls4lokos-access.log HTTP/1.1" 200 116633 "-" "MLBot (www.metadatalabs.com/mlbot)"
66.219.58.38 - - [07/Dec/2010:15:29:50 -0800] "GET /browserbomb-access.log HTTP/1.1" 200 8066 "-" "MLBot (www.metadatalabs.com/mlbot)"
66.219.58.38 - - [07/Dec/2010:15:30:42 -0800] "GET /clownjuice-access.log HTTP/1.1" 200 31565 "-" "MLBot (www.metadatalabs.com/mlbot)"
66.219.58.38 - - [07/Dec/2010:15:31:33 -0800] "GET /dustinharley-access.log HTTP/1.1" 200 137953 "-" "MLBot (www.metadatalabs.com/mlbot)"
66.219.58.38 - - [07/Dec/2010:15:32:25 -0800] "GET /evilfuckers-access.log HTTP/1.1" 200 71640 "-" "MLBot (www.metadatalabs.com/mlbot)"
93.158.148.31 - - [07/Dec/2010:15:32:47 -0800] "GET /sharkbomb-error.log HTTP/1.1" 200 7686 "-" "Mozilla/5.0 (compatible; YandexBot/3.0; +http://yandex.com/bots)"
66.219.58.38 - - [07/Dec/2010:15:34:08 -0800] "GET /gorgeworld-access.log HTTP/1.1" 200 14760 "-" "MLBot (www.metadatalabs.com/mlbot)"
66.219.58.38 - - [07/Dec/2010:15:35:00 -0800] "GET /jasoncmartin-access.log HTTP/1.1" 200 73119 "-" "MLBot (www.metadatalabs.com/mlbot)"
66.219.58.38 - - [07/Dec/2010:15:35:52 -0800] "GET /log-access.log HTTP/1.1" 200 508794 "-" "MLBot (www.metadatalabs.com/mlbot)"
66.219.58.38 - - [07/Dec/2010:15:36:44 -0800] "GET /orbsucks-access.log HTTP/1.1" 200 - "-" "MLBot (www.metadatalabs.com/mlbot)"
66.219.58.38 - - [07/Dec/2010:15:37:36 -0800] "GET /paxnihilo-access.log HTTP/1.1" 200 5491 "-" "MLBot (www.metadatalabs.com/mlbot)"
66.219.58.38 - - [07/Dec/2010:15:33:16 -0800] "GET /ferality-access.log HTTP/1.1" 200 83709 "-" "MLBot (www.metadatalabs.com/mlbot)"
66.219.58.38 - - [07/Dec/2010:15:38:28 -0800] "GET /sharkbomb-access.log HTTP/1.1" 200 82680 "-" "MLBot (www.metadatalabs.com/mlbot)"
66.219.58.38 - - [07/Dec/2010:15:39:20 -0800] "GET /terhanian-access.log HTTP/1.1" 200 - "-" "MLBot (www.metadatalabs.com/mlbot)"
66.249.67.229 - - [07/Dec/2010:15:50:38 -0800] "GET /nov2010/log-error.log HTTP/1.1" 304 - "-" "Mozilla/5.0 (compatible; Googlebot/2.1; +http://www.google.com/bot.html)"
93.158.148.31 - - [07/Dec/2010:16:16:53 -0800] "GET /nov2010/browserbomb-access.log HTTP/1.1" 200 202321 "-" "Mozilla/5.0 (compatible; YandexBot/3.0; +http://yandex.com/bots)"
217.217.86.191 - - [07/Dec/2010:16:28:54 -0800] "GET /gorgeworld-access.log HTTP/1.1" 200 14760 "-" "Mozilla/5.0 (X11; U; Linux i686; en-US; rv:1.9.2.12) Gecko/20101027 Ubuntu/8.04 (hardy) Firefox/3.6.12"
217.217.86.191 - - [07/Dec/2010:16:28:55 -0800] "GET /favicon.ico HTTP/1.1" 302 360 "-" "Mozilla/5.0 (X11; U; Linux i686; en-US; rv:1.9.2.12) Gecko/20101027 Ubuntu/8.04 (hardy) Firefox/3.6.12"
217.217.86.191 - - [07/Dec/2010:16:28:56 -0800] "GET / HTTP/1.1" 200 6179 "-" "Mozilla/5.0 (X11; U; Linux i686; en-US; rv:1.9.2.12) Gecko/20101027 Ubuntu/8.04 (hardy) Firefox/3.6.12"
217.217.86.191 - - [07/Dec/2010:16:28:58 -0800] "GET /favicon.ico HTTP/1.1" 302 360 "-" "Mozilla/5.0 (X11; U; Linux i686; en-US; rv:1.9.2.12) Gecko/20101027 Ubuntu/8.04 (hardy) Firefox/3.6.12"
217.217.86.191 - - [07/Dec/2010:16:29:01 -0800] "GET / HTTP/1.1" 200 6179 "-" "Mozilla/5.0 (X11; U; Linux i686; en-US; rv:1.9.2.12) Gecko/20101027 Ubuntu/8.04 (hardy) Firefox/3.6.12"
93.158.148.31 - - [07/Dec/2010:17:01:02 -0800] "GET /nov2010/vaginacide-error.log HTTP/1.1" 200 36671 "-" "Mozilla/5.0 (compatible; YandexBot/3.0; +http://yandex.com/bots)"
217.217.86.191 - - [07/Dec/2010:17:01:06 -0800] "HEAD /gorgeworld-access.log HTTP/1.0" 200 - "-" "Wget/1.11.4"
217.217.86.191 - - [07/Dec/2010:17:02:11 -0800] "HEAD /log-access.log HTTP/1.0" 200 - "-" "Wget/1.11.4"
217.217.86.191 - - [07/Dec/2010:17:02:35 -0800] "HEAD /gorgeworld-access.log HTTP/1.0" 200 - "-" "Wget/1.11.4"
217.217.86.191 - - [07/Dec/2010:17:02:37 -0800] "HEAD /evilfuckers-access.log HTTP/1.0" 200 - "-" "Wget/1.11.4"
217.217.86.191 - - [07/Dec/2010:17:02:38 -0800] "HEAD /sharkbomb-access.log HTTP/1.0" 200 - "-" "Wget/1.11.4"
217.217.86.191 - - [07/Dec/2010:17:02:39 -0800] "HEAD /ferality-access.log HTTP/1.0" 200 - "-" "Wget/1.11.4"
66.249.67.229 - - [07/Dec/2010:17:06:24 -0800] "GET /nov2010/evilfuckers-error.log HTTP/1.1" 304 - "-" "Mozilla/5.0 (compatible; Googlebot/2.1; +http://www.google.com/bot.html)"
66.249.67.229 - - [07/Dec/2010:17:12:22 -0800] "GET /log-access.log HTTP/1.1" 200 511893 "-" "Mozilla/5.0 (compatible; Googlebot/2.1; +http://www.google.com/bot.html)"
217.217.86.191 - - [07/Dec/2010:17:19:50 -0800] "HEAD /gorgeworld-access.log HTTP/1.0" 200 - "-" "Wget/1.11.4"
174.123.164.226 - - [07/Dec/2010:17:20:47 -0800] "GET /log-access.log/?option=com_fabrik&controller=../../../../../../../../../../../../../../../../../../../../../../../..//proc/self/environ%0000 HTTP/1.1" 302 360 "-" "Mozilla/5.0 (Windows; U; Windows NT 5.1; en-US; rv:1.9.2) Gecko/20100115 Firefox/3.6"
174.123.164.226 - - [07/Dec/2010:17:20:47 -0800] "GET / HTTP/1.1" 200 6179 "-" "Mozilla/5.0 (Windows; U; Windows NT 5.1; en-US; rv:1.9.2) Gecko/20100115 Firefox/3.6"
174.123.164.226 - - [07/Dec/2010:17:20:48 -0800] "GET /?option=com_fabrik&controller=../../../../../../../../../../../../../../../../../../../../../../../..//proc/self/environ%0000 HTTP/1.1" 200 6182 "-" "Mozilla/5.0 (Windows; U; Windows NT 5.1; en-US; rv:1.9.2) Gecko/20100115 Firefox/3.6"
217.217.86.191 - - [07/Dec/2010:17:20:53 -0800] "HEAD /log-access.log HTTP/1.0" 200 - "-" "Wget/1.11.4"
217.217.86.191 - - [07/Dec/2010:17:21:16 -0800] "HEAD /gorgeworld-access.log HTTP/1.0" 200 - "-" "Wget/1.11.4"
217.217.86.191 - - [07/Dec/2010:17:21:17 -0800] "HEAD /evilfuckers-access.log HTTP/1.0" 200 - "-" "Wget/1.11.4"
217.217.86.191 - - [07/Dec/2010:17:21:17 -0800] "HEAD /sharkbomb-access.log HTTP/1.0" 200 - "-" "Wget/1.11.4"
217.217.86.191 - - [07/Dec/2010:17:21:18 -0800] "HEAD /ferality-access.log HTTP/1.0" 200 - "-" "Wget/1.11.4"
174.123.164.226 - - [07/Dec/2010:17:23:37 -0800] "GET /?option=com_fabrik&controller=../../../../../../../../../../../../../../../../../../../../../../../..//proc/self/environ%0000 HTTP/1.1" 200 6182 "-" "Mozilla/5.0 (Windows; U; Windows NT 5.1; en-US; rv:1.9.2) Gecko/20100115 Firefox/3.6"
174.123.164.226 - - [07/Dec/2010:17:23:42 -0800] "GET /?option=com_fabrik&controller=../../../../../../../../../../../../../../../../../../../../../../../..//proc/self/environ%0000 HTTP/1.1" 200 6182 "-" "Mozilla/5.0 (Windows; U; Windows NT 5.1; en-US; rv:1.9.2) Gecko/20100115 Firefox/3.6"
184.107.48.173 - - [07/Dec/2010:17:44:26 -0800] "GET /?option=com_fabrik&controller=../../../../../../../../../../../../../../../../../../../../../../../..//proc/self/environ%0000 HTTP/1.1" 200 6182 "-" "Mozilla/5.0 (Windows; U; Windows NT 5.1; en-US; rv:1.9.2) Gecko/20100115 Firefox/3.6"
217.217.86.191 - - [07/Dec/2010:18:05:29 -0800] "GET /gorgeworld-access.log HTTP/1.0" 200 14760 "-" "Wget/1.11.4"
217.217.86.191 - - [07/Dec/2010:18:20:24 -0800] "GET /log-access.log HTTP/1.0" 200 514466 "-" "Wget/1.11.4"
217.217.86.191 - - [07/Dec/2010:18:23:13 -0800] "GET /gorgeworld-access.log HTTP/1.0" 200 14760 "-" "Wget/1.11.4"
217.217.86.191 - - [07/Dec/2010:18:23:15 -0800] "GET /evilfuckers-access.log HTTP/1.0" 200 72557 "-" "Wget/1.11.4"
217.217.86.191 - - [07/Dec/2010:18:23:19 -0800] "GET /sharkbomb-access.log HTTP/1.0" 200 82680 "-" "Wget/1.11.4"
217.217.86.191 - - [07/Dec/2010:18:23:22 -0800] "GET /ferality-access.log HTTP/1.0" 200 83709 "-" "Wget/1.11.4"
118.168.199.16 - - [07/Dec/2010:18:28:56 -0800] "GET /nov2010/browserbomb-access.log HTTP/1.1" 200 202321 "-" "Mozilla/4.0 (compatible; MSIE 7.0; Windows NT 5.1; EmbeddedWB 14.52 from: http://www.bsalsa.com/ EmbeddedWB 14.52; .NET CLR 2.0.50727; .NET CLR 3.0.04506.30)"
93.158.148.31 - - [07/Dec/2010:18:29:13 -0800] "GET /nov2010/paxnihilo-access.log HTTP/1.1" 200 89293 "-" "Mozilla/5.0 (compatible; YandexBot/3.0; +http://yandex.com/bots)"
118.168.199.16 - - [07/Dec/2010:18:31:21 -0800] "GET /nov2010/paxnihilo-error.log HTTP/1.1" 200 21130 "-" "Mozilla/4.0 (compatible; MSIE 7.0; Windows NT 5.1; EmbeddedWB 14.52 from: http://www.bsalsa.com/ EmbeddedWB 14.52; .NET CLR 2.0.50727; .NET CLR 3.0.04506.30)"
66.249.67.229 - - [07/Dec/2010:18:37:12 -0800] "GET /robots.txt HTTP/1.1" 302 360 "-" "Mozilla/5.0 (compatible; Googlebot/2.1; +http://www.google.com/bot.html)"
66.249.67.229 - - [07/Dec/2010:18:37:12 -0800] "GET /nov2010/sharkbomb-error.log HTTP/1.1" 304 - "-" "Mozilla/5.0 (compatible; Googlebot/2.1; +http://www.google.com/bot.html)"
118.168.199.16 - - [07/Dec/2010:18:47:33 -0800] "GET /2girls4lokos-error.log HTTP/1.1" 200 24755 "-" "Mozilla/4.0 (compatible; MSIE 7.0; Windows NT 5.1; EmbeddedWB 14.52 from: http://www.bsalsa.com/ EmbeddedWB 14.52; .NET CLR 2.0.50727; .NET CLR 3.0.04506.30)"
66.249.67.229 - - [07/Dec/2010:18:51:06 -0800] "GET /evilfuckers-access.log HTTP/1.1" 200 72557 "-" "Mozilla/5.0 (compatible; Googlebot/2.1; +http://www.google.com/bot.html)"
93.158.148.31 - - [07/Dec/2010:19:57:25 -0800] "GET /nov2010/ferality-access.log HTTP/1.1" 200 3132544 "-" "Mozilla/5.0 (compatible; YandexBot/3.0; +http://yandex.com/bots)"
66.249.67.12 - - [07/Dec/2010:20:33:06 -0800] "GET /robots.txt HTTP/1.1" 302 359 "-" "Mozilla/5.0 (compatible; Googlebot/2.1; +http://www.google.com/bot.html)"
66.249.67.12 - - [07/Dec/2010:20:33:06 -0800] "GET /log-error.log HTTP/1.1" 200 108288 "-" "Mozilla/5.0 (compatible; Googlebot/2.1; +http://www.google.com/bot.html)"
93.158.148.31 - - [07/Dec/2010:21:26:19 -0800] "GET /nov2010/gorgeworld-access.log HTTP/1.1" 200 468902 "-" "Mozilla/5.0 (compatible; YandexBot/3.0; +http://yandex.com/bots)"
119.63.198.7 - - [07/Dec/2010:21:40:52 -0800] "GET /robots.txt HTTP/1.1" 302 357 "-" "Baiduspider+(+http://www.baidu.com/search/spider.htm)"
119.63.198.3 - - [07/Dec/2010:21:40:52 -0800] "GET / HTTP/1.1" 200 6179 "-" "Baiduspider+(+http://www.baidu.com/search/spider.htm)"
66.249.67.229 - - [07/Dec/2010:21:42:41 -0800] "GET /sharkbomb-error.log HTTP/1.1" 200 7788 "-" "Mozilla/5.0 (compatible; Googlebot/2.1; +http://www.google.com/bot.html)"
216.227.214.95 - - [07/Dec/2010:21:44:24 -0800] "GET //index.php?option=com_fabrik&controller=../../../../../../../../../../../../../../../../../../../../../../../..//proc/self/environ%0000 HTTP/1.1" 302 360 "-" "Mozilla/5.0 (Windows; U; Windows NT 5.1; en-US; rv:1.9.2) Gecko/20100115 Firefox/3.6"
216.227.214.95 - - [07/Dec/2010:21:44:24 -0800] "GET //index.php?option=com_fabrik&controller=../../../../../../../../../../../../../../../../../../../../../../../..//proc/self/environ%0000 HTTP/1.1" 302 360 "-" "Mozilla/5.0 (Windows; U; Windows NT 5.1; en-US; rv:1.9.2) Gecko/20100115 Firefox/3.6"
216.227.214.95 - - [07/Dec/2010:21:44:24 -0800] "GET / HTTP/1.1" 200 6179 "-" "Mozilla/5.0 (Windows; U; Windows NT 5.1; en-US; rv:1.9.2) Gecko/20100115 Firefox/3.6"
216.227.214.95 - - [07/Dec/2010:21:44:24 -0800] "GET / HTTP/1.1" 200 6179 "-" "Mozilla/5.0 (Windows; U; Windows NT 5.1; en-US; rv:1.9.2) Gecko/20100115 Firefox/3.6"
216.227.214.95 - - [07/Dec/2010:21:44:25 -0800] "GET //index.php?option=com_fabrik&controller=../../../../../../../../../../../../../../../../../../../../../../../..//proc/self/environ%0000 HTTP/1.1" 302 360 "-" "Mozilla/5.0 (Windows; U; Windows NT 5.1; en-US; rv:1.9.2) Gecko/20100115 Firefox/3.6"
216.227.214.95 - - [07/Dec/2010:21:44:26 -0800] "GET / HTTP/1.1" 200 6179 "-" "Mozilla/5.0 (Windows; U; Windows NT 5.1; en-US; rv:1.9.2) Gecko/20100115 Firefox/3.6"
88.191.79.37 - - [07/Dec/2010:21:44:43 -0800] "GET //index.php?option=com_fabrik&controller=../../../../../../../../../../../../../../../../../../../../../../../..//proc/self/environ%0000 HTTP/1.1" 302 360 "-" "Mozilla/5.0 (Windows; U; Windows NT 5.1; en-US; rv:1.9.2) Gecko/20100115 Firefox/3.6"
88.191.79.37 - - [07/Dec/2010:21:44:43 -0800] "GET / HTTP/1.1" 200 6179 "-" "Mozilla/5.0 (Windows; U; Windows NT 5.1; en-US; rv:1.9.2) Gecko/20100115 Firefox/3.6"
88.191.79.37 - - [07/Dec/2010:21:44:54 -0800] "GET //index.php?option=com_fabrik&controller=../../../../../../../../../../../../../../../../../../../../../../../..//proc/self/environ%0000 HTTP/1.1" 302 360 "-" "Mozilla/5.0 (Windows; U; Windows NT 5.1; en-US; rv:1.9.2) Gecko/20100115 Firefox/3.6"
88.191.79.37 - - [07/Dec/2010:21:44:54 -0800] "GET / HTTP/1.1" 200 6179 "-" "Mozilla/5.0 (Windows; U; Windows NT 5.1; en-US; rv:1.9.2) Gecko/20100115 Firefox/3.6"
88.191.79.37 - - [07/Dec/2010:21:45:31 -0800] "GET //index.php?option=com_fabrik&controller=../../../../../../../../../../../../../../../../../../../../../../../..//proc/self/environ%0000 HTTP/1.1" 302 360 "-" "Mozilla/5.0 (Windows; U; Windows NT 5.1; en-US; rv:1.9.2) Gecko/20100115 Firefox/3.6"
88.191.79.37 - - [07/Dec/2010:21:45:31 -0800] "GET //index.php?option=com_fabrik&controller=../../../../../../../../../../../../../../../../../../../../../../../..//proc/self/environ%0000 HTTP/1.1" 302 360 "-" "Mozilla/5.0 (Windows; U; Windows NT 5.1; en-US; rv:1.9.2) Gecko/20100115 Firefox/3.6"
88.191.79.37 - - [07/Dec/2010:21:45:32 -0800] "GET / HTTP/1.1" 200 6179 "-" "Mozilla/5.0 (Windows; U; Windows NT 5.1; en-US; rv:1.9.2) Gecko/20100115 Firefox/3.6"
88.191.79.37 - - [07/Dec/2010:21:45:32 -0800] "GET / HTTP/1.1" 200 6179 "-" "Mozilla/5.0 (Windows; U; Windows NT 5.1; en-US; rv:1.9.2) Gecko/20100115 Firefox/3.6"
202.29.86.7 - - [07/Dec/2010:21:57:30 -0800] "GET //index.php?option=com_fabrik&controller=../../../../../../../../../../../../../../../proc/self/environ%00 HTTP/1.1" 302 360 "-" "libwww-perl/5.808"
202.29.86.7 - - [07/Dec/2010:21:57:31 -0800] "GET //index.php?option=com_fabrik&controller=../../../../../../../../../../../../../../../proc/self/environ%00 HTTP/1.1" 302 360 "-" "libwww-perl/5.808"
202.29.86.7 - - [07/Dec/2010:21:57:32 -0800] "GET / HTTP/1.1" 200 6179 "-" "libwww-perl/5.808"
202.29.86.7 - - [07/Dec/2010:21:57:33 -0800] "GET / HTTP/1.1" 200 6179 "-" "libwww-perl/5.808"
203.73.222.31 - - [07/Dec/2010:21:58:39 -0800] "GET /nov2010/paxnihilo-error.log HTTP/1.1" 200 21130 "-" "Mozilla/4.0 (compatible; MSIE 7.0; Windows NT 5.1; EmbeddedWB 14.52 from: http://www.bsalsa.com/ EmbeddedWB 14.52; .NET CLR 2.0.50727; .NET CLR 3.0.04506.30)"
202.29.86.7 - - [07/Dec/2010:22:05:29 -0800] "GET //index.php?option=com_fabrik&controller=../../../../../../../../../../../../../../../proc/self/environ%00 HTTP/1.1" 302 360 "-" "libwww-perl/5.808"
202.29.86.7 - - [07/Dec/2010:22:05:30 -0800] "GET / HTTP/1.1" 200 6179 "-" "libwww-perl/5.808"
202.29.86.7 - - [07/Dec/2010:22:06:10 -0800] "GET //index.php?option=com_fabrik&controller=../../../../../../../../../../../../../../../proc/self/environ%00 HTTP/1.1" 302 360 "-" "libwww-perl/5.808"
202.29.86.7 - - [07/Dec/2010:22:06:10 -0800] "GET / HTTP/1.1" 200 6179 "-" "libwww-perl/5.808"
66.249.67.146 - - [07/Dec/2010:22:07:41 -0800] "GET /robots.txt HTTP/1.1" 302 359 "-" "Mozilla/5.0 (compatible; Googlebot/2.1; +http://www.google.com/bot.html)"
66.249.67.146 - - [07/Dec/2010:22:07:41 -0800] "GET /log-error.log HTTP/1.1" 200 109782 "-" "Mozilla/5.0 (compatible; Googlebot/2.1; +http://www.google.com/bot.html)"
93.158.148.31 - - [07/Dec/2010:22:10:30 -0800] "GET /?C=N;O=A HTTP/1.1" 200 6182 "-" "Mozilla/5.0 (compatible; YandexBot/3.0; +http://yandex.com/bots)"
114.24.112.152 - - [07/Dec/2010:22:10:43 -0800] "GET /nov2010/paxnihilo-error.log HTTP/1.1" 200 21130 "-" "Mozilla/4.0 (compatible; MSIE 7.0; Windows NT 5.1; EmbeddedWB 14.52 from: http://www.bsalsa.com/ EmbeddedWB 14.52; .NET CLR 2.0.50727; .NET CLR 3.0.04506.30)"
217.30.180.124 - - [07/Dec/2010:22:11:46 -0800] "GET //index.php?option=com_fabrik&controller=../../../../../../../../../../../../../../../../../../../../../../../..//proc/self/environ%0000 HTTP/1.1" 302 360 "-" "Mozilla/5.0 (Windows; U; Windows NT 5.1; en-US; rv:1.9.2) Gecko/20100115 Firefox/3.6"
217.30.180.124 - - [07/Dec/2010:22:11:46 -0800] "GET / HTTP/1.1" 200 6179 "-" "Mozilla/5.0 (Windows; U; Windows NT 5.1; en-US; rv:1.9.2) Gecko/20100115 Firefox/3.6"
217.30.180.124 - - [07/Dec/2010:22:28:02 -0800] "GET //index.php?option=com_fabrik&controller=../../../../../../../../../../../../../../../../../../../../../../../..//proc/self/environ%0000 HTTP/1.1" 302 360 "-" "Mozilla/5.0 (Windows; U; Windows NT 5.1; en-US; rv:1.9.2) Gecko/20100115 Firefox/3.6"
217.30.180.124 - - [07/Dec/2010:22:28:03 -0800] "GET / HTTP/1.1" 200 6179 "-" "Mozilla/5.0