220.181.108.149 - - [02/Dec/2010:00:20:01 -0800] "GET /robots.txt HTTP/1.1" 302 360 "-" "Baiduspider+(+http://www.baidu.com/search/spider.htm)"
220.181.108.155 - - [02/Dec/2010:00:20:02 -0800] "GET / HTTP/1.1" 200 6179 "-" "Baiduspider+(+http://www.baidu.com/search/spider.htm)"
93.158.148.31 - - [02/Dec/2010:00:21:27 -0800] "GET /nov2010/clownjuice-error.log HTTP/1.1" 200 287600 "-" "Mozilla/5.0 (compatible; YandexBot/3.0; +http://yandex.com/bots)"
93.158.148.31 - - [02/Dec/2010:00:50:10 -0800] "GET /nov2010/vaginacide-error.log HTTP/1.1" 200 36671 "-" "Mozilla/5.0 (compatible; YandexBot/3.0; +http://yandex.com/bots)"
66.249.68.176 - - [02/Dec/2010:00:56:46 -0800] "GET /jasoncmartin-access.log HTTP/1.1" 200 48345 "-" "Mozilla/5.0 (compatible; Googlebot/2.1; +http://www.google.com/bot.html)"
93.158.148.31 - - [02/Dec/2010:01:18:49 -0800] "GET /nov2010/evilfuckers-access.log HTTP/1.1" 200 1030253 "-" "Mozilla/5.0 (compatible; YandexBot/3.0; +http://yandex.com/bots)"
66.249.67.141 - - [02/Dec/2010:01:41:50 -0800] "GET /robots.txt HTTP/1.1" 302 357 "-" "Mozilla/5.0 (compatible; Googlebot/2.1; +http://www.google.com/bot.html)"
66.249.67.141 - - [02/Dec/2010:01:41:50 -0800] "GET / HTTP/1.1" 200 6179 "-" "Mozilla/5.0 (compatible; Googlebot/2.1; +http://www.google.com/bot.html)"
66.249.67.141 - - [02/Dec/2010:01:41:50 -0800] "GET /nov2010/gorgeworld-access.log HTTP/1.1" 304 - "-" "Mozilla/5.0 (compatible; Googlebot/2.1; +http://www.google.com/bot.html)"
93.158.148.31 - - [02/Dec/2010:01:47:43 -0800] "GET /nov2010/?C=M;O=A HTTP/1.1" 200 6156 "-" "Mozilla/5.0 (compatible; YandexBot/3.0; +http://yandex.com/bots)"
93.158.148.31 - - [02/Dec/2010:02:16:19 -0800] "GET /nov2010/gorgeworld-access.log HTTP/1.1" 200 468902 "-" "Mozilla/5.0 (compatible; YandexBot/3.0; +http://yandex.com/bots)"
208.80.194.28 - - [02/Dec/2010:02:25:05 -0800] "GET / HTTP/1.0" 200 6182 "-" "Mozilla/4.0 (compatible; MSIE 6.0; Windows NT 5.1; {BAF69F98-DC7A-42C5-AB91-1BB1C75C9546}; SV1; .NET CLR 1.1.4322)"
66.249.67.229 - - [02/Dec/2010:02:27:07 -0800] "GET / HTTP/1.1" 200 6182 "-" "Mozilla/5.0 (compatible; Googlebot/2.1; +http://www.google.com/bot.html)"
207.46.199.180 - - [02/Dec/2010:02:34:25 -0800] "GET /robots.txt HTTP/1.1" 302 360 "-" "Mozilla/5.0 (compatible; bingbot/2.0; +http://www.bing.com/bingbot.htm)"
207.46.199.180 - - [02/Dec/2010:02:34:25 -0800] "GET / HTTP/1.1" 200 6179 "-" "Mozilla/5.0 (compatible; bingbot/2.0; +http://www.bing.com/bingbot.htm)"
93.158.148.31 - - [02/Dec/2010:02:45:02 -0800] "GET /nov2010/log-access.log HTTP/1.1" 200 6206155 "-" "Mozilla/5.0 (compatible; YandexBot/3.0; +http://yandex.com/bots)"
66.249.67.229 - - [02/Dec/2010:03:12:13 -0800] "GET /log-access.log HTTP/1.1" 200 352248 "-" "Mozilla/5.0 (compatible; Googlebot/2.1; +http://www.google.com/bot.html)"
93.158.148.31 - - [02/Dec/2010:03:15:00 -0800] "GET /nov2010/log-error.log HTTP/1.1" 200 2419677 "-" "Mozilla/5.0 (compatible; YandexBot/3.0; +http://yandex.com/bots)"
123.125.71.101 - - [02/Dec/2010:03:26:19 -0800] "GET / HTTP/1.1" 200 6179 "-" "Baiduspider+(+http://www.baidu.com/search/spider.htm)"
220.181.108.176 - - [02/Dec/2010:03:26:40 -0800] "GET / HTTP/1.1" 200 6179 "-" "Baiduspider+(+http://www.baidu.com/search/spider.htm)"
66.219.58.45 - - [02/Dec/2010:03:44:21 -0800] "GET /robots.txt HTTP/1.1" 302 360 "-" "MLBot (www.metadatalabs.com/mlbot)"
66.219.58.45 - - [02/Dec/2010:03:44:22 -0800] "GET / HTTP/1.1" 200 6179 "-" "MLBot (www.metadatalabs.com/mlbot)"
66.219.58.45 - - [02/Dec/2010:03:44:22 -0800] "GET / HTTP/1.1" 200 6182 "-" "MLBot (www.metadatalabs.com/mlbot)"
93.158.148.31 - - [02/Dec/2010:03:43:49 -0800] "GET /nov2010/dustinharley-access.log HTTP/1.1" 200 4230194 "-" "Mozilla/5.0 (compatible; YandexBot/3.0; +http://yandex.com/bots)"
66.219.58.45 - - [02/Dec/2010:03:54:07 -0800] "GET /nov2010/ HTTP/1.1" 200 6156 "-" "MLBot (www.metadatalabs.com/mlbot)"
66.219.58.45 - - [02/Dec/2010:04:01:33 -0800] "GET /nov2010/browserbomb-access.log HTTP/1.1" 200 202321 "-" "MLBot (www.metadatalabs.com/mlbot)"
66.219.58.45 - - [02/Dec/2010:04:07:15 -0800] "GET /nov2010/browserbomb-error.log HTTP/1.1" 200 125313 "-" "MLBot (www.metadatalabs.com/mlbot)"
66.219.58.45 - - [02/Dec/2010:04:11:39 -0800] "GET /nov2010/clownjuice-access.log HTTP/1.1" 200 566552 "-" "MLBot (www.metadatalabs.com/mlbot)"
93.158.148.31 - - [02/Dec/2010:04:12:56 -0800] "GET /nov2010/?C=S;O=A HTTP/1.1" 200 6156 "-" "Mozilla/5.0 (compatible; YandexBot/3.0; +http://yandex.com/bots)"
66.219.58.45 - - [02/Dec/2010:04:15:03 -0800] "GET /nov2010/clownjuice-error.log HTTP/1.1" 200 287600 "-" "MLBot (www.metadatalabs.com/mlbot)"
66.219.58.45 - - [02/Dec/2010:04:17:47 -0800] "GET /nov2010/dustinharley-access.log HTTP/1.1" 200 4230194 "-" "MLBot (www.metadatalabs.com/mlbot)"
66.219.58.45 - - [02/Dec/2010:04:20:02 -0800] "GET /nov2010/dustinharley-error.log HTTP/1.1" 200 545791 "-" "MLBot (www.metadatalabs.com/mlbot)"
66.219.58.45 - - [02/Dec/2010:04:21:52 -0800] "GET /nov2010/evilfuckers-access.log HTTP/1.1" 200 1030253 "-" "MLBot (www.metadatalabs.com/mlbot)"
66.219.58.45 - - [02/Dec/2010:04:23:21 -0800] "GET /nov2010/evilfuckers-error.log HTTP/1.1" 200 275117 "-" "MLBot (www.metadatalabs.com/mlbot)"
66.219.58.45 - - [02/Dec/2010:04:24:36 -0800] "GET /nov2010/ferality-access.log HTTP/1.1" 200 3132544 "-" "MLBot (www.metadatalabs.com/mlbot)"
66.219.58.45 - - [02/Dec/2010:04:25:39 -0800] "GET /nov2010/ferality-error.log HTTP/1.1" 200 293986 "-" "MLBot (www.metadatalabs.com/mlbot)"
66.219.58.45 - - [02/Dec/2010:04:26:33 -0800] "GET /nov2010/gorgeworld-access.log HTTP/1.1" 200 468902 "-" "MLBot (www.metadatalabs.com/mlbot)"
66.219.58.45 - - [02/Dec/2010:04:27:24 -0800] "GET /nov2010/gorgeworld-error.log HTTP/1.1" 200 148355 "-" "MLBot (www.metadatalabs.com/mlbot)"
66.219.58.45 - - [02/Dec/2010:04:28:16 -0800] "GET /nov2010/jasoncmartin-access.log HTTP/1.1" 200 2690013 "-" "MLBot (www.metadatalabs.com/mlbot)"
66.219.58.45 - - [02/Dec/2010:04:29:10 -0800] "GET /nov2010/jasoncmartin-error.log HTTP/1.1" 200 956989 "-" "MLBot (www.metadatalabs.com/mlbot)"
66.219.58.45 - - [02/Dec/2010:04:30:01 -0800] "GET /nov2010/log-access.log HTTP/1.1" 200 6206155 "-" "MLBot (www.metadatalabs.com/mlbot)"
66.219.58.45 - - [02/Dec/2010:04:30:53 -0800] "GET /nov2010/log-error.log HTTP/1.1" 200 2419677 "-" "MLBot (www.metadatalabs.com/mlbot)"
66.219.58.45 - - [02/Dec/2010:04:31:44 -0800] "GET /nov2010/orbsucks-access.log HTTP/1.1" 200 1025768 "-" "MLBot (www.metadatalabs.com/mlbot)"
66.219.58.45 - - [02/Dec/2010:04:32:35 -0800] "GET /nov2010/orbsucks-error.log HTTP/1.1" 200 163396 "-" "MLBot (www.metadatalabs.com/mlbot)"
66.219.58.45 - - [02/Dec/2010:04:33:27 -0800] "GET /nov2010/paxnihilo-access.log HTTP/1.1" 200 89293 "-" "MLBot (www.metadatalabs.com/mlbot)"
66.219.58.45 - - [02/Dec/2010:04:34:19 -0800] "GET /nov2010/paxnihilo-error.log HTTP/1.1" 200 21130 "-" "MLBot (www.metadatalabs.com/mlbot)"
66.219.58.45 - - [02/Dec/2010:04:35:11 -0800] "GET /nov2010/sharkbomb-access.log HTTP/1.1" 200 1521665 "-" "MLBot (www.metadatalabs.com/mlbot)"
66.219.58.45 - - [02/Dec/2010:04:36:04 -0800] "GET /nov2010/sharkbomb-error.log HTTP/1.1" 200 104679 "-" "MLBot (www.metadatalabs.com/mlbot)"
66.219.58.45 - - [02/Dec/2010:04:36:55 -0800] "GET /nov2010/terhanian-access.log HTTP/1.1" 200 - "-" "MLBot (www.metadatalabs.com/mlbot)"
66.219.58.45 - - [02/Dec/2010:04:37:53 -0800] "GET /nov2010/terhanian-error.log HTTP/1.1" 200 - "-" "MLBot (www.metadatalabs.com/mlbot)"
66.219.58.45 - - [02/Dec/2010:04:38:44 -0800] "GET /nov2010/vaginacide-access.log HTTP/1.1" 200 115342 "-" "MLBot (www.metadatalabs.com/mlbot)"
66.219.58.45 - - [02/Dec/2010:04:39:36 -0800] "GET /nov2010/vaginacide-error.log HTTP/1.1" 200 36671 "-" "MLBot (www.metadatalabs.com/mlbot)"
66.219.58.45 - - [02/Dec/2010:04:40:27 -0800] "GET /2girls4lokos-access.log HTTP/1.1" 200 82957 "-" "MLBot (www.metadatalabs.com/mlbot)"
93.158.148.31 - - [02/Dec/2010:04:40:58 -0800] "GET /nov2010/browserbomb-error.log HTTP/1.1" 200 125313 "-" "Mozilla/5.0 (compatible; YandexBot/3.0; +http://yandex.com/bots)"
66.219.58.45 - - [02/Dec/2010:04:41:18 -0800] "GET /browserbomb-access.log HTTP/1.1" 200 6139 "-" "MLBot (www.metadatalabs.com/mlbot)"
66.219.58.45 - - [02/Dec/2010:04:42:10 -0800] "GET /clownjuice-access.log HTTP/1.1" 200 17822 "-" "MLBot (www.metadatalabs.com/mlbot)"
66.249.68.176 - - [02/Dec/2010:04:42:46 -0800] "GET /robots.txt HTTP/1.1" 302 361 "-" "Mozilla/5.0 (compatible; Googlebot/2.1; +http://www.google.com/bot.html)"
66.249.68.176 - - [02/Dec/2010:04:42:46 -0800] "GET /nov2010/clownjuice-error.log HTTP/1.1" 304 - "-" "Mozilla/5.0 (compatible; Googlebot/2.1; +http://www.google.com/bot.html)"
66.219.58.45 - - [02/Dec/2010:04:43:01 -0800] "GET /dustinharley-access.log HTTP/1.1" 200 82923 "-" "MLBot (www.metadatalabs.com/mlbot)"
66.219.58.45 - - [02/Dec/2010:04:44:01 -0800] "GET /evilfuckers-access.log HTTP/1.1" 200 51474 "-" "MLBot (www.metadatalabs.com/mlbot)"
66.219.58.45 - - [02/Dec/2010:04:44:52 -0800] "GET /ferality-access.log HTTP/1.1" 200 69042 "-" "MLBot (www.metadatalabs.com/mlbot)"
66.219.58.45 - - [02/Dec/2010:04:45:44 -0800] "GET /gorgeworld-access.log HTTP/1.1" 200 12856 "-" "MLBot (www.metadatalabs.com/mlbot)"
66.219.58.45 - - [02/Dec/2010:04:46:36 -0800] "GET /jasoncmartin-access.log HTTP/1.1" 200 48935 "-" "MLBot (www.metadatalabs.com/mlbot)"
66.219.58.45 - - [02/Dec/2010:04:47:27 -0800] "GET /log-access.log HTTP/1.1" 200 358968 "-" "MLBot (www.metadatalabs.com/mlbot)"
66.219.58.45 - - [02/Dec/2010:04:48:19 -0800] "GET /orbsucks-access.log HTTP/1.1" 200 - "-" "MLBot (www.metadatalabs.com/mlbot)"
66.219.58.45 - - [02/Dec/2010:04:49:11 -0800] "GET /paxnihilo-access.log HTTP/1.1" 200 4175 "-" "MLBot (www.metadatalabs.com/mlbot)"
66.219.58.45 - - [02/Dec/2010:04:50:03 -0800] "GET /sharkbomb-access.log HTTP/1.1" 200 62876 "-" "MLBot (www.metadatalabs.com/mlbot)"
66.219.58.45 - - [02/Dec/2010:04:50:54 -0800] "GET /terhanian-access.log HTTP/1.1" 200 - "-" "MLBot (www.metadatalabs.com/mlbot)"
66.219.58.45 - - [02/Dec/2010:04:51:45 -0800] "GET /2girls4lokos-error.log HTTP/1.1" 200 18317 "-" "MLBot (www.metadatalabs.com/mlbot)"
66.219.58.45 - - [02/Dec/2010:04:52:40 -0800] "GET /browserbomb-error.log HTTP/1.1" 200 1442 "-" "MLBot (www.metadatalabs.com/mlbot)"
66.219.58.45 - - [02/Dec/2010:04:53:31 -0800] "GET /clownjuice-error.log HTTP/1.1" 200 8060 "-" "MLBot (www.metadatalabs.com/mlbot)"
66.219.58.45 - - [02/Dec/2010:04:54:25 -0800] "GET /dustinharley-error.log HTTP/1.1" 200 12814 "-" "MLBot (www.metadatalabs.com/mlbot)"
66.219.58.45 - - [02/Dec/2010:04:55:19 -0800] "GET /evilfuckers-error.log HTTP/1.1" 200 7891 "-" "MLBot (www.metadatalabs.com/mlbot)"
66.219.58.45 - - [02/Dec/2010:04:56:10 -0800] "GET /ferality-error.log HTTP/1.1" 200 6407 "-" "MLBot (www.metadatalabs.com/mlbot)"
66.219.58.45 - - [02/Dec/2010:04:57:02 -0800] "GET /gorgeworld-error.log HTTP/1.1" 200 2797 "-" "MLBot (www.metadatalabs.com/mlbot)"
66.219.58.45 - - [02/Dec/2010:04:57:53 -0800] "GET /jasoncmartin-error.log HTTP/1.1" 200 16370 "-" "MLBot (www.metadatalabs.com/mlbot)"
66.219.58.45 - - [02/Dec/2010:04:58:45 -0800] "GET /log-error.log HTTP/1.1" 200 78094 "-" "MLBot (www.metadatalabs.com/mlbot)"
66.219.58.45 - - [02/Dec/2010:04:59:36 -0800] "GET /orbsucks-error.log HTTP/1.1" 200 - "-" "MLBot (www.metadatalabs.com/mlbot)"
66.219.58.45 - - [02/Dec/2010:05:00:28 -0800] "GET /paxnihilo-error.log HTTP/1.1" 200 872 "-" "MLBot (www.metadatalabs.com/mlbot)"
66.219.58.45 - - [02/Dec/2010:05:01:19 -0800] "GET /sharkbomb-error.log HTTP/1.1" 200 5625 "-" "MLBot (www.metadatalabs.com/mlbot)"
66.219.58.45 - - [02/Dec/2010:05:02:11 -0800] "GET /terhanian-error.log HTTP/1.1" 200 - "-" "MLBot (www.metadatalabs.com/mlbot)"
93.158.148.31 - - [02/Dec/2010:05:09:01 -0800] "GET /nov2010/jasoncmartin-access.log HTTP/1.1" 200 2690013 "-" "Mozilla/5.0 (compatible; YandexBot/3.0; +http://yandex.com/bots)"
93.158.148.31 - - [02/Dec/2010:05:22:16 -0800] "GET /nov2010/jasoncmartin-error.log HTTP/1.1" 200 956989 "-" "Mozilla/5.0 (compatible; YandexBot/3.0; +http://yandex.com/bots)"
66.249.67.229 - - [02/Dec/2010:05:28:12 -0800] "GET /robots.txt HTTP/1.1" 302 360 "-" "Mozilla/5.0 (compatible; Googlebot/2.1; +http://www.google.com/bot.html)"
66.249.67.229 - - [02/Dec/2010:05:28:12 -0800] "GET /paxnihilo-error.log HTTP/1.1" 200 872 "-" "Mozilla/5.0 (compatible; Googlebot/2.1; +http://www.google.com/bot.html)"
207.241.228.164 - - [02/Dec/2010:05:39:53 -0800] "GET / HTTP/1.1" 200 6182 "-" "Mozilla/5.0 (iPhone; U; CPU like Mac OS X; en) AppleWebKit/420+ (KHTML, like Gecko) Version/3.0 Mobile/1A535b Safari/419.3"
66.249.68.38 - - [02/Dec/2010:06:13:13 -0800] "GET /robots.txt HTTP/1.1" 302 364 "-" "Mozilla/5.0 (compatible; Googlebot/2.1; +http://www.google.com/bot.html)"
66.249.68.38 - - [02/Dec/2010:06:13:13 -0800] "GET /vaginacide-error.log HTTP/1.1" 302 364 "-" "Mozilla/5.0 (compatible; Googlebot/2.1; +http://www.google.com/bot.html)"
66.249.67.146 - - [02/Dec/2010:07:04:50 -0800] "GET /robots.txt HTTP/1.1" 302 359 "-" "Mozilla/5.0 (compatible; Googlebot/2.1; +http://www.google.com/bot.html)"
66.249.67.146 - - [02/Dec/2010:07:04:50 -0800] "GET /browserbomb-error.log HTTP/1.1" 200 1442 "-" "Mozilla/5.0 (compatible; Googlebot/2.1; +http://www.google.com/bot.html)"
123.125.71.115 - - [02/Dec/2010:07:25:45 -0800] "GET / HTTP/1.1" 200 6182 "-" "Baiduspider+(+http://www.baidu.com/search/spider.htm)"
220.181.108.177 - - [02/Dec/2010:07:25:52 -0800] "GET / HTTP/1.1" 200 6182 "-" "Baiduspider+(+http://www.baidu.com/search/spider.htm)"
207.46.204.188 - - [02/Dec/2010:07:38:43 -0800] "GET /robots.txt HTTP/1.1" 302 360 "-" "Mozilla/5.0 (compatible; bingbot/2.0; +http://www.bing.com/bingbot.htm)"
207.46.204.188 - - [02/Dec/2010:07:38:43 -0800] "GET / HTTP/1.1" 200 6179 "-" "Mozilla/5.0 (compatible; bingbot/2.0; +http://www.bing.com/bingbot.htm)"
66.249.67.229 - - [02/Dec/2010:07:43:18 -0800] "GET /2girls4lokos-access.log HTTP/1.1" 200 83848 "-" "Mozilla/5.0 (compatible; Googlebot/2.1; +http://www.google.com/bot.html)"
207.46.204.188 - - [02/Dec/2010:07:58:04 -0800] "GET /dustinharley-error.log HTTP/1.1" 200 13480 "-" "Mozilla/5.0 (compatible; bingbot/2.0; +http://www.bing.com/bingbot.htm)"
66.249.67.229 - - [02/Dec/2010:08:28:32 -0800] "GET /nov2010/clownjuice-error.log HTTP/1.1" 304 - "-" "Mozilla/5.0 (compatible; Googlebot/2.1; +http://www.google.com/bot.html)"
203.94.243.59 - - [02/Dec/2010:09:25:11 -0800] "POST ///contact.php HTTP/1.1" 302 360 "-" "Mozilla/5.0 (Windows; U; Windows NT 5.1; en-US; rv:1.9.2) Gecko/20100115 Firefox/3.6"
203.94.243.59 - - [02/Dec/2010:09:26:25 -0800] "POST /log-access.log///contact.php HTTP/1.1" 302 360 "-" "Mozilla/5.0 (Windows; U; Windows NT 5.1; en-US; rv:1.9.2) Gecko/20100115 Firefox/3.6"
203.94.243.59 - - [02/Dec/2010:09:26:26 -0800] "POST ///contact.php HTTP/1.1" 302 360 "-" "Mozilla/5.0 (Windows; U; Windows NT 5.1; en-US; rv:1.9.2) Gecko/20100115 Firefox/3.6"
67.195.114.28 - - [02/Dec/2010:09:37:28 -0800] "GET /robots.txt HTTP/1.0" 302 360 "-" "Mozilla/5.0 (compatible; Yahoo! Slurp; http://help.yahoo.com/help/us/ysearch/slurp)"
67.195.114.28 - - [02/Dec/2010:09:37:29 -0800] "GET / HTTP/1.0" 200 6179 "-" "Mozilla/5.0 (compatible; Yahoo! Slurp; http://help.yahoo.com/help/us/ysearch/slurp)"
67.195.114.28 - - [02/Dec/2010:09:37:29 -0800] "GET /browserbomb-error.log HTTP/1.0" 200 1442 "-" "Mozilla/5.0 (compatible; Yahoo! Slurp; http://help.yahoo.com/help/us/ysearch/slurp)"
66.249.67.229 - - [02/Dec/2010:09:59:11 -0800] "GET /nov2010/paxnihilo-error.log HTTP/1.1" 304 - "-" "Mozilla/5.0 (compatible; Googlebot/2.1; +http://www.google.com/bot.html)"
123.125.71.105 - - [02/Dec/2010:10:26:09 -0800] "GET / HTTP/1.1" 200 6179 "-" "Baiduspider+(+http://www.baidu.com/search/spider.htm)"
220.181.108.170 - - [02/Dec/2010:10:26:30 -0800] "GET / HTTP/1.1" 200 6179 "-" "Baiduspider+(+http://www.baidu.com/search/spider.htm)"
200.160.238.188 - - [02/Dec/2010:10:30:42 -0800] "GET /log-access.log//index.php?option=com_fabrik&controller=../../../../../../../../../../../../../../../../../../../../../../../..//proc/self/environ%0000 HTTP/1.1" 302 360 "-" "Mozilla/5.0 (Windows; U; Windows NT 5.1; en-US; rv:1.9.2) Gecko/20100115 Firefox/3.6"
200.160.238.188 - - [02/Dec/2010:10:30:45 -0800] "GET / HTTP/1.1" 200 6179 "-" "Mozilla/5.0 (Windows; U; Windows NT 5.1; en-US; rv:1.9.2) Gecko/20100115 Firefox/3.6"
200.160.238.188 - - [02/Dec/2010:10:30:46 -0800] "GET //index.php?option=com_fabrik&controller=../../../../../../../../../../../../../../../../../../../../../../../..//proc/self/environ%0000 HTTP/1.1" 302 360 "-" "Mozilla/5.0 (Windows; U; Windows NT 5.1; en-US; rv:1.9.2) Gecko/20100115 Firefox/3.6"
200.160.238.188 - - [02/Dec/2010:10:30:47 -0800] "GET / HTTP/1.1" 200 6179 "-" "Mozilla/5.0 (Windows; U; Windows NT 5.1; en-US; rv:1.9.2) Gecko/20100115 Firefox/3.6"
187.17.218.66 - - [02/Dec/2010:10:37:40 -0800] "HEAD /sharkbomb-error.log HTTP/1.1" 200 - "http://accountingjobagencies.com" "Mozilla/5.0 (Windows; U; Windows NT 5.1; en-US; rv:1.9.0.14) Gecko/2009082707 Firefox/3.0.14 (.NET CLR 3.5.30729)"
221.126.142.186 - - [02/Dec/2010:10:53:32 -0800] "HEAD /sharkbomb-error.log HTTP/1.0" 200 - "http://atkinscarbdiet.com" "Mozilla/5.0 (X11; U; Linux i686; it-IT; rv:1.9.0.2) Gecko/2008092313 Ubuntu/9.25 (jaunty) Firefox/3.8"
221.126.142.186 - - [02/Dec/2010:11:07:19 -0800] "HEAD /sharkbomb-error.log HTTP/1.0" 200 - "http://bathroomremodelpics.com" "Opera/9.64(Windows NT 5.1; U; en) Presto/2.1.1"
221.126.142.186 - - [02/Dec/2010:11:15:45 -0800] "HEAD /sharkbomb-error.log HTTP/1.0" 200 - "http://bootcampsinflorida.com" "Mozilla/5.0 (Windows; U; Windows NT 5.1; en-US; rv:1.9.0.14) Gecko/2009082707 Firefox/3.0.14 (.NET CLR 3.5.30729)"
221.126.142.186 - - [02/Dec/2010:11:21:41 -0800] "HEAD /sharkbomb-error.log HTTP/1.0" 200 - "http://detoxifyyourbodynaturally.com" "Mozilla/5.0 (Windows; U; Windows NT 6.1; en-US) AppleWebKit/532.2 (KHTML, like Gecko) Chrome/4.0.221.7 Safari/532.2"
221.126.142.186 - - [02/Dec/2010:11:28:03 -0800] "HEAD /sharkbomb-error.log HTTP/1.0" 200 - "http://freeadwareandspywareremover.com" "Mozilla/4.0 (compatible; MSIE 7.0; Windows NT 5.1; .NET CLR 1.1.4322; .NET CLR 2.0.50727; .NET CLR 3.0.04506.30)"
221.126.142.186 - - [02/Dec/2010:11:32:20 -0800] "HEAD /sharkbomb-error.log HTTP/1.0" 200 - "http://funactivitiestodowithkids.com" "Opera/9.64(Windows NT 5.1; U; en) Presto/2.1.1"
221.126.142.186 - - [02/Dec/2010:11:37:38 -0800] "HEAD /sharkbomb-error.log HTTP/1.0" 200 - "http://grabfreeoffer.com" "Mozilla/5.0 (Windows; U; Windows NT 6.1; en-GB; rv:1.9.1.3) Gecko/20090824 Firefox/3.5.3"
221.126.142.186 - - [02/Dec/2010:11:41:17 -0800] "HEAD /sharkbomb-error.log HTTP/1.0" 200 - "http://homeopathicremediesforacidreflux.com" "Mozilla/4.0 (compatible; MSIE 6.0; Windows NT 5.1; en) Opera 8.50"
221.126.142.186 - - [02/Dec/2010:11:46:32 -0800] "HEAD /sharkbomb-error.log HTTP/1.0" 200 - "http://inexpensivebeachvacations.com" "Mozilla/4.0 (compatible; MSIE 7.0; Windows NT 5.1; .NET CLR 1.1.4322; .NET CLR 2.0.50727; .NET CLR 3.0.04506.30)"
221.126.142.186 - - [02/Dec/2010:11:50:06 -0800] "HEAD /sharkbomb-error.log HTTP/1.0" 200 - "http://kidultstoy.com" "Mozilla/5.0 (Windows; U; Windows NT 5.1; de; rv:1.9.1.3) Gecko/20090824 Firefox/3.5.3 (.NET CLR 3.5.30729)"
221.126.142.186 - - [02/Dec/2010:11:55:43 -0800] "HEAD /sharkbomb-error.log HTTP/1.0" 200 - "http://my-video-games.com" "Mozilla/4.0 (compatible; MSIE 6.0; Windows NT 5.1; en) Opera 8.50"
221.126.142.186 - - [02/Dec/2010:11:59:06 -0800] "HEAD /sharkbomb-error.log HTTP/1.0" 200 - "http://oldageproblems.com" "Mozilla/4.0 (compatible; MSIE 7.0; Windows NT 5.1; .NET CLR 1.1.4322; .NET CLR 2.0.50727; .NET CLR 3.0.04506.30)"
221.126.142.186 - - [02/Dec/2010:12:03:28 -0800] "HEAD /sharkbomb-error.log HTTP/1.0" 200 - "http://singledatingmarriage.com" "Mozilla/4.0 (compatible; MSIE 7.0; Windows NT 5.1; .NET CLR 1.1.4322; .NET CLR 2.0.50727; .NET CLR 3.0.04506.30)"
221.126.142.186 - - [02/Dec/2010:12:07:16 -0800] "HEAD /sharkbomb-error.log HTTP/1.0" 200 - "http://accountingjobagencies.com" "Mozilla/5.0 (Windows; U; Windows NT 5.1; pl; rv:1.9.1.3) Gecko/20090824 Firefox/3.5.3"
221.126.142.186 - - [02/Dec/2010:12:10:43 -0800] "HEAD /sharkbomb-error.log HTTP/1.0" 200 - "http://atkinscarbdiet.com" "Mozilla/4.0 (compatible; MSIE 7.0; Windows NT 5.1; .NET CLR 1.1.4322; .NET CLR 2.0.50727; .NET CLR 3.0.04506.30)"
66.249.67.229 - - [02/Dec/2010:12:15:28 -0800] "GET /robots.txt HTTP/1.1" 302 360 "-" "Mozilla/5.0 (compatible; Googlebot/2.1; +http://www.google.com/bot.html)"
66.249.67.229 - - [02/Dec/2010:12:15:28 -0800] "GET /nov2010/log-access.log HTTP/1.1" 304 - "-" "Mozilla/5.0 (compatible; Googlebot/2.1; +http://www.google.com/bot.html)"
221.126.142.186 - - [02/Dec/2010:12:15:54 -0800] "HEAD /sharkbomb-error.log HTTP/1.0" 200 - "http://bathroomremodelpics.com" "Mozilla/5.0 (Windows; U; Windows NT 6.1; en-US) AppleWebKit/532.2 (KHTML, like Gecko) Chrome/4.0.221.7 Safari/532.2"
221.126.142.186 - - [02/Dec/2010:12:18:59 -0800] "HEAD /sharkbomb-error.log HTTP/1.0" 200 - "http://bootcampsinflorida.com" "Mozilla/4.0 (compatible; MSIE 6.0; Windows NT 5.1; en) Opera 8.50"
221.126.142.186 - - [02/Dec/2010:12:23:10 -0800] "HEAD /sharkbomb-error.log HTTP/1.0" 200 - "http://detoxifyyourbodynaturally.com" "Mozilla/5.0 (X11; U; Linux i686; it-IT; rv:1.9.0.2) Gecko/2008092313 Ubuntu/9.25 (jaunty) Firefox/3.8"
221.126.142.186 - - [02/Dec/2010:12:26:50 -0800] "HEAD /sharkbomb-error.log HTTP/1.0" 200 - "http://freeadwareandspywareremover.com" "Mozilla/5.0 (Windows; U; Windows NT 5.1; de; rv:1.9.1.3) Gecko/20090824 Firefox/3.5.3 (.NET CLR 3.5.30729)"
221.126.142.186 - - [02/Dec/2010:12:29:56 -0800] "HEAD /sharkbomb-error.log HTTP/1.0" 200 - "http://funactivitiestodowithkids.com" "Mozilla/5.0 (X11; U; Linux i686; it-IT; rv:1.9.0.2) Gecko/2008092313 Ubuntu/9.25 (jaunty) Firefox/3.8"
221.126.142.186 - - [02/Dec/2010:12:34:16 -0800] "HEAD /sharkbomb-error.log HTTP/1.0" 200 - "http://grabfreeoffer.com" "Mozilla/5.0 (Windows; U; Windows NT 5.1; de; rv:1.9.1.3) Gecko/20090824 Firefox/3.5.3 (.NET CLR 3.5.30729)"
221.126.142.186 - - [02/Dec/2010:12:37:26 -0800] "HEAD /sharkbomb-error.log HTTP/1.0" 200 - "http://homeopathicremediesforacidreflux.com" "Mozilla/5.0 (Windows; U; Windows NT 5.1; en-US; rv:1.9.0.14) Gecko/2009082707 Firefox/3.0.14 (.NET CLR 3.5.30729)"
221.126.142.186 - - [02/Dec/2010:12:40:53 -0800] "HEAD /sharkbomb-error.log HTTP/1.0" 200 - "http://inexpensivebeachvacations.com" "Mozilla/5.0 (Windows; U; Windows NT 5.1; de; rv:1.9.1.3) Gecko/20090824 Firefox/3.5.3 (.NET CLR 3.5.30729)"
221.126.142.186 - - [02/Dec/2010:12:45:11 -0800] "HEAD /sharkbomb-error.log HTTP/1.0" 200 - "http://kidultstoy.com" "Mozilla/4.0 (compatible; MSIE 7.0; Windows NT 5.1; .NET CLR 1.1.4322; .NET CLR 2.0.50727; .NET CLR 3.0.04506.30)"
221.126.142.186 - - [02/Dec/2010:12:48:50 -0800] "HEAD /sharkbomb-error.log HTTP/1.0" 200 - "http://my-video-games.com" "Mozilla/5.0 (Windows; U; Windows NT 6.1; en-US) AppleWebKit/532.2 (KHTML, like Gecko) Chrome/4.0.221.7 Safari/532.2"
221.126.142.186 - - [02/Dec/2010:12:53:19 -0800] "HEAD /sharkbomb-error.log HTTP/1.0" 200 - "http://oldageproblems.com" "Mozilla/5.0 (Windows; U; Windows NT 6.1; en-US) AppleWebKit/532.2 (KHTML, like Gecko) Chrome/4.0.221.7 Safari/532.2"
221.126.142.186 - - [02/Dec/2010:12:57:45 -0800] "HEAD /sharkbomb-error.log HTTP/1.0" 200 - "http://singledatingmarriage.com" "Mozilla/5.0 (Windows; U; Windows NT 6.1; en-US) AppleWebKit/532.2 (KHTML, like Gecko) Chrome/4.0.221.7 Safari/532.2"
221.126.142.186 - - [02/Dec/2010:13:01:35 -0800] "HEAD /sharkbomb-error.log HTTP/1.0" 200 - "http://accountingjobagencies.com" "Mozilla/5.0 (Windows; U; Windows NT 5.1; pl; rv:1.9.1.3) Gecko/20090824 Firefox/3.5.3"
221.126.142.186 - - [02/Dec/2010:13:06:31 -0800] "HEAD /sharkbomb-error.log HTTP/1.0" 200 - "http://atkinscarbdiet.com" "Mozilla/4.0 (compatible; MSIE 6.0; Windows NT 5.1; en) Opera 8.50"
221.126.142.186 - - [02/Dec/2010:13:09:45 -0800] "HEAD /sharkbomb-error.log HTTP/1.0" 200 - "http://bathroomremodelpics.com" "Mozilla/5.0 (Windows; U; Windows NT 6.1; en-GB; rv:1.9.1.3) Gecko/20090824 Firefox/3.5.3"
221.126.142.186 - - [02/Dec/2010:13:14:41 -0800] "HEAD /sharkbomb-error.log HTTP/1.0" 200 - "http://bootcampsinflorida.com" "Mozilla/5.0 (Windows; U; Windows NT 5.1; pl; rv:1.9.1.3) Gecko/20090824 Firefox/3.5.3"
123.125.71.105 - - [02/Dec/2010:13:17:08 -0800] "GET / HTTP/1.1" 200 6182 "-" "Baiduspider+(+http://www.baidu.com/search/spider.htm)"
220.181.108.185 - - [02/Dec/2010:13:17:12 -0800] "GET / HTTP/1.1" 200 6182 "-" "Baiduspider+(+http://www.baidu.com/search/spider.htm)"
221.126.142.186 - - [02/Dec/2010:13:18:13 -0800] "HEAD /sharkbomb-error.log HTTP/1.0" 200 - "http://detoxifyyourbodynaturally.com" "Mozilla/5.0 (Windows; U; Windows NT 6.1; en-GB; rv:1.9.1.3) Gecko/20090824 Firefox/3.5.3"
221.126.142.186 - - [02/Dec/2010:13:22:23 -0800] "HEAD /sharkbomb-error.log HTTP/1.0" 200 - "http://freeadwareandspywareremover.com" "Mozilla/4.0 (compatible; MSIE 6.0; Windows NT 5.1; en) Opera 8.50"
221.126.142.186 - - [02/Dec/2010:13:26:04 -0800] "HEAD /sharkbomb-error.log HTTP/1.0" 200 - "http://funactivitiestodowithkids.com" "Opera/9.64(Windows NT 5.1; U; en) Presto/2.1.1"
221.126.142.186 - - [02/Dec/2010:13:29:31 -0800] "HEAD /sharkbomb-error.log HTTP/1.0" 200 - "http://grabfreeoffer.com" "Opera/9.64(Windows NT 5.1; U; en) Presto/2.1.1"
221.126.142.186 - - [02/Dec/2010:13:33:44 -0800] "HEAD /sharkbomb-error.log HTTP/1.0" 200 - "http://homeopathicremediesforacidreflux.com" "Mozilla/5.0 (Windows; U; Windows NT 6.1; en-US) AppleWebKit/532.2 (KHTML, like Gecko) Chrome/4.0.221.7 Safari/532.2"
221.126.142.186 - - [02/Dec/2010:13:37:28 -0800] "HEAD /sharkbomb-error.log HTTP/1.0" 200 - "http://inexpensivebeachvacations.com" "Mozilla/5.0 (Windows; U; Windows NT 6.1; en-US) AppleWebKit/532.2 (KHTML, like Gecko) Chrome/4.0.221.7 Safari/532.2"
221.126.142.186 - - [02/Dec/2010:13:40:41 -0800] "HEAD /sharkbomb-error.log HTTP/1.0" 200 - "http://kidultstoy.com" "Mozilla/4.0 (compatible; MSIE 8.0; Windows NT 6.1; WOW64; Trident/4.0; SLCC2; Media Center PC 6.0; InfoPath.2; MS-RTC LM 8)"
221.126.142.186 - - [02/Dec/2010:13:45:01 -0800] "HEAD /sharkbomb-error.log HTTP/1.0" 200 - "http://my-video-games.com" "Mozilla/5.0 (Windows; U; Windows NT 5.1; pl; rv:1.9.1.3) Gecko/20090824 Firefox/3.5.3"
221.126.142.186 - - [02/Dec/2010:13:48:10 -0800] "HEAD /sharkbomb-error.log HTTP/1.0" 200 - "http://oldageproblems.com" "Mozilla/5.0 (Windows; U; Windows NT 5.1; en-US; rv:1.9.0.14) Gecko/2009082707 Firefox/3.0.14 (.NET CLR 3.5.30729)"
221.126.142.186 - - [02/Dec/2010:13:51:31 -0800] "HEAD /sharkbomb-error.log HTTP/1.0" 200 - "http://singledatingmarriage.com" "Mozilla/4.0 (compatible; MSIE 6.0; Windows NT 5.1; en) Opera 8.50"
221.126.142.186 - - [02/Dec/2010:13:55:28 -0800] "HEAD /sharkbomb-error.log HTTP/1.0" 200 - "http://accountingjobagencies.com" "Mozilla/5.0 (Windows; U; Windows NT 6.1; en-US) AppleWebKit/532.2 (KHTML, like Gecko) Chrome/4.0.221.7 Safari/532.2"
221.126.142.186 - - [02/Dec/2010:13:58:42 -0800] "HEAD /sharkbomb-error.log HTTP/1.0" 200 - "http://atkinscarbdiet.com" "Mozilla/4.0 (compatible; MSIE 6.0; Windows NT 5.1; en) Opera 8.50"
221.126.142.186 - - [02/Dec/2010:14:02:37 -0800] "HEAD /sharkbomb-error.log HTTP/1.0" 200 - "http://bathroomremodelpics.com" "Mozilla/5.0 (Windows; U; Windows NT 6.1; en-US) AppleWebKit/532.2 (KHTML, like Gecko) Chrome/4.0.221.7 Safari/532.2"
221.126.142.186 - - [02/Dec/2010:14:06:54 -0800] "HEAD /sharkbomb-error.log HTTP/1.0" 200 - "http://bootcampsinflorida.com" "Mozilla/5.0 (X11; U; Linux i686; it-IT; rv:1.9.0.2) Gecko/2008092313 Ubuntu/9.25 (jaunty) Firefox/3.8"
221.126.142.186 - - [02/Dec/2010:14:10:02 -0800] "HEAD /sharkbomb-error.log HTTP/1.0" 200 - "http://detoxifyyourbodynaturally.com" "Mozilla/5.0 (Windows; U; Windows NT 5.1; de; rv:1.9.1.3) Gecko/20090824 Firefox/3.5.3 (.NET CLR 3.5.30729)"
112.223.224.10 - - [02/Dec/2010:14:12:45 -0800] "GET //index.php?option=com_fabrik&controller=../../../../../../../../../../../../../../../proc/self/environ%00 HTTP/1.1" 302 360 "-" "libwww-perl/5.805"
112.223.224.10 - - [02/Dec/2010:14:12:45 -0800] "GET / HTTP/1.1" 200 6179 "-" "libwww-perl/5.805"
221.126.142.186 - - [02/Dec/2010:14:15:07 -0800] "HEAD /sharkbomb-error.log HTTP/1.0" 200 - "http://freeadwareandspywareremover.com" "Opera/9.64(Windows NT 5.1; U; en) Presto/2.1.1"
221.126.142.186 - - [02/Dec/2010:14:18:33 -0800] "HEAD /sharkbomb-error.log HTTP/1.0" 200 - "http://funactivitiestodowithkids.com" "Mozilla/5.0 (Windows; U; Windows NT 5.1; en-US; rv:1.9.0.14) Gecko/2009082707 Firefox/3.0.14 (.NET CLR 3.5.30729)"
66.249.67.141 - - [02/Dec/2010:14:21:25 -0800] "GET /2girls4lokos-access.log HTTP/1.1" 200 85665 "-" "Mozilla/5.0 (compatible; Googlebot/2.1; +http://www.google.com/bot.html)"
221.126.142.186 - - [02/Dec/2010:14:22:15 -0800] "HEAD /sharkbomb-error.log HTTP/1.0" 200 - "http://grabfreeoffer.com" "Opera/9.64(Windows NT 5.1; U; en) Presto/2.1.1"
221.126.142.186 - - [02/Dec/2010:14:26:18 -0800] "HEAD /sharkbomb-error.log HTTP/1.0" 200 - "http://homeopathicremediesforacidreflux.com" "Mozilla/5.0 (Windows; U; Windows NT 5.1; en-US; rv:1.9.0.14) Gecko/2009082707 Firefox/3.0.14 (.NET CLR 3.5.30729)"
221.126.142.186 - - [02/Dec/2010:14:29:33 -0800] "HEAD /sharkbomb-error.log HTTP/1.0" 200 - "http://inexpensivebeachvacations.com" "Mozilla/5.0 (Windows; U; Windows NT 6.1; en-GB; rv:1.9.1.3) Gecko/20090824 Firefox/3.5.3"
87.231.248.252 - - [02/Dec/2010:14:31:55 -0800] "GET /browserbomb-access.log HTTP/1.0" 200 6139 "-" "Mozilla/5.0 (compatible; Googlebot/2.1; +http://www.google.com/bot.html)"
221.126.142.186 - - [02/Dec/2010:14:33:33 -0800] "HEAD /sharkbomb-error.log HTTP/1.0" 200 - "http://kidultstoy.com" "Mozilla/4.0 (compatible; MSIE 7.0; Windows NT 5.1; .NET CLR 1.1.4322; .NET CLR 2.0.50727; .NET CLR 3.0.04506.30)"
221.126.142.186 - - [02/Dec/2010:14:37:06 -0800] "HEAD /sharkbomb-error.log HTTP/1.0" 200 - "http://my-video-games.com" "Mozilla/5.0 (Windows; U; Windows NT 6.1; en-US) AppleWebKit/532.2 (KHTML, like Gecko) Chrome/4.0.221.7 Safari/532.2"
221.126.142.186 - - [02/Dec/2010:14:40:02 -0800] "HEAD /sharkbomb-error.log HTTP/1.0" 200 - "http://oldageproblems.com" "Mozilla/5.0 (Windows; U; Windows NT 6.1; en-US) AppleWebKit/532.2 (KHTML, like Gecko) Chrome/4.0.221.7 Safari/532.2"
221.126.142.186 - - [02/Dec/2010:14:44:53 -0800] "HEAD /sharkbomb-error.log HTTP/1.0" 200 - "http://singledatingmarriage.com" "Mozilla/4.0 (compatible; MSIE 7.0; Windows NT 5.1; .NET CLR 1.1.4322; .NET CLR 2.0.50727; .NET CLR 3.0.04506.30)"
221.126.142.186 - - [02/Dec/2010:14:48:34 -0800] "HEAD /sharkbomb-error.log HTTP/1.0" 200 - "http://accountingjobagencies.com" "Mozilla/5.0 (Windows; U; Windows NT 6.1; en-US) AppleWebKit/532.2 (KHTML, like Gecko) Chrome/4.0.221.7 Safari/532.2"
173.201.44.46 - - [02/Dec/2010:14:50:15 -0800] "GET /scripts/setup.php HTTP/1.1" 302 355 "-" "Mozilla/4.0 (compatible; MSIE 6.0; MSIE 5.5; Windows NT 5.1) Opera 7.01 [en]"
173.201.44.46 - - [02/Dec/2010:14:50:15 -0800] "GET /mysql/scripts/setup.php HTTP/1.1" 302 355 "-" "Mozilla/4.0 (compatible; MSIE 6.0; MSIE 5.5; Windows NT 5.1) Opera 7.01 [en]"
173.201.44.46 - - [02/Dec/2010:14:50:15 -0800] "GET /pma/scripts/setup.php HTTP/1.1" 302 355 "-" "Mozilla/4.0 (compatible; MSIE 6.0; MSIE 5.5; Windows NT 5.1) Opera 7.01 [en]"
173.201.44.46 - - [02/Dec/2010:14:50:15 -0800] "GET /phpMyAdmin/scripts/setup.php HTTP/1.1" 302 355 "-" "Mozilla/4.0 (compatible; MSIE 6.0; MSIE 5.5; Windows NT 5.1) Opera 7.01 [en]"
173.201.44.46 - - [02/Dec/2010:14:50:15 -0800] "GET /phpmyadmin/scripts/setup.php HTTP/1.1" 302 355 "-" "Mozilla/4.0 (compatible; MSIE 6.0; MSIE 5.5; Windows NT 5.1) Opera 7.01 [en]"
173.201.44.46 - - [02/Dec/2010:14:50:15 -0800] "GET / HTTP/1.1" 200 6179 "-" "Mozilla/4.0 (compatible; MSIE 6.0; MSIE 5.5; Windows NT 5.1) Opera 7.01 [en]"
173.201.44.46 - - [02/Dec/2010:14:50:15 -0800] "GET / HTTP/1.1" 200 6179 "-" "Mozilla/4.0 (compatible; MSIE 6.0; MSIE 5.5; Windows NT 5.1) Opera 7.01 [en]"
173.201.44.46 - - [02/Dec/2010:14:50:15 -0800] "GET / HTTP/1.1" 200 6179 "-" "Mozilla/4.0 (compatible; MSIE 6.0; MSIE 5.5; Windows NT 5.1) Opera 7.01 [en]"
173.201.44.46 - - [02/Dec/2010:14:50:15 -0800] "GET / HTTP/1.1" 200 6179 "-" "Mozilla/4.0 (compatible; MSIE 6.0; MSIE 5.5; Windows NT 5.1) Opera 7.01 [en]"
173.201.44.46 - - [02/Dec/2010:14:50:15 -0800] "GET / HTTP/1.1" 200 6179 "-" "Mozilla/4.0 (compatible; MSIE 6.0; MSIE 5.5; Windows NT 5.1) Opera 7.01 [en]"
173.201.44.46 - - [02/Dec/2010:14:50:15 -0800] "POST /pma/scripts/setup.php HTTP/1.1" 302 355 "209.216.189.146" "Mozilla/4.0 (compatible; MSIE 6.0; MSIE 5.5; Windows NT 5.1) Opera 7.01 [en]"
173.201.44.46 - - [02/Dec/2010:14:50:15 -0800] "POST /scripts/setup.php HTTP/1.1" 302 355 "209.216.189.146" "Mozilla/4.0 (compatible; MSIE 6.0; MSIE 5.5; Windows NT 5.1) Opera 7.01 [en]"
173.201.44.46 - - [02/Dec/2010:14:50:15 -0800] "POST /mysql/scripts/setup.php HTTP/1.1" 302 355 "209.216.189.146" "Mozilla/4.0 (compatible; MSIE 6.0; MSIE 5.5; Windows NT 5.1) Opera 7.01 [en]"
173.201.44.46 - - [02/Dec/2010:14:50:15 -0800] "POST /phpMyAdmin/scripts/setup.php HTTP/1.1" 302 355 "209.216.189.146" "Mozilla/4.0 (compatible; MSIE 6.0; MSIE 5.5; Windows NT 5.1) Opera 7.01 [en]"
173.201.44.46 - - [02/Dec/2010:14:50:15 -0800] "POST /phpmyadmin/scripts/setup.php HTTP/1.1" 302 355 "209.216.189.146" "Mozilla/4.0 (compatible; MSIE 6.0; MSIE 5.5; Windows NT 5.1) Opera 7.01 [en]"
221.126.142.186 - - [02/Dec/2010:14:52:52 -0800] "HEAD /sharkbomb-error.log HTTP/1.0" 200 - "http://atkinscarbdiet.com" "Mozilla/4.0 (compatible; MSIE 6.0; Windows NT 5.1; en) Opera 8.50"
66.249.67.141 - - [02/Dec/2010:14:53:31 -0800] "GET /nov2010/ HTTP/1.1" 200 6153 "-" "Mozilla/5.0 (compatible; Googlebot/2.1; +http://www.google.com/bot.html)"
221.126.142.186 - - [02/Dec/2010:14:56:58 -0800] "HEAD /sharkbomb-error.log HTTP/1.0" 200 - "http://bathroomremodelpics.com" "Mozilla/5.0 (Windows; U; Windows NT 5.1; en-US; rv:1.9.0.14) Gecko/2009082707 Firefox/3.0.14 (.NET CLR 3.5.30729)"
88.198.65.236 - - [02/Dec/2010:14:58:57 -0800] "GET / HTTP/1.1" 200 6183 "-" "Mozilla/4.0 (compatible; MSIE 8.0; Windows NT 6.1; Trident/4.0; SLCC2; .NET CLR 2.0.50727; .NET CLR 3.5.30729; .NET CLR 3.0.30729; Media Center PC 6.0)"
88.198.65.236 - - [02/Dec/2010:14:58:57 -0800] "GET /icons/text.gif HTTP/1.1" 200 229 "http://sticky.clownjuice.com/" "Mozilla/4.0 (compatible; MSIE 8.0; Windows NT 6.1; Trident/4.0; SLCC2; .NET CLR 2.0.50727; .NET CLR 3.5.30729; .NET CLR 3.0.30729; Media Center PC 6.0)"
88.198.65.236 - - [02/Dec/2010:14:58:57 -0800] "GET /icons/blank.gif HTTP/1.1" 200 148 "http://sticky.clownjuice.com/" "Mozilla/4.0 (compatible; MSIE 8.0; Windows NT 6.1; Trident/4.0; SLCC2; .NET CLR 2.0.50727; .NET CLR 3.5.30729; .NET CLR 3.0.30729; Media Center PC 6.0)"
88.198.65.236 - - [02/Dec/2010:14:58:58 -0800] "GET /icons/folder.gif HTTP/1.1" 200 225 "http://sticky.clownjuice.com/" "Mozilla/4.0 (compatible; MSIE 8.0; Windows NT 6.1; Trident/4.0; SLCC2; .NET CLR 2.0.50727; .NET CLR 3.5.30729; .NET CLR 3.0.30729; Media Center PC 6.0)"
221.126.142.186 - - [02/Dec/2010:15:00:03 -0800] "HEAD /sharkbomb-error.log HTTP/1.0" 200 - "http://bootcampsinflorida.com" "Mozilla/4.0 (compatible; MSIE 7.0; Windows NT 5.1; .NET CLR 1.1.4322; .NET CLR 2.0.50727; .NET CLR 3.0.04506.30)"
221.126.142.186 - - [02/Dec/2010:15:05:08 -0800] "HEAD /sharkbomb-error.log HTTP/1.0" 200 - "http://detoxifyyourbodynaturally.com" "Mozilla/5.0 (Windows; U; Windows NT 6.1; en-US) AppleWebKit/532.2 (KHTML, like Gecko) Chrome/4.0.221.7 Safari/532.2"
221.126.142.186 - - [02/Dec/2010:15:08:40 -0800] "HEAD /sharkbomb-error.log HTTP/1.0" 200 - "http://freeadwareandspywareremover.com" "Mozilla/4.0 (compatible; MSIE 7.0; Windows NT 5.1; .NET CLR 1.1.4322; .NET CLR 2.0.50727; .NET CLR 3.0.04506.30)"
221.126.142.186 - - [02/Dec/2010:15:12:44 -0800] "HEAD /sharkbomb-error.log HTTP/1.0" 200 - "http://funactivitiestodowithkids.com" "Mozilla/5.0 (X11; U; Linux i686; it-IT; rv:1.9.0.2) Gecko/2008092313 Ubuntu/9.25 (jaunty) Firefox/3.8"
221.126.142.186 - - [02/Dec/2010:15:18:10 -0800] "HEAD /sharkbomb-error.log HTTP/1.0" 200 - "http://grabfreeoffer.com" "Mozilla/5.0 (Windows; U; Windows NT 5.1; pl; rv:1.9.1.3) Gecko/20090824 Firefox/3.5.3"
221.126.142.186 - - [02/Dec/2010:15:22:09 -0800] "HEAD /sharkbomb-error.log HTTP/1.0" 200 - "http://homeopathicremediesforacidreflux.com" "Mozilla/4.0 (compatible; MSIE 8.0; Windows NT 6.1; WOW64; Trident/4.0; SLCC2; Media Center PC 6.0; InfoPath.2; MS-RTC LM 8)"
66.249.67.229 - - [02/Dec/2010:15:24:16 -0800] "GET /orbsucks-access.log HTTP/1.1" 200 - "-" "Mozilla/5.0 (compatible; Googlebot/2.1; +http://www.google.com/bot.html)"
221.126.142.186 - - [02/Dec/2010:15:27:52 -0800] "HEAD /sharkbomb-error.log HTTP/1.0" 200 - "http://inexpensivebeachvacations.com" "Mozilla/4.0 (compatible; MSIE 6.0; Windows NT 5.1; en) Opera 8.50"
221.126.142.186 - - [02/Dec/2010:15:31:55 -0800] "HEAD /sharkbomb-error.log HTTP/1.0" 200 - "http://kidultstoy.com" "Mozilla/4.0 (compatible; MSIE 7.0; Windows NT 5.1; .NET CLR 1.1.4322; .NET CLR 2.0.50727; .NET CLR 3.0.04506.30)"
123.125.71.71 - - [02/Dec/2010:15:33:28 -0800] "GET / HTTP/1.1" 200 6179 "-" "Baiduspider+(+http://www.baidu.com/search/spider.htm)"
221.126.142.186 - - [02/Dec/2010:15:36:53 -0800] "HEAD /sharkbomb-error.log HTTP/1.0" 200 - "http://my-video-games.com" "Opera/9.64(Windows NT 5.1; U; en) Presto/2.1.1"
88.131.106.6 - - [02/Dec/2010:15:38:47 -0800] "GET /robots.txt HTTP/1.0" 302 360 "-" "Mozilla/5.0 (Windows; U; Windows NT 5.1; en-US) Speedy Spider (http://www.entireweb.com/about/search_tech/speedy_spider/)"
88.131.106.2 - - [02/Dec/2010:15:38:50 -0800] "GET / HTTP/1.0" 200 6182 "-" "Mozilla/5.0 (Windows; U; Windows NT 5.1; en-US) Speedy Spider (http://www.entireweb.com/about/search_tech/speedy_spider/)"
221.126.142.186 - - [02/Dec/2010:15:40:43 -0800] "HEAD /sharkbomb-error.log HTTP/1.0" 200 - "http://oldageproblems.com" "Mozilla/5.0 (Windows; U; Windows NT 5.1; en-US; rv:1.9.0.14) Gecko/2009082707 Firefox/3.0.14 (.NET CLR 3.5.30729)"
221.126.142.186 - - [02/Dec/2010:15:46:28 -0800] "HEAD /sharkbomb-error.log HTTP/1.0" 200 - "http://singledatingmarriage.com" "Mozilla/5.0 (Windows; U; Windows NT 5.1; en-US; rv:1.9.0.14) Gecko/2009082707 Firefox/3.0.14 (.NET CLR 3.5.30729)"
221.126.142.186 - - [02/Dec/2010:15:50:49 -0800] "HEAD /sharkbomb-error.log HTTP/1.0" 200 - "http://accountingjobagencies.com" "Mozilla/5.0 (Windows; U; Windows NT 6.1; en-GB; rv:1.9.1.3) Gecko/20090824 Firefox/3.5.3"
221.126.142.186 - - [02/Dec/2010:15:55:36 -0800] "HEAD /sharkbomb-error.log HTTP/1.0" 200 - "http://atkinscarbdiet.com" "Opera/9.64(Windows NT 5.1; U; en) Presto/2.1.1"
66.249.68.177 - - [02/Dec/2010:15:58:00 -0800] "GET /robots.txt HTTP/1.1" 302 360 "-" "Mozilla/5.0 (compatible; Googlebot/2.1; +http://www.google.com/bot.html)"
66.249.68.177 - - [02/Dec/2010:15:58:00 -0800] "GET /log-error.log HTTP/1.1" 200 81410 "-" "Mozilla/5.0 (compatible; Googlebot/2.1; +http://www.google.com/bot.html)"
66.249.67.12 - - [02/Dec/2010:16:31:48 -0800] "GET /robots.txt HTTP/1.1" 302 359 "-" "Mozilla/5.0 (compatible; Googlebot/2.1; +http://www.google.com/bot.html)"
66.249.67.12 - - [02/Dec/2010:16:31:48 -0800] "GET /sharkbomb-error.log HTTP/1.1" 200 5935 "-" "Mozilla/5.0 (compatible; Googlebot/2.1; +http://www.google.com/bot.html)"
115.135.113.239 - - [02/Dec/2010:16:43:47 -0800] "GET / HTTP/1.1" 200 6182 "-" "Mozilla/4.0 (compatible; MSIE 5.0; Windows NT; DigExt; DTS Agent"
66.249.67.12 - - [02/Dec/2010:17:05:29 -0800] "GET /dustinharley-access.log HTTP/1.1" 200 87811 "-" "Mozilla/5.0 (compatible; Googlebot/2.1; +http://www.google.com/bot.html)"
178.77.77.146 - - [02/Dec/2010:17:08:15 -0800] "GET / HTTP/1.0" 200 6186 "http://www.friends-talk.eu" "Mozilla/4.0 (compatible; MSIE 7.0; Windows NT 6.0; Trident/4.0)"
123.125.71.97 - - [02/Dec/2010:17:18:18 -0800] "GET / HTTP/1.1" 200 6182 "-" "Baiduspider+(+http://www.baidu.com/search/spider.htm)"
220.181.108.172 - - [02/Dec/2010:17:18:22 -0800] "GET / HTTP/1.1" 200 6182 "-" "Baiduspider+(+http://www.baidu.com/search/spider.htm)"
66.249.67.12 - - [02/Dec/2010:17:39:18 -0800] "GET / HTTP/1.1" 200 6181 "-" "Mozilla/5.0 (compatible; Googlebot/2.1; +http://www.google.com/bot.html)"
66.249.67.146 - - [02/Dec/2010:18:12:58 -0800] "GET /robots.txt HTTP/1.1" 302 359 "-" "Mozilla/5.0 (compatible; Googlebot/2.1; +http://www.google.com/bot.html)"
66.249.67.146 - - [02/Dec/2010:18:12:58 -0800] "GET /orbsucks-access.log HTTP/1.1" 200 - "-" "Mozilla/5.0 (compatible; Googlebot/2.1; +http://www.google.com/bot.html)"
64.46.17.148 - - [02/Dec/2010:18:42:00 -0800] "HEAD /sharkbomb-error.log HTTP/1.0" 200 - "http://flashturtle.com" "Mozilla/5.0 (Windows; U; Windows NT 6.1; en-US) AppleWebKit/532.2 (KHTML, like Gecko) Chrome/4.0.221.7 Safari/532.2"
66.249.67.229 - - [02/Dec/2010:18:46:44 -0800] "GET /robots.txt HTTP/1.1" 302 360 "-" "Mozilla/5.0 (compatible; Googlebot/2.1; +http://www.google.com/bot.html)"
66.249.67.229 - - [02/Dec/2010:18:46:44 -0800] "GET /nov2010/orbsucks-access.log HTTP/1.1" 304 - "-" "Mozilla/5.0 (compatible; Googlebot/2.1; +http://www.google.com/bot.html)"
123.125.71.85 - - [02/Dec/2010:19:11:26 -0800] "GET / HTTP/1.1" 200 6182 "-" "Baiduspider+(+http://www.baidu.com/search/spider.htm)"
66.249.68.176 - - [02/Dec/2010:19:20:31 -0800] "GET /robots.txt HTTP/1.1" 302 361 "-" "Mozilla/5.0 (compatible; Googlebot/2.1; +http://www.google.com/bot.html)"
66.249.68.176 - - [02/Dec/2010:19:20:31 -0800] "GET /log-error.log HTTP/1.1" 200 81821 "-" "Mozilla/5.0 (compatible; Googlebot/2.1; +http://www.google.com/bot.html)"
66.249.67.229 - - [02/Dec/2010:20:13:52 -0800] "GET / HTTP/1.1" 200 6182 "-" "SAMSUNG-SGH-E250/1.0 Profile/MIDP-2.0 Configuration/CLDC-1.1 UP.Browser/6.2.3.3.c.1.101 (GUI) MMP/2.0 (compatible; Googlebot-Mobile/2.1; +http://www.google.com/bot.html)"
66.249.67.141 - - [02/Dec/2010:20:28:03 -0800] "GET /nov2010/paxnihilo-error.log HTTP/1.1" 304 - "-" "Mozilla/5.0 (compatible; Googlebot/2.1; +http://www.google.com/bot.html)"
66.249.67.229 - - [02/Dec/2010:21:01:41 -0800] "GET /nov2010/jasoncmartin-access.log HTTP/1.1" 304 - "-" "Mozilla/5.0 (compatible; Googlebot/2.1; +http://www.google.com/bot.html)"
66.249.67.141 - - [02/Dec/2010:21:35:24 -0800] "GET /nov2010/sharkbomb-access.log HTTP/1.1" 304 - "-" "Mozilla/5.0 (compatible; Googlebot/2.1; +http://www.google.com/bot.html)"
66.249.68.176 - - [02/Dec/2010:22:09:16 -0800] "GET /browserbomb-error.log HTTP/1.1" 200 1442 "-" "Mozilla/5.0 (compatible; Googlebot/2.1; +http://www.google.com/bot.html)"
123.125.71.104 - - [02/Dec/2010:22:26:35 -0800] "GET / HTTP/1.1" 200 6179 "-" "Baiduspider+(+http://www.baidu.com/search/spider.htm)"
220.181.108.187 - - [02/Dec/2010:22:27:00 -0800] "GET / HTTP/1.1" 200 6179 "-" "Baiduspider+(+http://www.baidu.com/search/spider.htm)"
66.249.68.177 - - [02/Dec/2010:22:42:53 -0800] "GET /robots.txt HTTP/1.1" 302 360 "-" "Mozilla/5.0 (compatible; Googlebot/2.1; +http://www.google.com/bot.html)"
66.249.68.177 - - [02/Dec/2010:22:42:53 -0800] "GET /evilfuckers-access.log HTTP/1.1" 200 53319 "-" "Mozilla/5.0 (compatible; Googlebot/2.1; +http://www.google.com/bot.html)"
66.249.68.177 - - [02/Dec/2010:23:16:36 -0800] "GET /nov2010/ HTTP/1.1" 200 6156 "-" "Mozilla/5.0 (compatible; Googlebot/2.1; +http://www.google.com/bot.html)"
66.249.68.176 - - [02/Dec/2010:23:50:30 -0800] "GET / HTTP/1.1" 200 6183 "-" "Mozilla/5.0 (compatible; Googlebot/2.1; +http://www.google.com/bot.html)"
66.249.67.12 - - [03/Dec/2010:00:27:28 -0800] "GET /robots.txt HTTP/1.1" 302 359 "-" "Mozilla/5.0 (compatible; Googlebot/2.1; +http://www.google.com/bot.html)"
66.249.67.12 - - [03/Dec/2010:00:27:29 -0800] "GET /log-error.log HTTP/1.1" 200 82026 "-" "Mozilla/5.0 (compatible; Googlebot/2.1; +http://www.google.com/bot.html)"
65.52.49.76 - - [03/Dec/2010:00:49:08 -0800] "GET /robots.txt HTTP/1.1" 302 360 "-" "Mozilla/5.0 (compatible; bingbot/2.0; +http://www.bing.com/bingbot.htm)"
65.52.49.76 - - [03/Dec/2010:00:49:08 -0800] "GET / HTTP/1.1" 200 6179 "-" "Mozilla/5.0 (compatible; bingbot/2.0; +http://www.bing.com/bingbot.htm)"
66.249.67.12 - - [03/Dec/2010:00:57:48 -0800] "GET /browserbomb-error.log HTTP/1.1" 200 1442 "-" "Mozilla/5.0 (compatible; Googlebot/2.1; +http://www.google.com/bot.html)"
66.249.67.141 - - [03/Dec/2010:01:31:35 -0800] "GET /robots.txt HTTP/1.1" 302 357 "-" "Mozilla/5.0 (compatible; Googlebot/2.1; +http://www.google.com/bot.html)"
66.249.67.141 - - [03/Dec/2010:01:31:35 -0800] "GET / HTTP/1.1" 200 6179 "-" "Mozilla/5.0 (compatible; Googlebot/2.1; +http://www.google.com/bot.html)"
66.249.67.141 - - [03/Dec/2010:01:31:35 -0800] "GET /nov2010/browserbomb-access.log HTTP/1.1" 304 - "-" "Mozilla/5.0 (compatible; Googlebot/2.1; +http://www.google.com/bot.html)"
66.249.68.177 - - [03/Dec/2010:02:05:25 -0800] "GET /dustinharley-error.log HTTP/1.1" 200 14039 "-" "Mozilla/5.0 (compatible; Googlebot/2.1; +http://www.google.com/bot.html)"
67.195.114.28 - - [03/Dec/2010:02:23:13 -0800] "GET /robots.txt HTTP/1.0" 302 360 "-" "Mozilla/5.0 (compatible; Yahoo! Slurp; http://help.yahoo.com/help/us/ysearch/slurp)"
67.195.114.28 - - [03/Dec/2010:02:23:14 -0800] "GET / HTTP/1.0" 200 6179 "-" "Mozilla/5.0 (compatible; Yahoo! Slurp; http://help.yahoo.com/help/us/ysearch/slurp)"
67.195.114.28 - - [03/Dec/2010:02:23:15 -0800] "GET /log-error.log HTTP/1.0" 200 82333 "-" "Mozilla/5.0 (compatible; Yahoo! Slurp; http://help.yahoo.com/help/us/ysearch/slurp)"
220.136.87.157 - - [03/Dec/2010:02:26:16 -0800] "GET /dustinharley-access.log HTTP/1.1" 200 89770 "-" "Mozilla/4.0 (compatible; MSIE 7.0; Windows NT 5.1; EmbeddedWB 14.52 from: http://www.bsalsa.com/ EmbeddedWB 14.52; .NET CLR 2.0.50727; .NET CLR 3.0.04506.30)"
66.249.67.141 - - [03/Dec/2010:02:39:07 -0800] "GET /nov2010/clownjuice-error.log HTTP/1.1" 304 - "-" "Mozilla/5.0 (compatible; Googlebot/2.1; +http://www.google.com/bot.html)"
220.136.87.157 - - [03/Dec/2010:02:59:43 -0800] "GET /log-error.log HTTP/1.1" 200 82333 "-" "Mozilla/4.0 (compatible; MSIE 7.0; Windows NT 5.1; EmbeddedWB 14.52 from: http://www.bsalsa.com/ EmbeddedWB 14.52; .NET CLR 2.0.50727; .NET CLR 3.0.04506.30)"
220.136.87.157 - - [03/Dec/2010:03:05:48 -0800] "GET /nov2010/paxnihilo-error.log HTTP/1.1" 200 21130 "-" "Mozilla/4.0 (compatible; MSIE 7.0; Windows NT 5.1; EmbeddedWB 14.52 from: http://www.bsalsa.com/ EmbeddedWB 14.52; .NET CLR 2.0.50727; .NET CLR 3.0.04506.30)"
66.249.68.176 - - [03/Dec/2010:03:12:47 -0800] "GET /robots.txt HTTP/1.1" 302 361 "-" "Mozilla/5.0 (compatible; Googlebot/2.1; +http://www.google.com/bot.html)"
66.249.68.176 - - [03/Dec/2010:03:12:47 -0800] "GET /2girls4lokos-error.log HTTP/1.1" 200 19211 "-" "Mozilla/5.0 (compatible; Googlebot/2.1; +http://www.google.com/bot.html)"
220.136.87.157 - - [03/Dec/2010:03:14:10 -0800] "GET /nov2010/gorgeworld-access.log HTTP/1.1" 200 468902 "-" "Mozilla/4.0 (compatible; MSIE 7.0; Windows NT 5.1; EmbeddedWB 14.52 from: http://www.bsalsa.com/ EmbeddedWB 14.52; .NET CLR 2.0.50727; .NET CLR 3.0.04506.30)"
220.136.87.157 - - [03/Dec/2010:03:26:35 -0800] "GET /nov2010/browserbomb-access.log HTTP/1.1" 200 202321 "-" "Mozilla/4.0 (compatible; MSIE 7.0; Windows NT 5.1; EmbeddedWB 14.52 from: http://www.bsalsa.com/ EmbeddedWB 14.52; .NET CLR 2.0.50727; .NET CLR 3.0.04506.30)"
123.125.71.97 - - [03/Dec/2010:03:26:58 -0800] "GET / HTTP/1.1" 200 6179 "-" "Baiduspider+(+http://www.baidu.com/search/spider.htm)"
220.181.108.166 - - [03/Dec/2010:03:27:22 -0800] "GET / HTTP/1.1" 200 6179 "-" "Baiduspider+(+http://www.baidu.com/search/spider.htm)"
66.249.68.177 - - [03/Dec/2010:03:46:32 -0800] "GET /evilfuckers-error.log HTTP/1.1" 200 8447 "-" "Mozilla/5.0 (compatible; Googlebot/2.1; +http://www.google.com/bot.html)"
220.136.87.157 - - [03/Dec/2010:04:16:11 -0800] "GET /sharkbomb-error.log HTTP/1.1" 200 5935 "-" "Mozilla/4.0 (compatible; MSIE 7.0; Windows NT 5.1; EmbeddedWB 14.52 from: http://www.bsalsa.com/ EmbeddedWB 14.52; .NET CLR 2.0.50727; .NET CLR 3.0.04506.30)"
66.249.68.176 - - [03/Dec/2010:04:20:32 -0800] "GET /gorgeworld-access.log HTTP/1.1" 200 13155 "-" "Mozilla/5.0 (compatible; Googlebot/2.1; +http://www.google.com/bot.html)"
123.125.71.115 - - [03/Dec/2010:04:25:08 -0800] "GET / HTTP/1.1" 200 6179 "-" "Baiduspider+(+http://www.baidu.com/search/spider.htm)"
220.181.108.182 - - [03/Dec/2010:04:25:27 -0800] "GET / HTTP/1.1" 200 6179 "-" "Baiduspider+(+http://www.baidu.com/search/spider.htm)"
66.249.67.12 - - [03/Dec/2010:04:57:42 -0800] "GET /nov2010/sharkbomb-access.log HTTP/1.1" 304 - "-" "Mozilla/5.0 (compatible; Googlebot/2.1; +http://www.google.com/bot.html)"
66.249.67.12 - - [03/Dec/2010:05:27:51 -0800] "GET /nov2010/browserbomb-access.log HTTP/1.1" 304 - "-" "Mozilla/5.0 (compatible; Googlebot/2.1; +http://www.google.com/bot.html)"
66.249.68.177 - - [03/Dec/2010:06:01:32 -0800] "GET /robots.txt HTTP/1.1" 302 360 "-" "Mozilla/5.0 (compatible; Googlebot/2.1; +http://www.google.com/bot.html)"
66.249.68.177 - - [03/Dec/2010:06:01:32 -0800] "GET / HTTP/1.1" 200 6182 "-" "Mozilla/5.0 (compatible; Googlebot/2.1; +http://www.google.com/bot.html)"
66.249.68.176 - - [03/Dec/2010:06:35:15 -0800] "GET /gorgeworld-error.log HTTP/1.1" 200 2797 "-" "Mozilla/5.0 (compatible; Googlebot/2.1; +http://www.google.com/bot.html)"
217.16.1.161 - - [03/Dec/2010:07:01:28 -0800] "GET ///index.php?option=com_fabrik&controller=../../../../../../../../../../../../../../../proc/self/environ%00 HTTP/1.1" 302 360 "-" "libwww-perl/5.837"
217.16.1.161 - - [03/Dec/2010:07:01:29 -0800] "GET / HTTP/1.1" 200 6179 "-" "libwww-perl/5.837"
66.249.67.12 - - [03/Dec/2010:07:09:19 -0800] "GET /robots.txt HTTP/1.1" 302 359 "-" "Mozilla/5.0 (compatible; Googlebot/2.1; +http://www.google.com/bot.html)"
66.249.67.12 - - [03/Dec/2010:07:09:19 -0800] "GET /nov2010/clownjuice-error.log HTTP/1.1" 304 - "-" "Mozilla/5.0 (compatible; Googlebot/2.1; +http://www.google.com/bot.html)"
