91.201.66.28 - - [21/Nov/2010:06:56:09 -0800] "GET /terhanian-error.log HTTP/1.0" 200 - "http://redhatcasino.com/articles/" "Mozilla/4.0 (compatible; MSIE 6.0; Windows NT 5.1; FREE; .NET CLR 1.1.4322)"
91.201.66.28 - - [21/Nov/2010:06:56:10 -0800] "GET /terhanian-error.log HTTP/1.0" 200 - "http://redhatcasino.com/articles/" "Mozilla/4.0 (compatible; MSIE 6.0; Windows NT 5.1; SV1; .NET CLR 1.1.4322; .NET CLR 2.0.50727)"
123.125.71.109 - - [21/Nov/2010:07:34:53 -0800] "GET / HTTP/1.1" 200 6179 "-" "Baiduspider+(+http://www.baidu.com/search/spider.htm)"
220.181.108.178 - - [21/Nov/2010:07:35:20 -0800] "GET / HTTP/1.1" 200 6179 "-" "Baiduspider+(+http://www.baidu.com/search/spider.htm)"
220.181.108.143 - - [21/Nov/2010:07:41:11 -0800] "GET /robots.txt HTTP/1.1" 302 357 "-" "Baiduspider+(+http://www.baidu.com/search/spider.htm)"
220.181.108.147 - - [21/Nov/2010:07:41:12 -0800] "GET / HTTP/1.1" 200 6179 "-" "Baiduspider+(+http://www.baidu.com/search/spider.htm)"
91.201.66.28 - - [21/Nov/2010:08:47:03 -0800] "GET /terhanian-error.log HTTP/1.0" 200 - "http://redhatcasino.com/articles/" "Mozilla/4.0 (compatible; MSIE 6.0; Windows NT 5.0)"
91.201.66.28 - - [21/Nov/2010:08:47:04 -0800] "GET /terhanian-error.log HTTP/1.0" 200 - "http://redhatcasino.com/articles/" "Mozilla/4.0 (compatible; MSIE 5.5; Windows 95; BCD2000)"
91.201.66.28 - - [21/Nov/2010:08:47:04 -0800] "GET /terhanian-error.log HTTP/1.0" 200 - "http://redhatcasino.com/articles/" "Mozilla/3.0 (compatible; WebCapture 2.0; Auto; Windows)"
91.201.66.28 - - [21/Nov/2010:08:47:04 -0800] "GET /terhanian-error.log HTTP/1.0" 200 - "http://redhatcasino.com/articles/" "Mozilla/4.0 (compatible; MSIE 6.0; Windows NT 5.1; SV1; .NET CLR 1.1.4322; .NET CLR 2.0.50727)"
91.201.66.28 - - [21/Nov/2010:08:47:05 -0800] "GET /terhanian-error.log HTTP/1.0" 200 - "http://redhatcasino.com/articles/" "Mozilla/4.0 (compatible; MSIE 6.0; Windows NT 5.1; ru) Opera 8.50"
66.249.65.121 - - [21/Nov/2010:08:47:14 -0800] "GET /robots.txt HTTP/1.1" 302 360 "-" "Mozilla/5.0 (compatible; Googlebot/2.1; +http://www.google.com/bot.html)"
66.249.65.121 - - [21/Nov/2010:08:47:14 -0800] "GET /log-error.log HTTP/1.1" 200 9207 "-" "Mozilla/5.0 (compatible; Googlebot/2.1; +http://www.google.com/bot.html)"
98.231.166.200 - - [21/Nov/2010:09:41:39 -0800] "HEAD http://unusualdischarge.com HTTP/1.0" 200 - "http://www.thetinnitustherapy.com/3-methods-of-curing-your-tinnitus.html" "Mozilla/4.0 (compatible; MSIE 8.0; Windows NT 6.1; WOW64; Trident/4.0; SLCC2; Media Center PC 6.0; InfoPath.2; MS-RTC LM 8)"
116.237.82.173 - - [21/Nov/2010:10:31:39 -0800] "HEAD / HTTP/1.0" 200 - "http://www.thetinnitustherapy.com/alternative-and-complementary-medicine-approach-for-relief-of-tinnitus.html" "Mozilla/4.0 (compatible; MSIE 7.0; Windows NT 5.1; .NET CLR 1.1.4322; .NET CLR 2.0.50727; .NET CLR 3.0.04506.30)"
209.61.244.6 - - [21/Nov/2010:10:43:16 -0800] "GET //index.php?option=com_joomap&controller=../../../../../../../../../../../../../../../proc/self/environ%00 HTTP/1.1" 302 360 "-" "libwww-perl/5.76"
209.61.244.6 - - [21/Nov/2010:10:43:22 -0800] "GET / HTTP/1.1" 200 6179 "-" "libwww-perl/5.76"
116.237.82.173 - - [21/Nov/2010:11:11:37 -0800] "HEAD / HTTP/1.0" 200 - "http://www.thetinnitustherapy.com/a-medical-perspective-on-tinnitus.html" "Mozilla/4.0 (compatible; MSIE 7.0; Windows NT 5.1; .NET CLR 1.1.4322; .NET CLR 2.0.50727; .NET CLR 3.0.04506.30)"
116.237.82.173 - - [21/Nov/2010:11:46:06 -0800] "HEAD / HTTP/1.0" 200 - "http://www.thetinnitustherapy.com/an-effective-tinnitus-treatment-is-here.html" "Mozilla/4.0 (compatible; MSIE 6.0; Windows NT 5.1; en) Opera 8.50"
66.249.65.111 - - [21/Nov/2010:12:01:40 -0800] "GET /robots.txt HTTP/1.1" 302 359 "-" "Mozilla/5.0 (compatible; Googlebot/2.1; +http://www.google.com/bot.html)"
66.249.65.111 - - [21/Nov/2010:12:01:40 -0800] "GET /log-error.log HTTP/1.1" 200 9427 "-" "Mozilla/5.0 (compatible; Googlebot/2.1; +http://www.google.com/bot.html)"
91.201.66.28 - - [21/Nov/2010:12:14:08 -0800] "GET /terhanian-error.log HTTP/1.0" 200 - "http://redhatcasino.com/articles/" "Mozilla/4.0 (compatible; MSIE 6.0; Windows NT 5.1; en) Opera 9.0"
91.201.66.28 - - [21/Nov/2010:12:14:08 -0800] "GET /terhanian-error.log HTTP/1.0" 200 - "http://redhatcasino.com/articles/" "Mozilla/4.0 (compatible; MSIE 6.0; MSIE 5.5; Windows NT 5.0) Opera 7.02 Bork-edition [en]"
91.201.66.28 - - [21/Nov/2010:12:14:09 -0800] "GET /terhanian-error.log HTTP/1.0" 200 - "http://redhatcasino.com/articles/" "Mozilla/4.0 (compatible; MSIE 5.0; Windows NT; DigExt)"
91.201.66.28 - - [21/Nov/2010:12:14:09 -0800] "GET /terhanian-error.log HTTP/1.0" 200 - "http://redhatcasino.com/articles/" "Mozilla/4.0 (compatible; MSIE 6.0; Windows NT 5.1) Netscape/8.0.4"
91.201.66.28 - - [21/Nov/2010:12:14:09 -0800] "GET /terhanian-error.log HTTP/1.0" 200 - "http://redhatcasino.com/articles/" "Mozilla/4.0 (compatible; MSIE 6.0; Windows NT 5.1)"
116.237.82.173 - - [21/Nov/2010:12:16:21 -0800] "HEAD / HTTP/1.0" 200 - "http://www.thetinnitustherapy.com/anxiety-with-pulsatile-tinnitus-do-not-let-it-get-the-best-of-you.html" "Mozilla/5.0 (Windows; U; Windows NT 6.1; en-US) AppleWebKit/532.2 (KHTML, like Gecko) Chrome/4.0.221.7 Safari/532.2"
67.184.233.166 - - [21/Nov/2010:12:16:39 -0800] "HEAD /sharkbomb-error.log HTTP/1.0" 200 - "netdetective.com" "Mozilla/5.0 (Windows; U; Windows NT 6.1; en-GB; rv:1.9.1.3) Gecko/20090824 Firefox/3.5.3"
123.125.71.114 - - [21/Nov/2010:12:24:29 -0800] "GET / HTTP/1.1" 200 6179 "-" "Baiduspider+(+http://www.baidu.com/search/spider.htm)"
220.181.108.170 - - [21/Nov/2010:12:24:50 -0800] "GET / HTTP/1.1" 200 6179 "-" "Baiduspider+(+http://www.baidu.com/search/spider.htm)"
116.237.82.173 - - [21/Nov/2010:12:48:41 -0800] "HEAD / HTTP/1.0" 200 - "http://www.thetinnitustherapy.com/a-way-towards-contentment-remedies-to-stop-ringing-ears.html" "Mozilla/5.0 (Windows; U; Windows NT 5.1; de; rv:1.9.1.3) Gecko/20090824 Firefox/3.5.3 (.NET CLR 3.5.30729)"
67.195.114.28 - - [21/Nov/2010:13:07:39 -0800] "GET /robots.txt HTTP/1.0" 302 360 "-" "Mozilla/5.0 (compatible; Yahoo! Slurp; http://help.yahoo.com/help/us/ysearch/slurp)"
67.195.114.28 - - [21/Nov/2010:13:07:39 -0800] "GET / HTTP/1.0" 200 6179 "-" "Mozilla/5.0 (compatible; Yahoo! Slurp; http://help.yahoo.com/help/us/ysearch/slurp)"
67.195.114.28 - - [21/Nov/2010:13:07:40 -0800] "GET /evilfuckers-error.log HTTP/1.0" 200 1002 "-" "Mozilla/5.0 (compatible; Yahoo! Slurp; http://help.yahoo.com/help/us/ysearch/slurp)"
123.125.71.101 - - [21/Nov/2010:13:16:40 -0800] "GET / HTTP/1.1" 200 6182 "-" "Baiduspider+(+http://www.baidu.com/search/spider.htm)"
220.181.108.187 - - [21/Nov/2010:13:16:44 -0800] "GET / HTTP/1.1" 200 6182 "-" "Baiduspider+(+http://www.baidu.com/search/spider.htm)"
116.237.82.173 - - [21/Nov/2010:13:19:10 -0800] "HEAD / HTTP/1.0" 200 - "http://www.thetinnitustherapy.com/buzzing-in-ears-understanding-your-tinnitus-better.html" "Mozilla/4.0 (compatible; MSIE 7.0; Windows NT 5.1; .NET CLR 1.1.4322; .NET CLR 2.0.50727; .NET CLR 3.0.04506.30)"
93.186.160.71 - - [21/Nov/2010:13:35:09 -0800] "GET //index.php?option=com_fabrik&controller=../../../../../../../../../../../../../../../proc/self/environ%00 HTTP/1.1" 302 360 "-" "libwww-perl/5.808"
93.186.160.71 - - [21/Nov/2010:13:35:09 -0800] "GET //index.php?option=com_fabrik&controller=../../../../../../../../../../../../../../../proc/self/environ%00 HTTP/1.1" 302 360 "-" "libwww-perl/5.808"
93.186.160.71 - - [21/Nov/2010:13:35:10 -0800] "GET / HTTP/1.1" 200 6179 "-" "libwww-perl/5.808"
93.186.160.71 - - [21/Nov/2010:13:35:10 -0800] "GET / HTTP/1.1" 200 6179 "-" "libwww-perl/5.808"
93.186.160.71 - - [21/Nov/2010:13:36:50 -0800] "GET //index.php?option=com_fabrik&controller=../../../../../../../../../../../../../../../proc/self/environ%00 HTTP/1.1" 302 360 "-" "libwww-perl/5.808"
93.186.160.71 - - [21/Nov/2010:13:36:51 -0800] "GET / HTTP/1.1" 200 6179 "-" "libwww-perl/5.808"
93.186.160.71 - - [21/Nov/2010:13:36:55 -0800] "GET //index.php?option=com_fabrik&controller=../../../../../../../../../../../../../../../proc/self/environ%00 HTTP/1.1" 302 360 "-" "libwww-perl/5.808"
93.186.160.71 - - [21/Nov/2010:13:36:55 -0800] "GET / HTTP/1.1" 200 6179 "-" "libwww-perl/5.808"
93.186.160.71 - - [21/Nov/2010:13:46:24 -0800] "GET //index.php?option=com_fabrik&controller=../../../../../../../../../../../../../../../proc/self/environ%00 HTTP/1.1" 302 360 "-" "libwww-perl/5.808"
93.186.160.71 - - [21/Nov/2010:13:46:24 -0800] "GET //index.php?option=com_fabrik&controller=../../../../../../../../../../../../../../../proc/self/environ%00 HTTP/1.1" 302 360 "-" "libwww-perl/5.808"
93.186.160.71 - - [21/Nov/2010:13:46:24 -0800] "GET / HTTP/1.1" 200 6179 "-" "libwww-perl/5.808"
93.186.160.71 - - [21/Nov/2010:13:46:25 -0800] "GET / HTTP/1.1" 200 6179 "-" "libwww-perl/5.808"
116.237.82.173 - - [21/Nov/2010:13:51:41 -0800] "HEAD / HTTP/1.0" 200 - "http://www.thetinnitustherapy.com/buzzing-in-ear-why-will-the-buzzing-not-go-away-and-how-can-you-cure-it.html" "Mozilla/5.0 (Windows; U; Windows NT 5.1; de; rv:1.9.1.3) Gecko/20090824 Firefox/3.5.3 (.NET CLR 3.5.30729)"
116.237.82.173 - - [21/Nov/2010:14:25:39 -0800] "HEAD / HTTP/1.0" 200 - "http://www.thetinnitustherapy.com/can-i-cure-ringing-ears-during-pregnancy.html" "Mozilla/5.0 (Windows; U; Windows NT 5.1; en-US; rv:1.9.0.14) Gecko/2009082707 Firefox/3.0.14 (.NET CLR 3.5.30729)"
87.231.248.252 - - [21/Nov/2010:14:34:39 -0800] "GET /browserbomb-access.log HTTP/1.0" 200 234 "-" "Mozilla/5.0 (compatible; Googlebot/2.1; +http://www.google.com/bot.html)"
87.231.248.252 - - [21/Nov/2010:14:37:44 -0800] "GET /browserbomb-access.log HTTP/1.1" 206 10 "-" "libwww-perl/5.826"
116.237.82.173 - - [21/Nov/2010:14:59:08 -0800] "HEAD / HTTP/1.0" 200 - "http://www.thetinnitustherapy.com/causes-of-tinnitus-and-dizziness-revealed.html" "Mozilla/4.0 (compatible; MSIE 6.0; Windows NT 5.1; en) Opera 8.50"
66.249.65.81 - - [21/Nov/2010:15:17:24 -0800] "GET /robots.txt HTTP/1.1" 302 361 "-" "Mozilla/5.0 (compatible; Googlebot/2.1; +http://www.google.com/bot.html)"
66.249.65.81 - - [21/Nov/2010:15:17:24 -0800] "GET /vaginacide-access.log HTTP/1.1" 302 361 "-" "Mozilla/5.0 (compatible; Googlebot/2.1; +http://www.google.com/bot.html)"
66.249.65.86 - - [21/Nov/2010:15:17:25 -0800] "GET /robots.txt HTTP/1.1" 302 357 "-" "Mozilla/5.0 (compatible; Googlebot/2.1; +http://www.google.com/bot.html)"
66.249.65.86 - - [21/Nov/2010:15:17:25 -0800] "GET / HTTP/1.1" 200 6179 "-" "Mozilla/5.0 (compatible; Googlebot/2.1; +http://www.google.com/bot.html)"
66.249.65.86 - - [21/Nov/2010:15:17:26 -0800] "GET / HTTP/1.1" 200 6179 "-" "Mozilla/5.0 (compatible; Googlebot/2.1; +http://www.google.com/bot.html)"
116.237.82.173 - - [21/Nov/2010:15:30:51 -0800] "HEAD / HTTP/1.0" 200 - "http://www.thetinnitustherapy.com/causes-of-tinnitus-knowing-the-common-causes-as-the-first-step-to-tinnitus-treatment.html" "Mozilla/5.0 (Windows; U; Windows NT 5.1; pl; rv:1.9.1.3) Gecko/20090824 Firefox/3.5.3"
217.116.8.68 - - [21/Nov/2010:15:54:08 -0800] "GET //index.php?option=com_fabrik&controller=../../../../../../../../../../../../../../../proc/self/environ%00 HTTP/1.1" 302 360 "-" "libwww-perl/5.805"
217.116.8.68 - - [21/Nov/2010:15:54:09 -0800] "GET / HTTP/1.1" 200 6179 "-" "libwww-perl/5.805"
74.55.12.210 - - [21/Nov/2010:15:54:50 -0800] "GET //index.php?option=com_fabrik&controller=../../../../../../../../../../../../../../../proc/self/environ%00 HTTP/1.1" 302 360 "-" "libwww-perl/5.813"
74.55.12.210 - - [21/Nov/2010:15:54:50 -0800] "GET / HTTP/1.1" 200 6179 "-" "libwww-perl/5.813"
116.237.82.173 - - [21/Nov/2010:16:05:03 -0800] "HEAD / HTTP/1.0" 200 - "http://www.thetinnitustherapy.com/causes-of-tinnitus-some-of-the-major-causes-of-tinnitus.html" "Mozilla/5.0 (Windows; U; Windows NT 5.1; en-US; rv:1.9.0.14) Gecko/2009082707 Firefox/3.0.14 (.NET CLR 3.5.30729)"
123.125.71.96 - - [21/Nov/2010:16:25:40 -0800] "GET / HTTP/1.1" 200 6179 "-" "Baiduspider+(+http://www.baidu.com/search/spider.htm)"
220.181.108.166 - - [21/Nov/2010:16:26:02 -0800] "GET / HTTP/1.1" 200 6179 "-" "Baiduspider+(+http://www.baidu.com/search/spider.htm)"
116.237.82.173 - - [21/Nov/2010:16:38:14 -0800] "HEAD / HTTP/1.0" 200 - "http://www.thetinnitustherapy.com/check-out-the-natural-treatments-for-tinnitus-gain-hearing-drastically-with-these-3.html" "Mozilla/5.0 (X11; U; Linux i686; it-IT; rv:1.9.0.2) Gecko/2008092313 Ubuntu/9.25 (jaunty) Firefox/3.8"
116.237.82.173 - - [21/Nov/2010:17:14:22 -0800] "HEAD / HTTP/1.0" 200 - "http://www.thetinnitustherapy.com/clarity2-tinnitus-treatment-clarity2-or-natural-treatment.html" "Mozilla/5.0 (Windows; U; Windows NT 5.1; en-US; rv:1.9.0.14) Gecko/2009082707 Firefox/3.0.14 (.NET CLR 3.5.30729)"
91.201.66.28 - - [21/Nov/2010:17:14:57 -0800] "GET /terhanian-error.log HTTP/1.0" 200 - "http://redhatcasino.com/articles/" "Mozilla/4.0 (compatible; MSIE 6.0; Windows NT 5.1; SV1; .NET CLR 1.1.4322; XMPP Tiscali Communicator v.10.0.2; .NET CLR 2.0.50727)"
91.201.66.28 - - [21/Nov/2010:17:14:57 -0800] "GET /terhanian-error.log HTTP/1.0" 200 - "http://redhatcasino.com/articles/" "Mozilla/4.79 [en] (Windows NT 5.0; U)"
91.201.66.28 - - [21/Nov/2010:17:14:58 -0800] "GET /terhanian-error.log HTTP/1.0" 200 - "http://redhatcasino.com/articles/" "Mozilla/4.0 (compatible; MSIE 6.0; America Online Browser 1.1; rev1.2; Windows NT 5.1; SV1; .NET CLR 1.1.4322)"
91.201.66.28 - - [21/Nov/2010:17:14:58 -0800] "GET /terhanian-error.log HTTP/1.0" 200 - "http://redhatcasino.com/articles/" "Mozilla/4.0 (compatible; MSIE 5.5; Windows 98)"
91.201.66.28 - - [21/Nov/2010:17:14:59 -0800] "GET /terhanian-error.log HTTP/1.0" 200 - "http://redhatcasino.com/articles/" "Mozilla/4.0 (compatible; MSIE 6.0; MSIE 5.5; Windows NT 5.0) Opera 7.02 Bork-edition [en]"
123.125.71.74 - - [21/Nov/2010:17:38:56 -0800] "GET / HTTP/1.1" 200 6182 "-" "Baiduspider+(+http://www.baidu.com/search/spider.htm)"
123.125.71.69 - - [21/Nov/2010:17:42:41 -0800] "GET /sharkbomb-access.log HTTP/1.1" 200 12614 "-" "Baiduspider+(+http://www.baidu.com/search/spider.htm)"
123.125.71.86 - - [21/Nov/2010:17:46:26 -0800] "GET /dustinharley-access.log HTTP/1.1" 200 11021 "-" "Baiduspider+(+http://www.baidu.com/search/spider.htm)"
116.237.82.173 - - [21/Nov/2010:17:48:11 -0800] "HEAD / HTTP/1.0" 200 - "http://www.thetinnitustherapy.com/constant-ear-ringing-the-tinnitus-way.html" "Mozilla/4.0 (compatible; MSIE 7.0; Windows NT 5.1; .NET CLR 1.1.4322; .NET CLR 2.0.50727; .NET CLR 3.0.04506.30)"
220.181.108.142 - - [21/Nov/2010:17:59:38 -0800] "GET /robots.txt HTTP/1.1" 302 360 "-" "Baiduspider+(+http://www.baidu.com/search/spider.htm)"
220.181.108.147 - - [21/Nov/2010:17:59:39 -0800] "GET / HTTP/1.1" 200 6179 "-" "Baiduspider+(+http://www.baidu.com/search/spider.htm)"
116.237.82.173 - - [21/Nov/2010:18:25:24 -0800] "HEAD / HTTP/1.0" 200 - "http://www.thetinnitustherapy.com/cure-for-ear-ringing-what-you-need-to-know.html" "Mozilla/4.0 (compatible; MSIE 6.0; Windows NT 5.1; en) Opera 8.50"
74.52.48.66 - - [21/Nov/2010:18:39:58 -0800] "GET /?option=com_fabrik&controller=../../../../../../../../../../../../../../../proc/self/environ%00 HTTP/1.1" 200 6182 "-" "libwww-perl/5.837"
87.101.32.134 - - [21/Nov/2010:18:42:11 -0800] "HEAD /sharkbomb-error.log HTTP/1.0" 200 - "http://www.kompasmlodejsztuki.pl/" "Mozilla/5.0 (Windows; U; Windows NT 5.1; pl; rv:1.9.1.3) Gecko/20090824 Firefox/3.5.3"
74.52.48.66 - - [21/Nov/2010:18:43:39 -0800] "GET /?option=com_fabrik&controller=../../../../../../../../../../../../../../../proc/self/environ%00 HTTP/1.1" 200 6182 "-" "libwww-perl/5.837"
74.52.48.66 - - [21/Nov/2010:18:44:39 -0800] "GET /?option=com_fabrik&controller=../../../../../../../../../../../../../../../proc/self/environ%00 HTTP/1.1" 200 6182 "-" "libwww-perl/5.837"
74.52.48.66 - - [21/Nov/2010:18:48:13 -0800] "GET /?option=com_fabrik&controller=../../../../../../../../../../../../../../../proc/self/environ%00 HTTP/1.1" 200 6182 "-" "libwww-perl/5.837"
66.249.65.86 - - [21/Nov/2010:18:51:23 -0800] "GET /2girls4lokos-error.log HTTP/1.1" 200 10213 "-" "Mozilla/5.0 (compatible; Googlebot/2.1; +http://www.google.com/bot.html)"
66.249.65.86 - - [21/Nov/2010:18:51:24 -0800] "GET /2girls4lokos-access.log HTTP/1.1" 200 46116 "-" "Mozilla/5.0 (compatible; Googlebot/2.1; +http://www.google.com/bot.html)"
66.249.65.86 - - [21/Nov/2010:18:51:25 -0800] "GET /nov2010/ HTTP/1.1" 200 6153 "-" "Mozilla/5.0 (compatible; Googlebot/2.1; +http://www.google.com/bot.html)"
74.52.48.66 - - [21/Nov/2010:18:52:23 -0800] "GET /?option=com_fabrik&controller=../../../../../../../../../../../../../../../proc/self/environ%00 HTTP/1.1" 200 6182 "-" "libwww-perl/5.837"
202.29.86.7 - - [21/Nov/2010:18:54:00 -0800] "GET /?option=com_fabrik&controller=../../../../../../../../../../../../../../../proc/self/environ%00 HTTP/1.1" 200 6182 "-" "libwww-perl/5.808"
202.29.86.7 - - [21/Nov/2010:18:54:00 -0800] "GET /?option=com_fabrik&controller=../../../../../../../../../../../../../../../proc/self/environ%00 HTTP/1.1" 200 6182 "-" "libwww-perl/5.808"
74.52.48.66 - - [21/Nov/2010:18:54:32 -0800] "GET /?option=com_fabrik&controller=../../../../../../../../../../../../../../../proc/self/environ%00 HTTP/1.1" 200 6182 "-" "libwww-perl/5.837"
202.29.86.7 - - [21/Nov/2010:18:54:32 -0800] "GET /?option=com_fabrik&controller=../../../../../../../../../../../../../../../proc/self/environ%00 HTTP/1.1" 200 6182 "-" "libwww-perl/5.808"
202.29.86.7 - - [21/Nov/2010:18:54:46 -0800] "GET /?option=com_fabrik&controller=../../../../../../../../../../../../../../../proc/self/environ%00 HTTP/1.1" 200 6182 "-" "libwww-perl/5.808"
202.29.86.7 - - [21/Nov/2010:18:54:58 -0800] "GET /?option=com_fabrik&controller=../../../../../../../../../../../../../../../proc/self/environ%00 HTTP/1.1" 200 6182 "-" "libwww-perl/5.808"
74.52.48.66 - - [21/Nov/2010:18:55:56 -0800] "GET /?option=com_fabrik&controller=../../../../../../../../../../../../../../../proc/self/environ%00 HTTP/1.1" 200 6182 "-" "libwww-perl/5.837"
202.29.86.7 - - [21/Nov/2010:19:00:46 -0800] "GET /?option=com_fabrik&controller=../../../../../../../../../../../../../../../proc/self/environ%00 HTTP/1.1" 200 6182 "-" "libwww-perl/5.808"
202.29.86.7 - - [21/Nov/2010:19:01:22 -0800] "GET /?option=com_fabrik&controller=../../../../../../../../../../../../../../../proc/self/environ%00 HTTP/1.1" 200 6182 "-" "libwww-perl/5.808"
116.237.82.173 - - [21/Nov/2010:19:03:59 -0800] "HEAD / HTTP/1.0" 200 - "http://www.thetinnitustherapy.com/cure-for-tinnitus-high-frequency-hearing-loss.html" "Mozilla/5.0 (Windows; U; Windows NT 5.1; en-US; rv:1.9.0.14) Gecko/2009082707 Firefox/3.0.14 (.NET CLR 3.5.30729)"
202.29.86.7 - - [21/Nov/2010:19:06:33 -0800] "GET /?option=com_fabrik&controller=../../../../../../../../../../../../../../../proc/self/environ%00 HTTP/1.1" 200 6182 "-" "libwww-perl/5.808"
202.29.86.7 - - [21/Nov/2010:19:06:40 -0800] "GET /?option=com_fabrik&controller=../../../../../../../../../../../../../../../proc/self/environ%00 HTTP/1.1" 200 6182 "-" "libwww-perl/5.808"
202.29.86.7 - - [21/Nov/2010:19:06:58 -0800] "GET /?option=com_fabrik&controller=../../../../../../../../../../../../../../../proc/self/environ%00 HTTP/1.1" 200 6182 "-" "libwww-perl/5.808"
202.29.86.7 - - [21/Nov/2010:19:10:05 -0800] "GET /?option=com_fabrik&controller=../../../../../../../../../../../../../../../proc/self/environ%00 HTTP/1.1" 200 6182 "-" "libwww-perl/5.808"
208.120.22.166 - - [21/Nov/2010:19:30:26 -0800] "GET / HTTP/1.1" 200 6183 "-" "Mozilla/4.0 (compatible; MSIE 8.0; Windows NT 6.0; Trident/4.0; GTB6.6; SLCC1; .NET CLR 2.0.50727; .NET CLR 3.5.30729; .NET CLR 3.0.30729; .NET4.0C)"
208.120.22.166 - - [21/Nov/2010:19:30:27 -0800] "GET /icons/blank.gif HTTP/1.1" 200 148 "http://sticky.clownjuice.com/" "Mozilla/4.0 (compatible; MSIE 8.0; Windows NT 6.0; Trident/4.0; GTB6.6; SLCC1; .NET CLR 2.0.50727; .NET CLR 3.5.30729; .NET CLR 3.0.30729; .NET4.0C)"
208.120.22.166 - - [21/Nov/2010:19:30:27 -0800] "GET /icons/text.gif HTTP/1.1" 200 229 "http://sticky.clownjuice.com/" "Mozilla/4.0 (compatible; MSIE 8.0; Windows NT 6.0; Trident/4.0; GTB6.6; SLCC1; .NET CLR 2.0.50727; .NET CLR 3.5.30729; .NET CLR 3.0.30729; .NET4.0C)"
208.120.22.166 - - [21/Nov/2010:19:30:27 -0800] "GET /icons/folder.gif HTTP/1.1" 200 225 "http://sticky.clownjuice.com/" "Mozilla/4.0 (compatible; MSIE 8.0; Windows NT 6.0; Trident/4.0; GTB6.6; SLCC1; .NET CLR 2.0.50727; .NET CLR 3.5.30729; .NET CLR 3.0.30729; .NET4.0C)"
208.120.22.166 - - [21/Nov/2010:19:30:28 -0800] "GET /favicon.ico HTTP/1.1" 302 361 "-" "Mozilla/4.0 (compatible; MSIE 8.0; Windows NT 6.0; Trident/4.0; GTB6.6; SLCC1; .NET CLR 2.0.50727; .NET CLR 3.5.30729; .NET CLR 3.0.30729; .NET4.0C)"
208.120.22.166 - - [21/Nov/2010:19:30:28 -0800] "GET /favicon.ico HTTP/1.1" 302 361 "-" "Mozilla/5.0 (compatible; Google Desktop/5.9.1005.12335; http://desktop.google.com/)"
208.120.22.166 - - [21/Nov/2010:19:30:29 -0800] "GET / HTTP/1.1" 200 6179 "-" "Mozilla/4.0 (compatible; MSIE 8.0; Windows NT 6.0; Trident/4.0; GTB6.6; SLCC1; .NET CLR 2.0.50727; .NET CLR 3.5.30729; .NET CLR 3.0.30729; .NET4.0C)"
208.120.22.166 - - [21/Nov/2010:19:30:29 -0800] "GET / HTTP/1.1" 200 6179 "-" "Mozilla/5.0 (compatible; Google Desktop/5.9.1005.12335; http://desktop.google.com/)"
127.0.0.1 - - [21/Nov/2010:19:30:36 -0800] "OPTIONS * HTTP/1.0" 200 - "-" "Apache/2.2.11 (FreeBSD) mod_ssl/2.2.11 OpenSSL/0.9.8e DAV/2 PHP/5.2.9 with Suhosin-Patch (internal dummy connection)"
208.120.22.166 - - [21/Nov/2010:19:30:44 -0800] "GET /nov2010/ HTTP/1.1" 200 6157 "http://sticky.clownjuice.com/" "Mozilla/4.0 (compatible; MSIE 8.0; Windows NT 6.0; Trident/4.0; GTB6.6; SLCC1; .NET CLR 2.0.50727; .NET CLR 3.5.30729; .NET CLR 3.0.30729; .NET4.0C)"
208.120.22.166 - - [21/Nov/2010:19:30:45 -0800] "GET /icons/back.gif HTTP/1.1" 200 216 "http://sticky.clownjuice.com/nov2010/" "Mozilla/4.0 (compatible; MSIE 8.0; Windows NT 6.0; Trident/4.0; GTB6.6; SLCC1; .NET CLR 2.0.50727; .NET CLR 3.5.30729; .NET CLR 3.0.30729; .NET4.0C)"
66.249.65.79 - - [21/Nov/2010:19:35:28 -0800] "GET /robots.txt HTTP/1.1" 302 360 "-" "Mozilla/5.0 (compatible; Googlebot/2.1; +http://www.google.com/bot.html)"
66.249.65.79 - - [21/Nov/2010:19:35:28 -0800] "GET /2girls4lokos-error.log HTTP/1.1" 200 10663 "-" "Mozilla/5.0 (compatible; Googlebot/2.1; +http://www.google.com/bot.html)"
217.7.51.74 - - [21/Nov/2010:19:42:50 -0800] "GET /admin/pma/scripts/setup.php HTTP/1.1" 302 355 "-" "Mozilla/4.0 (compatible; MSIE 6.0; Windows 98)"
217.7.51.74 - - [21/Nov/2010:19:42:54 -0800] "GET /db/scripts/setup.php HTTP/1.1" 302 355 "-" "Mozilla/4.0 (compatible; MSIE 6.0; Windows 98)"
217.7.51.74 - - [21/Nov/2010:19:42:54 -0800] "GET /dbadmin/scripts/setup.php HTTP/1.1" 302 355 "-" "Mozilla/4.0 (compatible; MSIE 6.0; Windows 98)"
217.7.51.74 - - [21/Nov/2010:19:42:58 -0800] "GET /mysql/scripts/setup.php HTTP/1.1" 302 355 "-" "Mozilla/4.0 (compatible; MSIE 6.0; Windows 98)"
217.7.51.74 - - [21/Nov/2010:19:43:10 -0800] "GET /pma/scripts/setup.php HTTP/1.1" 302 355 "-" "Mozilla/4.0 (compatible; MSIE 6.0; Windows 98)"
217.7.51.74 - - [21/Nov/2010:19:43:20 -0800] "GET /web/phpmyadmin/scripts/setup.php HTTP/1.1" 302 355 "-" "Mozilla/4.0 (compatible; MSIE 6.0; Windows 98)"
217.7.51.74 - - [21/Nov/2010:19:43:24 -0800] "GET /webadmin/scripts/setup.php HTTP/1.1" 302 355 "-" "Mozilla/4.0 (compatible; MSIE 6.0; Windows 98)"
217.7.51.74 - - [21/Nov/2010:19:43:24 -0800] "GET /webdb/scripts/setup.php HTTP/1.1" 302 355 "-" "Mozilla/4.0 (compatible; MSIE 6.0; Windows 98)"
116.237.82.173 - - [21/Nov/2010:19:43:58 -0800] "HEAD / HTTP/1.0" 200 - "http://www.thetinnitustherapy.com/cure-for-tinnitus-is-tinnitus-retraining-therapy-the-right-treatment-for-you.html" "Mozilla/4.0 (compatible; MSIE 8.0; Windows NT 6.1; WOW64; Trident/4.0; SLCC2; Media Center PC 6.0; InfoPath.2; MS-RTC LM 8)"
174.133.70.138 - - [21/Nov/2010:20:05:26 -0800] "GET //index.php?option=com_fabrik&controller=../../../../../../../../../../../../../../../../../../../proc/self/environ%00 HTTP/1.1" 302 360 "-" "Mozilla/5.0 (Windows; U; Windows NT 5.1; en-US; rv:1.9.2) Gecko/20100115 Firefox/3.6"
174.133.70.138 - - [21/Nov/2010:20:05:26 -0800] "GET / HTTP/1.1" 200 6179 "-" "Mozilla/5.0 (Windows; U; Windows NT 5.1; en-US; rv:1.9.2) Gecko/20100115 Firefox/3.6"
174.133.70.138 - - [21/Nov/2010:20:06:58 -0800] "GET //index.php?option=com_fabrik&controller=../../../../../../../../../../../../../../../../../../../proc/self/environ%00 HTTP/1.1" 302 360 "-" "Mozilla/5.0 (Windows; U; Windows NT 5.1; en-US; rv:1.9.2) Gecko/20100115 Firefox/3.6"
174.133.70.138 - - [21/Nov/2010:20:06:58 -0800] "GET / HTTP/1.1" 200 6179 "-" "Mozilla/5.0 (Windows; U; Windows NT 5.1; en-US; rv:1.9.2) Gecko/20100115 Firefox/3.6"
174.133.70.138 - - [21/Nov/2010:20:08:18 -0800] "GET //index.php?option=com_fabrik&controller=../../../../../../../../../../../../../../../../../../../proc/self/environ%00 HTTP/1.1" 302 360 "-" "Mozilla/5.0 (Windows; U; Windows NT 5.1; en-US; rv:1.9.2) Gecko/20100115 Firefox/3.6"
174.133.70.138 - - [21/Nov/2010:20:08:18 -0800] "GET / HTTP/1.1" 200 6179 "-" "Mozilla/5.0 (Windows; U; Windows NT 5.1; en-US; rv:1.9.2) Gecko/20100115 Firefox/3.6"
174.133.70.138 - - [21/Nov/2010:20:08:54 -0800] "GET //index.php?option=com_fabrik&controller=../../../../../../../../../../../../../../../../../../../proc/self/environ%00 HTTP/1.1" 302 360 "-" "Mozilla/5.0 (Windows; U; Windows NT 5.1; en-US; rv:1.9.2) Gecko/20100115 Firefox/3.6"
174.133.70.138 - - [21/Nov/2010:20:08:54 -0800] "GET / HTTP/1.1" 200 6179 "-" "Mozilla/5.0 (Windows; U; Windows NT 5.1; en-US; rv:1.9.2) Gecko/20100115 Firefox/3.6"
174.133.70.138 - - [21/Nov/2010:20:10:44 -0800] "GET //index.php?option=com_fabrik&controller=../../../../../../../../../../../../../../../../../../../proc/self/environ%00 HTTP/1.1" 302 360 "-" "Mozilla/5.0 (Windows; U; Windows NT 5.1; en-US; rv:1.9.2) Gecko/20100115 Firefox/3.6"
174.133.70.138 - - [21/Nov/2010:20:10:44 -0800] "GET / HTTP/1.1" 200 6179 "-" "Mozilla/5.0 (Windows; U; Windows NT 5.1; en-US; rv:1.9.2) Gecko/20100115 Firefox/3.6"
174.133.70.138 - - [21/Nov/2010:20:13:03 -0800] "GET //index.php?option=com_fabrik&controller=../../../../../../../../../../../../../../../../../../../proc/self/environ%00 HTTP/1.1" 302 360 "-" "Mozilla/5.0 (Windows; U; Windows NT 5.1; en-US; rv:1.9.2) Gecko/20100115 Firefox/3.6"
174.133.70.138 - - [21/Nov/2010:20:13:03 -0800] "GET / HTTP/1.1" 200 6179 "-" "Mozilla/5.0 (Windows; U; Windows NT 5.1; en-US; rv:1.9.2) Gecko/20100115 Firefox/3.6"
174.133.70.138 - - [21/Nov/2010:20:15:35 -0800] "GET //index.php?option=com_fabrik&controller=../../../../../../../../../../../../../../../../../../../proc/self/environ%00 HTTP/1.1" 302 360 "-" "Mozilla/5.0 (Windows; U; Windows NT 5.1; en-US; rv:1.9.2) Gecko/20100115 Firefox/3.6"
174.133.70.138 - - [21/Nov/2010:20:15:35 -0800] "GET / HTTP/1.1" 200 6179 "-" "Mozilla/5.0 (Windows; U; Windows NT 5.1; en-US; rv:1.9.2) Gecko/20100115 Firefox/3.6"
92.240.68.153 - - [21/Nov/2010:20:18:57 -0800] "GET http://www.joneslogin.co.uk/images/fleet07.jpg HTTP/1.1" 302 360 "-" "webcollage/1.135a"
116.237.82.173 - - [21/Nov/2010:20:19:08 -0800] "HEAD / HTTP/1.0" 200 - "http://www.thetinnitustherapy.com/cure-for-tinnitus-scam.html" "Mozilla/4.0 (compatible; MSIE 7.0; Windows NT 5.1; .NET CLR 1.1.4322; .NET CLR 2.0.50727; .NET CLR 3.0.04506.30)"
174.133.70.138 - - [21/Nov/2010:20:19:37 -0800] "GET //index.php?option=com_fabrik&controller=../../../../../../../../../../../../../../../../../../../proc/self/environ%00 HTTP/1.1" 302 360 "-" "Mozilla/5.0 (Windows; U; Windows NT 5.1; en-US; rv:1.9.2) Gecko/20100115 Firefox/3.6"
174.133.70.138 - - [21/Nov/2010:20:19:37 -0800] "GET / HTTP/1.1" 200 6179 "-" "Mozilla/5.0 (Windows; U; Windows NT 5.1; en-US; rv:1.9.2) Gecko/20100115 Firefox/3.6"
87.101.32.134 - - [21/Nov/2010:20:36:18 -0800] "HEAD /sharkbomb-error.log HTTP/1.0" 200 - "http://seoarticlesbase.wordpress.com/" "Mozilla/4.0 (compatible; MSIE 7.0; Windows NT 5.1; .NET CLR 1.1.4322; .NET CLR 2.0.50727; .NET CLR 3.0.04506.30)"
116.237.82.173 - - [21/Nov/2010:20:57:39 -0800] "HEAD / HTTP/1.0" 200 - "http://www.thetinnitustherapy.com/cure-tinnitus-see-how-easily-you-can-cure-tinnitus.html" "Opera/9.64(Windows NT 5.1; U; en) Presto/2.1.1"
116.237.82.173 - - [21/Nov/2010:21:35:02 -0800] "HEAD / HTTP/1.0" 200 - "http://www.thetinnitustherapy.com/cure-your-ringing-ears.html" "Mozilla/5.0 (Windows; U; Windows NT 6.1; en-GB; rv:1.9.1.3) Gecko/20090824 Firefox/3.5.3"
87.101.32.134 - - [21/Nov/2010:22:08:51 -0800] "HEAD /sharkbomb-error.log HTTP/1.0" 200 - "http://www.plentysolutions.eu/" "Mozilla/5.0 (Windows; U; Windows NT 6.1; en-US) AppleWebKit/532.2 (KHTML, like Gecko) Chrome/4.0.221.7 Safari/532.2"
116.237.82.173 - - [21/Nov/2010:22:13:04 -0800] "HEAD / HTTP/1.0" 200 - "http://www.thetinnitustherapy.com/cure-your-ringing-ears-once-and-for-all.html" "Mozilla/5.0 (Windows; U; Windows NT 5.1; en-US; rv:1.9.0.14) Gecko/2009082707 Firefox/3.0.14 (.NET CLR 3.5.30729)"
123.125.71.109 - - [21/Nov/2010:22:16:55 -0800] "GET / HTTP/1.1" 200 6182 "-" "Baiduspider+(+http://www.baidu.com/search/spider.htm)"
220.181.108.180 - - [21/Nov/2010:22:17:00 -0800] "GET / HTTP/1.1" 200 6182 "-" "Baiduspider+(+http://www.baidu.com/search/spider.htm)"
91.201.66.28 - - [21/Nov/2010:22:23:34 -0800] "GET / HTTP/1.0" 200 6181 "http://redhatcasino.com/articles/" "Mozilla/4.0 (compatible; MSIE 6.0; Windows NT 5.1; SV1; FunWebProducts; MRA 4.6 (build 01425); .NET CLR 1.1.4322; .NET CLR 2.0.50727)"
91.201.66.28 - - [21/Nov/2010:22:23:35 -0800] "GET / HTTP/1.0" 200 6181 "http://redhatcasino.com/articles/" "Opera/9.00 (Windows NT 5.1; U; ru)"
91.201.66.28 - - [21/Nov/2010:22:23:35 -0800] "GET / HTTP/1.0" 200 6181 "http://redhatcasino.com/articles/" "Opera/9.00 (Windows NT 5.1; U; en)"
91.201.66.28 - - [21/Nov/2010:22:23:36 -0800] "GET / HTTP/1.0" 200 6181 "http://redhatcasino.com/articles/" "Mozilla/2.0 (compatible; MSIE 3.02; Windows CE; 240x320)"
91.201.66.28 - - [21/Nov/2010:22:23:36 -0800] "GET / HTTP/1.0" 200 6181 "http://redhatcasino.com/articles/" "Mozilla/4.0 (compatible; MSIE 6.0; Windows NT 5.0; .NET CLR 1.0.3705; .NET CLR 1.1.4322)"
66.249.65.86 - - [21/Nov/2010:22:32:21 -0800] "GET /nov2010/browserbomb-error.log HTTP/1.1" 200 125313 "-" "Mozilla/5.0 (compatible; Googlebot/2.1; +http://www.google.com/bot.html)"
66.249.65.86 - - [21/Nov/2010:22:32:22 -0800] "GET /nov2010/sharkbomb-access.log HTTP/1.1" 200 1521665 "-" "Mozilla/5.0 (compatible; Googlebot/2.1; +http://www.google.com/bot.html)"
66.249.65.86 - - [21/Nov/2010:22:32:42 -0800] "GET /nov2010/jasoncmartin-error.log HTTP/1.1" 200 956989 "-" "Mozilla/5.0 (compatible; Googlebot/2.1; +http://www.google.com/bot.html)"
66.249.65.86 - - [21/Nov/2010:22:32:54 -0800] "GET /nov2010/log-access.log HTTP/1.1" 200 6206155 "-" "Mozilla/5.0 (compatible; Googlebot/2.1; +http://www.google.com/bot.html)"
66.249.65.86 - - [21/Nov/2010:22:34:14 -0800] "GET /nov2010/terhanian-error.log HTTP/1.1" 200 - "-" "Mozilla/5.0 (compatible; Googlebot/2.1; +http://www.google.com/bot.html)"
66.249.65.86 - - [21/Nov/2010:22:34:48 -0800] "GET /nov2010/log-error.log HTTP/1.1" 200 2419677 "-" "Mozilla/5.0 (compatible; Googlebot/2.1; +http://www.google.com/bot.html)"
66.249.65.86 - - [21/Nov/2010:22:35:36 -0800] "GET /nov2010/orbsucks-error.log HTTP/1.1" 200 163396 "-" "Mozilla/5.0 (compatible; Googlebot/2.1; +http://www.google.com/bot.html)"
66.249.65.86 - - [21/Nov/2010:22:36:37 -0800] "GET /nov2010/ferality-error.log HTTP/1.1" 200 293986 "-" "Mozilla/5.0 (compatible; Googlebot/2.1; +http://www.google.com/bot.html)"
66.249.65.86 - - [21/Nov/2010:22:38:39 -0800] "GET /nov2010/paxnihilo-error.log HTTP/1.1" 200 21130 "-" "Mozilla/5.0 (compatible; Googlebot/2.1; +http://www.google.com/bot.html)"
66.249.65.86 - - [21/Nov/2010:22:40:42 -0800] "GET /nov2010/ferality-access.log HTTP/1.1" 200 3132544 "-" "Mozilla/5.0 (compatible; Googlebot/2.1; +http://www.google.com/bot.html)"
66.249.65.86 - - [21/Nov/2010:22:42:44 -0800] "GET /nov2010/orbsucks-access.log HTTP/1.1" 200 1025768 "-" "Mozilla/5.0 (compatible; Googlebot/2.1; +http://www.google.com/bot.html)"
66.249.65.86 - - [21/Nov/2010:22:44:47 -0800] "GET /nov2010/sharkbomb-error.log HTTP/1.1" 200 104679 "-" "Mozilla/5.0 (compatible; Googlebot/2.1; +http://www.google.com/bot.html)"
66.249.65.86 - - [21/Nov/2010:22:46:49 -0800] "GET /nov2010/clownjuice-error.log HTTP/1.1" 200 287600 "-" "Mozilla/5.0 (compatible; Googlebot/2.1; +http://www.google.com/bot.html)"
66.249.65.86 - - [21/Nov/2010:22:48:52 -0800] "GET /nov2010/paxnihilo-access.log HTTP/1.1" 200 89293 "-" "Mozilla/5.0 (compatible; Googlebot/2.1; +http://www.google.com/bot.html)"
116.237.82.173 - - [21/Nov/2010:22:50:17 -0800] "HEAD / HTTP/1.0" 200 - "http://www.thetinnitustherapy.com/discover-how-to-cure-tinnitus-and-be-tinnitus-free.html" "Opera/9.64(Windows NT 5.1; U; en) Presto/2.1.1"
66.249.65.86 - - [21/Nov/2010:22:50:54 -0800] "GET /nov2010/terhanian-access.log HTTP/1.1" 200 - "-" "Mozilla/5.0 (compatible; Googlebot/2.1; +http://www.google.com/bot.html)"
66.249.65.86 - - [21/Nov/2010:22:52:57 -0800] "GET /nov2010/gorgeworld-error.log HTTP/1.1" 200 148355 "-" "Mozilla/5.0 (compatible; Googlebot/2.1; +http://www.google.com/bot.html)"
66.249.65.86 - - [21/Nov/2010:22:54:59 -0800] "GET /nov2010/vaginacide-error.log HTTP/1.1" 200 36671 "-" "Mozilla/5.0 (compatible; Googlebot/2.1; +http://www.google.com/bot.html)"
66.249.65.86 - - [21/Nov/2010:22:57:02 -0800] "GET /nov2010/gorgeworld-access.log HTTP/1.1" 200 468902 "-" "Mozilla/5.0 (compatible; Googlebot/2.1; +http://www.google.com/bot.html)"
66.249.65.86 - - [21/Nov/2010:22:59:04 -0800] "GET /nov2010/evilfuckers-error.log HTTP/1.1" 200 275117 "-" "Mozilla/5.0 (compatible; Googlebot/2.1; +http://www.google.com/bot.html)"
66.249.65.86 - - [21/Nov/2010:23:01:07 -0800] "GET /nov2010/vaginacide-access.log HTTP/1.1" 200 115342 "-" "Mozilla/5.0 (compatible; Googlebot/2.1; +http://www.google.com/bot.html)"
66.249.65.86 - - [21/Nov/2010:23:03:09 -0800] "GET /nov2010/clownjuice-access.log HTTP/1.1" 200 566552 "-" "Mozilla/5.0 (compatible; Googlebot/2.1; +http://www.google.com/bot.html)"
66.249.65.86 - - [21/Nov/2010:23:05:12 -0800] "GET /nov2010/browserbomb-access.log HTTP/1.1" 200 202321 "-" "Mozilla/5.0 (compatible; Googlebot/2.1; +http://www.google.com/bot.html)"
66.249.65.86 - - [21/Nov/2010:23:07:14 -0800] "GET /nov2010/dustinharley-error.log HTTP/1.1" 200 545791 "-" "Mozilla/5.0 (compatible; Googlebot/2.1; +http://www.google.com/bot.html)"
66.249.65.86 - - [21/Nov/2010:23:09:17 -0800] "GET /nov2010/evilfuckers-access.log HTTP/1.1" 200 1030253 "-" "Mozilla/5.0 (compatible; Googlebot/2.1; +http://www.google.com/bot.html)"
66.249.65.86 - - [21/Nov/2010:23:11:21 -0800] "GET /nov2010/jasoncmartin-access.log HTTP/1.1" 200 2690013 "-" "Mozilla/5.0 (compatible; Googlebot/2.1; +http://www.google.com/bot.html)"
66.249.65.86 - - [21/Nov/2010:23:13:38 -0800] "GET /nov2010/dustinharley-access.log HTTP/1.1" 200 4230194 "-" "Mozilla/5.0 (compatible; Googlebot/2.1; +http://www.google.com/bot.html)"
122.170.4.195 - - [21/Nov/2010:23:28:38 -0800] "GET /log-error.log HTTP/1.1" 200 13023 "-" "Opera/9.80 (Windows NT 5.2; U; en) Presto/2.2.15 Version/10.01"
122.170.4.195 - - [21/Nov/2010:23:29:04 -0800] "GET /log-access.log HTTP/1.1" 200 85049 "-" "Opera/9.80 (Windows NT 5.2; U; en) Presto/2.2.15 Version/10.01"
122.170.4.195 - - [21/Nov/2010:23:29:43 -0800] "GET /evilfuckers-access.log HTTP/1.1" 200 10495 "-" "Opera/9.80 (Windows NT 5.2; U; en) Presto/2.2.15 Version/10.01"
122.170.4.195 - - [21/Nov/2010:23:30:13 -0800] "GET /evilfuckers-access.log HTTP/1.1" 200 10495 "-" "Opera/9.80 (Windows NT 5.2; U; en) Presto/2.2.15 Version/10.01"
122.170.4.195 - - [21/Nov/2010:23:31:02 -0800] "GET /mahindra.com/mail/spam-control.aspx?remove_id=454449 HTTP/1.1" 302 360 "-" "Opera/9.80 (Windows NT 5.2; U; en) Presto/2.2.15 Version/10.01"
122.170.4.195 - - [21/Nov/2010:23:31:04 -0800] "GET / HTTP/1.1" 200 6179 "-" "Opera/9.80 (Windows NT 5.2; U; en) Presto/2.2.15 Version/10.01"
122.170.4.195 - - [21/Nov/2010:23:31:06 -0800] "GET /icons/text.gif HTTP/1.1" 200 229 "http://log.sharkbomb.com/" "Opera/9.80 (Windows NT 5.2; U; en) Presto/2.2.15 Version/10.01"
122.170.4.195 - - [21/Nov/2010:23:31:06 -0800] "GET /icons/blank.gif HTTP/1.1" 200 148 "http://log.sharkbomb.com/" "Opera/9.80 (Windows NT 5.2; U; en) Presto/2.2.15 Version/10.01"
122.170.4.195 - - [21/Nov/2010:23:31:08 -0800] "GET /icons/folder.gif HTTP/1.1" 200 225 "http://log.sharkbomb.com/" "Opera/9.80 (Windows NT 5.2; U; en) Presto/2.2.15 Version/10.01"
122.170.4.195 - - [21/Nov/2010:23:31:09 -0800] "GET /favicon.ico HTTP/1.1" 302 357 "http://log.sharkbomb.com/" "Opera/9.80 (Windows NT 5.2; U; en) Presto/2.2.15 Version/10.01"
122.170.4.195 - - [21/Nov/2010:23:31:20 -0800] "GET /mahindra.com/mail/spam-control.aspx?remove_id=454449_2.jpg HTTP/1.1" 302 360 "-" "Opera/9.80 (Windows NT 5.2; U; en) Presto/2.2.15 Version/10.01"
122.170.4.195 - - [21/Nov/2010:23:31:22 -0800] "GET / HTTP/1.1" 200 6179 "-" "Opera/9.80 (Windows NT 5.2; U; en) Presto/2.2.15 Version/10.01"
122.170.4.195 - - [21/Nov/2010:23:31:29 -0800] "GET /log-access.log HTTP/1.1" 200 86928 "-" "Opera/9.80 (Windows NT 5.2; U; en) Presto/2.2.15 Version/10.01"
116.237.82.173 - - [21/Nov/2010:23:33:44 -0800] "HEAD / HTTP/1.0" 200 - "http://www.thetinnitustherapy.com/3-methods-of-curing-your-tinnitus.html" "Mozilla/4.0 (compatible; MSIE 6.0; Windows NT 5.1; en) Opera 8.50"
122.170.4.195 - - [21/Nov/2010:23:33:37 -0800] "GET /log-access.log HTTP/1.1" 200 87085 "-" "Opera/9.80 (Windows NT 5.2; U; en) Presto/2.2.15 Version/10.01"
122.170.4.195 - - [21/Nov/2010:23:33:55 -0800] "GET /log-access.log HTTP/1.1" 200 87457 "-" "Opera/9.80 (Windows NT 5.2; U; en) Presto/2.2.15 Version/10.01"
122.170.4.195 - - [21/Nov/2010:23:35:54 -0800] "GET /log-access.log HTTP/1.1" 200 87614 "-" "Opera/9.80 (Windows NT 5.2; U; en) Presto/2.2.15 Version/10.01"
123.125.71.92 - - [21/Nov/2010:23:38:39 -0800] "GET /jasoncmartin-error.log HTTP/1.1" 200 4007 "-" "Baiduspider+(+http://www.baidu.com/search/spider.htm)"
91.201.66.28 - - [21/Nov/2010:23:48:32 -0800] "GET / HTTP/1.0" 200 6181 "http://redhatcasino.com/articles/" "Mozilla/4.0 (compatible; MSIE 6.0; MSIE 5.5; Windows NT 4.0) Opera 7.0 [en]"
91.201.66.28 - - [21/Nov/2010:23:48:33 -0800] "GET / HTTP/1.0" 200 6181 "http://redhatcasino.com/articles/" "Mozilla/4.0 (compatible; MSIE 6.0; Windows NT 5.1; SV1; .NET CLR 1.1.4322; .NET CLR 2.0.50727)"
91.201.66.28 - - [21/Nov/2010:23:48:33 -0800] "GET / HTTP/1.0" 200 6181 "http://redhatcasino.com/articles/" "Mozilla/4.0 (compatible; MSIE 6.0; Windows NT 5.1; MRA 4.6 (build 01425))"
91.201.66.28 - - [21/Nov/2010:23:48:34 -0800] "GET / HTTP/1.0" 200 6181 "http://redhatcasino.com/articles/" "Mozilla/4.0 (compatible; MSIE 6.0; Windows NT 5.1; .NET CLR 1.1.4322; FDM)"
91.201.66.28 - - [21/Nov/2010:23:48:34 -0800] "GET / HTTP/1.0" 200 6181 "http://redhatcasino.com/articles/" "Mozilla/4.0 (compatible; MSIE 6.0; Windows NT 5.1; SV1; MRA 4.6 (build 01425); MRSPUTNIK 1, 5, 0, 19 SW)"
116.237.82.173 - - [22/Nov/2010:00:10:34 -0800] "HEAD / HTTP/1.0" 200 - "http://www.thetinnitustherapy.com/alternative-and-complementary-medicine-approach-for-relief-of-tinnitus.html" "Mozilla/4.0 (compatible; MSIE 7.0; Windows NT 5.1; .NET CLR 1.1.4322; .NET CLR 2.0.50727; .NET CLR 3.0.04506.30)"
209.88.129.102 - - [22/Nov/2010:00:21:11 -0800] "GET //index.php?option=com_fabrik&controller=../../../../../../../../../../../../../../../../../../../../../../../..//proc/self/environ%0000 HTTP/1.1" 302 360 "-" "Mozilla/5.0 (Windows; U; Windows NT 5.1; en-US; rv:1.9.2) Gecko/20100115 Firefox/3.6"
209.88.129.102 - - [22/Nov/2010:00:21:11 -0800] "GET / HTTP/1.1" 200 6179 "-" "Mozilla/5.0 (Windows; U; Windows NT 5.1; en-US; rv:1.9.2) Gecko/20100115 Firefox/3.6"
211.206.120.196 - - [22/Nov/2010:00:42:08 -0800] "GET //index.php?option=com_fabrik&controller=../../../../../../../../../../../../../../../etc/passwd%00 HTTP/1.1" 302 360 "-" "libwww-perl/5.79"
211.206.120.196 - - [22/Nov/2010:00:42:09 -0800] "GET / HTTP/1.1" 200 6179 "-" "libwww-perl/5.79"
211.206.120.196 - - [22/Nov/2010:00:42:14 -0800] "GET //index.php?option=com_fabrik&controller=../../../../../../../../../../../../../../../etc/passwd%00 HTTP/1.1" 302 360 "-" "libwww-perl/5.79"
211.206.120.196 - - [22/Nov/2010:00:42:15 -0800] "GET / HTTP/1.1" 200 6179 "-" "libwww-perl/5.79"
116.237.82.173 - - [22/Nov/2010:00:47:30 -0800] "HEAD / HTTP/1.0" 200 - "http://www.thetinnitustherapy.com/a-medical-perspective-on-tinnitus.html" "Mozilla/5.0 (Windows; U; Windows NT 5.1; de; rv:1.9.1.3) Gecko/20090824 Firefox/3.5.3 (.NET CLR 3.5.30729)"
220.181.108.185 - - [22/Nov/2010:01:17:23 -0800] "GET / HTTP/1.1" 200 6182 "-" "Baiduspider+(+http://www.baidu.com/search/spider.htm)"
116.237.82.173 - - [22/Nov/2010:01:21:28 -0800] "HEAD / HTTP/1.0" 200 - "http://www.thetinnitustherapy.com/an-effective-tinnitus-treatment-is-here.html" "Mozilla/5.0 (Windows; U; Windows NT 6.1; en-US) AppleWebKit/532.2 (KHTML, like Gecko) Chrome/4.0.221.7 Safari/532.2"
64.165.76.9 - - [22/Nov/2010:01:27:25 -0800] "GET /?option=com_fabrik&controller=../../../../../../../../../../../../../../../proc/self/environ%00 HTTP/1.1" 200 6182 "-" "libwww-perl/5.837"
116.237.82.173 - - [22/Nov/2010:01:59:07 -0800] "HEAD / HTTP/1.0" 200 - "http://www.thetinnitustherapy.com/anxiety-with-pulsatile-tinnitus-do-not-let-it-get-the-best-of-you.html" "Mozilla/5.0 (Windows; U; Windows NT 6.1; en-GB; rv:1.9.1.3) Gecko/20090824 Firefox/3.5.3"
220.181.108.181 - - [22/Nov/2010:02:17:02 -0800] "GET / HTTP/1.1" 200 6182 "-" "Baiduspider+(+http://www.baidu.com/search/spider.htm)"
205.251.121.5 - - [22/Nov/2010:02:24:05 -0800] "GET /robots.txt HTTP/1.1" 302 360 "-" "panscient.com"
205.251.121.5 - - [22/Nov/2010:02:24:06 -0800] "GET / HTTP/1.1" 200 6179 "-" "panscient.com"
205.251.121.5 - - [22/Nov/2010:02:24:06 -0800] "GET /index.php/photos/album/1.html HTTP/1.1" 302 360 "-" "panscient.com"
205.251.121.5 - - [22/Nov/2010:02:24:06 -0800] "GET / HTTP/1.1" 200 6179 "-" "panscient.com"
205.251.121.5 - - [22/Nov/2010:02:24:08 -0800] "GET /robots.txt HTTP/1.1" 302 364 "-" "panscient.com"
205.251.121.5 - - [22/Nov/2010:02:24:08 -0800] "GET / HTTP/1.1" 200 6179 "-" "panscient.com"
205.251.121.5 - - [22/Nov/2010:02:24:08 -0800] "GET / HTTP/1.1" 200 6186 "-" "panscient.com"
205.251.121.5 - - [22/Nov/2010:02:24:09 -0800] "GET /?C=S;O=A HTTP/1.1" 200 6186 "-" "panscient.com"
205.251.121.5 - - [22/Nov/2010:02:24:11 -0800] "GET /robots.txt HTTP/1.1" 302 364 "-" "panscient.com"
205.251.121.5 - - [22/Nov/2010:02:24:11 -0800] "GET / HTTP/1.1" 200 6179 "-" "panscient.com"
205.251.121.5 - - [22/Nov/2010:02:24:11 -0800] "GET /index.php/photos/album/1.html HTTP/1.1" 302 364 "-" "panscient.com"
205.251.121.5 - - [22/Nov/2010:02:24:11 -0800] "GET / HTTP/1.1" 200 6179 "-" "panscient.com"
205.251.121.5 - - [22/Nov/2010:02:24:12 -0800] "GET /nov2010/ HTTP/1.1" 200 6160 "-" "panscient.com"
205.251.121.5 - - [22/Nov/2010:02:24:14 -0800] "GET /?C=N;O=D HTTP/1.1" 200 6186 "-" "panscient.com"
205.251.121.5 - - [22/Nov/2010:02:24:15 -0800] "GET /nov2010/?C=N;O=D HTTP/1.1" 200 6160 "-" "panscient.com"
205.251.121.5 - - [22/Nov/2010:02:24:16 -0800] "GET /?C=D;O=A HTTP/1.1" 200 6186 "-" "panscient.com"
205.251.121.5 - - [22/Nov/2010:02:24:18 -0800] "GET /?C=N;O=A HTTP/1.1" 200 6186 "-" "panscient.com"
205.251.121.5 - - [22/Nov/2010:02:24:19 -0800] "GET /nov2010/?C=N;O=A HTTP/1.1" 200 6160 "-" "panscient.com"
205.251.121.5 - - [22/Nov/2010:02:24:20 -0800] "GET /?C=S;O=A HTTP/1.1" 200 6186 "-" "panscient.com"
205.251.121.5 - - [22/Nov/2010:02:24:21 -0800] "GET /?C=D;O=A HTTP/1.1" 200 6186 "-" "panscient.com"
205.251.121.5 - - [22/Nov/2010:02:24:22 -0800] "GET /?C=N;O=D HTTP/1.1" 200 6186 "-" "panscient.com"
205.251.121.5 - - [22/Nov/2010:02:24:24 -0800] "GET /?C=D;O=D HTTP/1.1" 200 6186 "-" "panscient.com"
205.251.121.5 - - [22/Nov/2010:02:24:25 -0800] "GET /?C=N;O=A HTTP/1.1" 200 6186 "-" "panscient.com"
205.251.121.5 - - [22/Nov/2010:02:24:26 -0800] "GET /?C=S;O=D HTTP/1.1" 200 6186 "-" "panscient.com"
91.201.66.28 - - [22/Nov/2010:02:26:56 -0800] "GET / HTTP/1.0" 200 6181 "http://redhatcasino.com/articles/" "Mozilla/4.0 (compatible; MSIE 6.0; Windows NT 5.1)"
91.201.66.28 - - [22/Nov/2010:02:27:00 -0800] "GET / HTTP/1.0" 200 6181 "http://redhatcasino.com/articles/" "Mozilla/4.0 (compatible; MSIE 6.0; Windows NT 5.1)"
91.201.66.28 - - [22/Nov/2010:02:27:01 -0800] "GET / HTTP/1.0" 200 6181 "http://redhatcasino.com/articles/" "Mozilla/4.7 (compatible; OffByOne; Windows 2000) Webster Pro V3.4"
91.201.66.28 - - [22/Nov/2010:02:27:01 -0800] "GET / HTTP/1.0" 200 6181 "http://redhatcasino.com/articles/" "Mozilla/4.0 (compatible; MSIE 6.0; Windows NT 5.2; SV1; .NET CLR 1.1.4322; .NET CLR 2.0.50727)"
91.201.66.28 - - [22/Nov/2010:02:27:02 -0800] "GET / HTTP/1.0" 200 6181 "http://redhatcasino.com/articles/" "Mozilla/4.0 (compatible; MSIE 6.0; Windows NT 5.1; en) Opera 9.0"
116.237.82.173 - - [22/Nov/2010:02:40:44 -0800] "HEAD / HTTP/1.0" 200 - "http://www.thetinnitustherapy.com/a-way-towards-contentment-remedies-to-stop-ringing-ears.html" "Opera/9.64(Windows NT 5.1; U; en) Presto/2.1.1"
116.237.82.173 - - [22/Nov/2010:03:28:04 -0800] "HEAD / HTTP/1.0" 200 - "http://www.thetinnitustherapy.com/buzzing-in-ears-understanding-your-tinnitus-better.html" "Mozilla/5.0 (Windows; U; Windows NT 6.1; en-US) AppleWebKit/532.2 (KHTML, like Gecko) Chrome/4.0.221.7 Safari/532.2"
70.86.146.202 - - [22/Nov/2010:04:09:18 -0800] "GET //index.php?option=com_fabrik&controller=../../../../../../../../../../../../../../../proc/self/environ%00 HTTP/1.1" 302 360 "-" "libwww-perl/5.837"
70.86.146.202 - - [22/Nov/2010:04:09:18 -0800] "GET / HTTP/1.1" 200 6179 "-" "libwww-perl/5.837"
116.237.82.173 - - [22/Nov/2010:04:17:53 -0800] "HEAD / HTTP/1.0" 200 - "http://www.thetinnitustherapy.com/buzzing-in-ear-why-will-the-buzzing-not-go-away-and-how-can-you-cure-it.html" "Mozilla/5.0 (Windows; U; Windows NT 5.1; pl; rv:1.9.1.3) Gecko/20090824 Firefox/3.5.3"
66.249.65.81 - - [22/Nov/2010:04:35:24 -0800] "GET /robots.txt HTTP/1.1" 302 361 "-" "Mozilla/5.0 (compatible; Googlebot/2.1; +http://www.google.com/bot.html)"
66.249.65.81 - - [22/Nov/2010:04:35:24 -0800] "GET /log-error.log HTTP/1.1" 200 14497 "-" "Mozilla/5.0 (compatible; Googlebot/2.1; +http://www.google.com/bot.html)"
93.186.160.71 - - [22/Nov/2010:05:08:15 -0800] "GET //index.php?option=com_fabrik&controller=../../../../../../../../../../../../../../../proc/self/environ%00 HTTP/1.1" 302 360 "-" "libwww-perl/5.808"
93.186.160.71 - - [22/Nov/2010:05:08:15 -0800] "GET //index.php?option=com_fabrik&controller=../../../../../../../../../../../../../../../proc/self/environ%00 HTTP/1.1" 302 360 "-" "libwww-perl/5.808"
93.186.160.71 - - [22/Nov/2010:05:08:16 -0800] "GET / HTTP/1.1" 200 6179 "-" "libwww-perl/5.808"
93.186.160.71 - - [22/Nov/2010:05:08:16 -0800] "GET / HTTP/1.1" 200 6179 "-" "libwww-perl/5.808"
116.237.82.173 - - [22/Nov/2010:05:09:13 -0800] "HEAD / HTTP/1.0" 200 - "http://www.thetinnitustherapy.com/can-i-cure-ringing-ears-during-pregnancy.html" "Mozilla/5.0 (X11; U; Linux i686; it-IT; rv:1.9.0.2) Gecko/2008092313 Ubuntu/9.25 (jaunty) Firefox/3.8"
95.24.227.252 - - [22/Nov/2010:05:15:34 -0800] "GET /browserbomb-access.log HTTP/1.0" 200 583 "http://yandex.ru/yandsearch?text=docomo/2.0+n905i(c100%3btb%3bw24h16)+(compatible%3b+googlebot-mobile/2.1%3b+%2bhttp://www.google.com/bot.html)" "Mozilla/4.0 (compatible; MSIE 6.0; Windows NT 5.1) Opera 7.23 [ru]"
116.237.82.173 - - [22/Nov/2010:05:56:32 -0800] "HEAD / HTTP/1.0" 200 - "http://www.thetinnitustherapy.com/causes-of-tinnitus-and-dizziness-revealed.html" "Mozilla/5.0 (Windows; U; Windows NT 5.1; en-US; rv:1.9.0.14) Gecko/2009082707 Firefox/3.0.14 (.NET CLR 3.5.30729)"
91.201.66.28 - - [22/Nov/2010:06:10:13 -0800] "GET / HTTP/1.0" 200 6181 "http://redhatcasino.com/articles/" "Mozilla/4.0 (compatible; MSIE 6.0; Windows NT 5.0; T312461)"
91.201.66.28 - - [22/Nov/2010:06:10:14 -0800] "GET / HTTP/1.0" 200 6181 "http://redhatcasino.com/articles/" "Opera/8.01 (Windows NT 5.1)"
91.201.66.28 - - [22/Nov/2010:06:10:15 -0800] "GET / HTTP/1.0" 200 6181 "http://redhatcasino.com/articles/" "Mozilla/4.0 (compatible; MSIE 6.0; Windows NT 5.1) Netscape/8.0.4"
91.201.66.28 - - [22/Nov/2010:06:10:15 -0800] "GET / HTTP/1.0" 200 6181 "http://redhatcasino.com/articles/" "Mozilla/4.0 (compatible; MSIE 6.0; Windows NT 5.0)"
91.201.66.28 - - [22/Nov/2010:06:10:15 -0800] "GET / HTTP/1.0" 200 6181 "http://redhatcasino.com/articles/" "Mozilla/4.0 (compatible; MSIE 6.0; Windows NT 5.1)"
220.181.108.176 - - [22/Nov/2010:06:17:54 -0800] "GET / HTTP/1.1" 200 6182 "-" "Baiduspider+(+http://www.baidu.com/search/spider.htm)"
116.237.82.173 - - [22/Nov/2010:06:42:52 -0800] "HEAD / HTTP/1.0" 200 - "http://www.thetinnitustherapy.com/causes-of-tinnitus-knowing-the-common-causes-as-the-first-step-to-tinnitus-treatment.html" "Mozilla/5.0 (Windows; U; Windows NT 5.1; pl; rv:1.9.1.3) Gecko/20090824 Firefox/3.5.3"
116.237.82.173 - - [22/Nov/2010:07:22:09 -0800] "HEAD / HTTP/1.0" 200 - "http://www.thetinnitustherapy.com/causes-of-tinnitus-some-of-the-major-causes-of-tinnitus.html" "Mozilla/5.0 (Windows; U; Windows NT 5.1; pl; rv:1.9.1.3) Gecko/20090824 Firefox/3.5.3"
220.181.108.185 - - [22/Nov/2010:07:34:58 -0800] "GET / HTTP/1.1" 200 6179 "-" "Baiduspider+(+http://www.baidu.com/search/spider.htm)"
93.186.160.71 - - [22/Nov/2010:07:48:12 -0800] "GET //index.php?option=com_fabrik&controller=../../../../../../../../../../../../../../../proc/self/environ%00 HTTP/1.1" 302 360 "-" "libwww-perl/5.808"
93.186.160.71 - - [22/Nov/2010:07:48:12 -0800] "GET / HTTP/1.1" 200 6179 "-" "libwww-perl/5.808"
93.186.160.71 - - [22/Nov/2010:07:48:22 -0800] "GET //index.php?option=com_fabrik&controller=../../../../../../../../../../../../../../../proc/self/environ%00 HTTP/1.1" 302 360 "-" "libwww-perl/5.808"
93.186.160.71 - - [22/Nov/2010:07:48:22 -0800] "GET / HTTP/1.1" 200 6179 "-" "libwww-perl/5.808"
